66.249.72.227 - - [03/Aug/2026:02:38:49 -0700] "GET /?product/review/25784329671100 HTTP/1.1" 200 18360 "-" "Mozilla/5.0 (Linux; Android 6.0.1; Nexus 5X Build/MMB29P) AppleWebKit/537.36 (KHTML, like Gecko) Chrome/150.0.7871.186 Mobile Safari/537.36 (compatible; Googlebot/2.1; +http://www.google.com/bot.html)" 326 **0/326910**
66.249.72.227 - - [03/Aug/2026:02:38:58 -0700] "GET /?p=20139678671100 HTTP/1.1" 200 20107 "-" "Mozilla/5.0 (compatible; Googlebot/2.1; +http://www.google.com/bot.html)" 393 **0/393434**
66.249.72.227 - - [03/Aug/2026:02:39:11 -0700] "GET /?shop/sold?id=top58013203271100 HTTP/1.1" 200 19699 "-" "Mozilla/5.0 (Linux; Android 6.0.1; Nexus 5X Build/MMB29P) AppleWebKit/537.36 (KHTML, like Gecko) Chrome/150.0.7871.186 Mobile Safari/537.36 (compatible; Googlebot/2.1; +http://www.google.com/bot.html)" 345 **0/345253**
20.169.78.206 - - [03/Aug/2026:02:39:13 -0700] "GET /?p=891931671100 HTTP/2.0" 200 4494 "-" "Mozilla/5.0 AppleWebKit/537.36 (KHTML, like Gecko); compatible; ChatGPT-User/1.0; +https://openai.com/bot" 136 **0/136453**
66.249.72.227 - - [03/Aug/2026:02:39:23 -0700] "GET /?shop/sold?id=top20419096471100 HTTP/1.1" 200 19599 "-" "Mozilla/5.0 (Linux; Android 6.0.1; Nexus 5X Build/MMB29P) AppleWebKit/537.36 (KHTML, like Gecko) Chrome/150.0.7871.186 Mobile Safari/537.36 (compatible; Googlebot/2.1; +http://www.google.com/bot.html)" 340 **0/340828**
66.249.72.227 - - [03/Aug/2026:02:39:23 -0700] "GET /?p=53324677671100 HTTP/1.1" 200 17981 "-" "Mozilla/5.0 (Linux; Android 6.0.1; Nexus 5X Build/MMB29P) AppleWebKit/537.36 (KHTML, like Gecko) Chrome/150.0.7871.186 Mobile Safari/537.36 (compatible; Googlebot/2.1; +http://www.google.com/bot.html)" 356 **0/356134**
66.249.72.227 - - [03/Aug/2026:02:39:23 -0700] "GET /?p=4063717071100 HTTP/1.1" 200 19858 "-" "Mozilla/5.0 (Linux; Android 6.0.1; Nexus 5X Build/MMB29P) AppleWebKit/537.36 (KHTML, like Gecko) Chrome/150.0.7871.186 Mobile Safari/537.36 (compatible; Googlebot/2.1; +http://www.google.com/bot.html)" 379 **0/379042**
66.249.72.227 - - [03/Aug/2026:02:39:27 -0700] "GET /?p=63295481271100 HTTP/1.1" 200 18801 "-" "Mozilla/5.0 (compatible; Googlebot/2.1; +http://www.google.com/bot.html)" 334 **0/334687**
66.249.72.227 - - [03/Aug/2026:02:39:28 -0700] "GET /?product/category/view_more/56452400071100 HTTP/1.1" 200 19190 "-" "Mozilla/5.0 (Linux; Android 6.0.1; Nexus 5X Build/MMB29P) AppleWebKit/537.36 (KHTML, like Gecko) Chrome/150.0.7871.186 Mobile Safari/537.36 (compatible; Googlebot/2.1; +http://www.google.com/bot.html)" 361 **0/361653**
74.7.242.184 - - [03/Aug/2026:02:39:36 -0700] "GET /?p=891931671100 HTTP/2.0" 200 4494 "-" "Mozilla/5.0 (Macintosh; Intel Mac OS X 10_15_7) AppleWebKit/537.36 (KHTML, like Gecko) Chrome/131.0.0.0 Safari/537.36; compatible; OAI-SearchBot/1.4; +https://openai.com/searchbot" 184 **0/184763**
66.249.72.227 - - [03/Aug/2026:02:39:49 -0700] "GET /?product/review/15673914471100 HTTP/1.1" 200 17777 "-" "Mozilla/5.0 (Linux; Android 6.0.1; Nexus 5X Build/MMB29P) AppleWebKit/537.36 (KHTML, like Gecko) Chrome/150.0.7871.186 Mobile Safari/537.36 (compatible; Googlebot/2.1; +http://www.google.com/bot.html)" 324 **0/324467**
66.249.72.227 - - [03/Aug/2026:02:40:00 -0700] "GET /?product/review/56942208271100 HTTP/1.1" 200 17861 "-" "Mozilla/5.0 (Linux; Android 6.0.1; Nexus 5X Build/MMB29P) AppleWebKit/537.36 (KHTML, like Gecko) Chrome/150.0.7871.186 Mobile Safari/537.36 (compatible; Googlebot/2.1; +http://www.google.com/bot.html)" 323 **0/323401**
66.249.72.227 - - [03/Aug/2026:02:40:00 -0700] "GET /?p=26753576671100 HTTP/1.1" 200 19433 "-" "Mozilla/5.0 (Linux; Android 6.0.1; Nexus 5X Build/MMB29P) AppleWebKit/537.36 (KHTML, like Gecko) Chrome/150.0.7871.186 Mobile Safari/537.36 (compatible; Googlebot/2.1; +http://www.google.com/bot.html)" 363 **0/363543**
104.164.171.189 - - [03/Aug/2026:02:40:07 -0700] "GET /?p=68448378071100 HTTP/2.0" 200 4494 "-" "Mozilla/5.0 (Linux; Android 6.0; Nexus 5 Build/MRA58N) AppleWebKit/537.36 (KHTML, like Gecko) Chrome/46.0.1544.1431 Mobile Safari/537.36" 157 **0/157874**
66.249.72.227 - - [03/Aug/2026:02:40:13 -0700] "GET /?shop/sold?id=top45925568671100 HTTP/1.1" 200 19342 "-" "Mozilla/5.0 (Linux; Android 6.0.1; Nexus 5X Build/MMB29P) AppleWebKit/537.36 (KHTML, like Gecko) Chrome/150.0.7871.186 Mobile Safari/537.36 (compatible; Googlebot/2.1; +http://www.google.com/bot.html)" 369 **0/369778**
66.249.72.227 - - [03/Aug/2026:02:40:19 -0700] "GET /?p=32121200671100 HTTP/1.1" 200 20041 "-" "Mozilla/5.0 (Linux; Android 6.0.1; Nexus 5X Build/MMB29P) AppleWebKit/537.36 (KHTML, like Gecko) Chrome/150.0.7871.186 Mobile Safari/537.36 (compatible; Googlebot/2.1; +http://www.google.com/bot.html)" 343 **0/343619**
66.249.72.227 - - [03/Aug/2026:02:40:20 -0700] "GET /?p=17898387071100 HTTP/1.1" 200 18958 "-" "Mozilla/5.0 (Linux; Android 6.0.1; Nexus 5X Build/MMB29P) AppleWebKit/537.36 (KHTML, like Gecko) Chrome/150.0.7871.186 Mobile Safari/537.36 (compatible; Googlebot/2.1; +http://www.google.com/bot.html)" 435 **0/435830**
66.249.72.227 - - [03/Aug/2026:02:40:29 -0700] "GET /?productSearch/pictureSearch?id=25360907871100 HTTP/1.1" 200 19063 "-" "Mozilla/5.0 (Linux; Android 6.0.1; Nexus 5X Build/MMB29P) AppleWebKit/537.36 (KHTML, like Gecko) Chrome/150.0.7871.186 Mobile Safari/537.36 (compatible; Googlebot/2.1; +http://www.google.com/bot.html)" 331 **0/331175**
66.249.72.227 - - [03/Aug/2026:02:40:34 -0700] "GET /?p=12690057071100 HTTP/1.1" 200 19305 "-" "Mozilla/5.0 (compatible; Googlebot/2.1; +http://www.google.com/bot.html)" 417 **0/417359**
66.249.72.227 - - [03/Aug/2026:02:40:38 -0700] "GET /?product/category/view_more/72568199071100 HTTP/1.1" 200 18545 "-" "Mozilla/5.0 (Linux; Android 6.0.1; Nexus 5X Build/MMB29P) AppleWebKit/537.36 (KHTML, like Gecko) Chrome/150.0.7871.186 Mobile Safari/537.36 (compatible; Googlebot/2.1; +http://www.google.com/bot.html)" 312 **0/312567**
66.249.72.227 - - [03/Aug/2026:02:40:49 -0700] "GET /?p=45203352471100 HTTP/1.1" 200 19218 "-" "Mozilla/5.0 (Linux; Android 6.0.1; Nexus 5X Build/MMB29P) AppleWebKit/537.36 (KHTML, like Gecko) Chrome/150.0.7871.186 Mobile Safari/537.36 (compatible; Googlebot/2.1; +http://www.google.com/bot.html)" 335 **0/335404**
66.249.72.229 - - [03/Aug/2026:02:41:01 -0700] "GET /?product/review/37149497871100 HTTP/1.1" 200 18400 "-" "Mozilla/5.0 (Linux; Android 6.0.1; Nexus 5X Build/MMB29P) AppleWebKit/537.36 (KHTML, like Gecko) Chrome/150.0.7871.186 Mobile Safari/537.36 (compatible; Googlebot/2.1; +http://www.google.com/bot.html)" 315 **0/315371**
66.249.72.227 - - [03/Aug/2026:02:41:15 -0700] "GET /?shop/sold?id=top35026217271100 HTTP/1.1" 200 18793 "-" "Mozilla/5.0 (Linux; Android 6.0.1; Nexus 5X Build/MMB29P) AppleWebKit/537.36 (KHTML, like Gecko) Chrome/150.0.7871.186 Mobile Safari/537.36 (compatible; Googlebot/2.1; +http://www.google.com/bot.html)" 318 **0/318787**
66.249.72.227 - - [03/Aug/2026:02:41:35 -0700] "GET /?p=8975448871100 HTTP/1.1" 200 19340 "-" "Mozilla/5.0 (Linux; Android 6.0.1; Nexus 5X Build/MMB29P) AppleWebKit/537.36 (KHTML, like Gecko) Chrome/150.0.7871.186 Mobile Safari/537.36 (compatible; Googlebot/2.1; +http://www.google.com/bot.html)" 318 **0/318650**
66.249.72.227 - - [03/Aug/2026:02:41:39 -0700] "GET /?productSearch/pictureSearch?id=39977286071100 HTTP/1.1" 200 16561 "-" "Mozilla/5.0 (compatible; Googlebot/2.1; +http://www.google.com/bot.html)" 262 **0/262743**
66.249.72.227 - - [03/Aug/2026:02:41:41 -0700] "GET /?product/category/view_more/48386063271100 HTTP/1.1" 200 19443 "-" "Mozilla/5.0 (Linux; Android 6.0.1; Nexus 5X Build/MMB29P) AppleWebKit/537.36 (KHTML, like Gecko) Chrome/150.0.7871.186 Mobile Safari/537.36 (compatible; Googlebot/2.1; +http://www.google.com/bot.html)" 426 **0/426048**
66.249.72.227 - - [03/Aug/2026:02:41:42 -0700] "GET /?productSearch/pictureSearch?id=32747840471100 HTTP/1.1" 200 18710 "-" "Mozilla/5.0 (Linux; Android 6.0.1; Nexus 5X Build/MMB29P) AppleWebKit/537.36 (KHTML, like Gecko) Chrome/150.0.7871.186 Mobile Safari/537.36 (compatible; Googlebot/2.1; +http://www.google.com/bot.html)" 318 **0/318572**
66.249.72.227 - - [03/Aug/2026:02:41:51 -0700] "GET /?p=28393109471100 HTTP/1.1" 200 19541 "-" "Mozilla/5.0 (Linux; Android 6.0.1; Nexus 5X Build/MMB29P) AppleWebKit/537.36 (KHTML, like Gecko) Chrome/150.0.7871.186 Mobile Safari/537.36 (compatible; Googlebot/2.1; +http://www.google.com/bot.html)" 330 **0/330921**
172.59.96.221 - - [03/Aug/2026:02:41:54 -0700] "GET /?p=46327973671100 HTTP/2.0" 301 - "https://www.google.com/" "Mozilla/5.0 (Linux; Android 10; K) AppleWebKit/537.36 (KHTML, like Gecko) Chrome/150.0.0.0 Mobile Safari/537.36" 110 **0/110935**
66.249.72.227 - - [03/Aug/2026:02:41:55 -0700] "GET /?product/review/31389754871100 HTTP/1.1" 200 18852 "-" "Mozilla/5.0 (Linux; Android 6.0.1; Nexus 5X Build/MMB29P) AppleWebKit/537.36 (KHTML, like Gecko) Chrome/150.0.7871.186 Mobile Safari/537.36 (compatible; Googlebot/2.1; +http://www.google.com/bot.html)" 329 **0/329160**
66.249.72.227 - - [03/Aug/2026:02:42:03 -0700] "GET /?p=26904614071100 HTTP/1.1" 200 18944 "-" "Mozilla/5.0 (compatible; Googlebot/2.1; +http://www.google.com/bot.html)" 355 **0/355573**
66.249.72.228 - - [03/Aug/2026:02:42:06 -0700] "GET /?product/review/68498640471100 HTTP/1.1" 200 18348 "-" "Mozilla/5.0 (Linux; Android 6.0.1; Nexus 5X Build/MMB29P) AppleWebKit/537.36 (KHTML, like Gecko) Chrome/151.0.7922.71 Mobile Safari/537.36 (compatible; Googlebot/2.1; +http://www.google.com/bot.html)" 380 **0/380566**
66.249.72.228 - - [03/Aug/2026:02:42:17 -0700] "GET /?p=29723478471100 HTTP/1.1" 200 19690 "-" "Mozilla/5.0 (Linux; Android 6.0.1; Nexus 5X Build/MMB29P) AppleWebKit/537.36 (KHTML, like Gecko) Chrome/150.0.7871.186 Mobile Safari/537.36 (compatible; Googlebot/2.1; +http://www.google.com/bot.html)" 327 **0/327708**
66.249.72.228 - - [03/Aug/2026:02:42:17 -0700] "GET /?shop/sold?id=top74535994271100 HTTP/1.1" 200 18130 "-" "Mozilla/5.0 (Linux; Android 6.0.1; Nexus 5X Build/MMB29P) AppleWebKit/537.36 (KHTML, like Gecko) Chrome/150.0.7871.186 Mobile Safari/537.36 (compatible; Googlebot/2.1; +http://www.google.com/bot.html)" 313 **0/313446**
66.249.72.228 - - [03/Aug/2026:02:42:29 -0700] "GET /?p=19063568471100 HTTP/1.1" 200 18367 "-" "Mozilla/5.0 (Linux; Android 6.0.1; Nexus 5X Build/MMB29P) AppleWebKit/537.36 (KHTML, like Gecko) Chrome/150.0.7871.186 Mobile Safari/537.36 (compatible; Googlebot/2.1; +http://www.google.com/bot.html)" 331 **0/331121**
66.249.72.227 - - [03/Aug/2026:02:42:45 -0700] "GET /?product/category/view_more/35679545071100 HTTP/1.1" 200 20541 "-" "Mozilla/5.0 (Linux; Android 6.0.1; Nexus 5X Build/MMB29P) AppleWebKit/537.36 (KHTML, like Gecko) Chrome/150.0.7871.186 Mobile Safari/537.36 (compatible; Googlebot/2.1; +http://www.google.com/bot.html)" 370 **0/370713**
66.249.72.227 - - [03/Aug/2026:02:42:58 -0700] "GET /?product/review/72630081871100 HTTP/1.1" 200 17763 "-" "Mozilla/5.0 (Linux; Android 6.0.1; Nexus 5X Build/MMB29P) AppleWebKit/537.36 (KHTML, like Gecko) Chrome/150.0.7871.186 Mobile Safari/537.36 (compatible; Googlebot/2.1; +http://www.google.com/bot.html)" 306 **0/306997**
66.249.72.227 - - [03/Aug/2026:02:42:59 -0700] "GET /?p=12755831871100 HTTP/1.1" 200 19439 "-" "Mozilla/5.0 (Linux; Android 6.0.1; Nexus 5X Build/MMB29P) AppleWebKit/537.36 (KHTML, like Gecko) Chrome/150.0.7871.186 Mobile Safari/537.36 (compatible; Googlebot/2.1; +http://www.google.com/bot.html)" 402 **0/402796**
66.249.72.227 - - [03/Aug/2026:02:43:15 -0700] "GET /?shop/sold?id=top51771408271100 HTTP/1.1" 200 18735 "-" "Mozilla/5.0 (Linux; Android 6.0.1; Nexus 5X Build/MMB29P) AppleWebKit/537.36 (KHTML, like Gecko) Chrome/150.0.7871.186 Mobile Safari/537.36 (compatible; Googlebot/2.1; +http://www.google.com/bot.html)" 325 **0/325787**
66.249.72.227 - - [03/Aug/2026:02:43:35 -0700] "GET /?p=26734700471100 HTTP/1.1" 200 18793 "-" "Mozilla/5.0 (compatible; Googlebot/2.1; +http://www.google.com/bot.html)" 338 **0/338995**
66.249.72.227 - - [03/Aug/2026:02:43:38 -0700] "GET /?product/category/view_more/20971816071100 HTTP/1.1" 200 17793 "-" "Mozilla/5.0 (Linux; Android 6.0.1; Nexus 5X Build/MMB29P) AppleWebKit/537.36 (KHTML, like Gecko) Chrome/150.0.7871.186 Mobile Safari/537.36 (compatible; Googlebot/2.1; +http://www.google.com/bot.html)" 330 **0/330092**
66.249.72.227 - - [03/Aug/2026:02:43:58 -0700] "GET /?p=12287513071100 HTTP/1.1" 200 19227 "-" "Mozilla/5.0 (compatible; Googlebot/2.1; +http://www.google.com/bot.html)" 399 **0/399553**
66.249.72.227 - - [03/Aug/2026:02:44:01 -0700] "GET /?productSearch/pictureSearch?id=37508145671100 HTTP/1.1" 200 19506 "-" "Mozilla/5.0 (Linux; Android 6.0.1; Nexus 5X Build/MMB29P) AppleWebKit/537.36 (KHTML, like Gecko) Chrome/150.0.7871.186 Mobile Safari/537.36 (compatible; Googlebot/2.1; +http://www.google.com/bot.html)" 323 **0/323877**
66.249.72.227 - - [03/Aug/2026:02:44:03 -0700] "GET /?product/review/48200248071100 HTTP/1.1" 200 18870 "-" "Mozilla/5.0 (Linux; Android 6.0.1; Nexus 5X Build/MMB29P) AppleWebKit/537.36 (KHTML, like Gecko) Chrome/150.0.7871.186 Mobile Safari/537.36 (compatible; Googlebot/2.1; +http://www.google.com/bot.html)" 380 **0/380604**
66.249.72.227 - - [03/Aug/2026:02:44:18 -0700] "GET /?shop/sold?id=top45776949871100 HTTP/1.1" 200 19271 "-" "Mozilla/5.0 (Linux; Android 6.0.1; Nexus 5X Build/MMB29P) AppleWebKit/537.36 (KHTML, like Gecko) Chrome/150.0.7871.186 Mobile Safari/537.36 (compatible; Googlebot/2.1; +http://www.google.com/bot.html)" 325 **0/325183**
47.230.62.135 - - [03/Aug/2026:02:44:32 -0700] "GET /pt/blog/ HTTP/2.0" 200 4495 "-" "Mozilla/5.0 (Windows NT 10.0; Win64; x64) AppleWebKit/537.36 (KHTML, like Gecko) Chrome/150.0.0.0 Safari/537.36" 126 **0/126299**
66.249.72.227 - - [03/Aug/2026:02:44:45 -0700] "GET /?product/category/view_more/71278557071100 HTTP/1.1" 200 15911 "-" "Mozilla/5.0 (Linux; Android 6.0.1; Nexus 5X Build/MMB29P) AppleWebKit/537.36 (KHTML, like Gecko) Chrome/150.0.7871.186 Mobile Safari/537.36 (compatible; Googlebot/2.1; +http://www.google.com/bot.html)" 288 **0/288343**
66.249.72.227 - - [03/Aug/2026:02:44:57 -0700] "GET /?p=11482730871100 HTTP/1.1" 200 17650 "-" "Mozilla/5.0 (Linux; Android 6.0.1; Nexus 5X Build/MMB29P) AppleWebKit/537.36 (KHTML, like Gecko) Chrome/150.0.7871.186 Mobile Safari/537.36 (compatible; Googlebot/2.1; +http://www.google.com/bot.html)" 323 **0/323416**
66.249.72.227 - - [03/Aug/2026:02:44:58 -0700] "GET /?product/review/72214666471100 HTTP/1.1" 200 18648 "-" "Mozilla/5.0 (Linux; Android 6.0.1; Nexus 5X Build/MMB29P) AppleWebKit/537.36 (KHTML, like Gecko) Chrome/150.0.7871.186 Mobile Safari/537.36 (compatible; Googlebot/2.1; +http://www.google.com/bot.html)" 353 **0/353928**
66.249.72.227 - - [03/Aug/2026:02:44:59 -0700] "GET /?product/review/27774615071100 HTTP/1.1" 200 18062 "-" "Mozilla/5.0 (compatible; Googlebot/2.1; +http://www.google.com/bot.html)" 316 **0/316451**
18.97.9.103 - - [03/Aug/2026:02:45:00 -0700] "GET /?p=39757360271100 HTTP/1.1" 200 7088 "-" "Mozilla/5.0 AppleWebKit/537.36 (KHTML, like Gecko; compatible; PerplexityBot/1.0; +https://perplexity.ai/perplexitybot)" 3 **0/3535**
66.249.72.227 - - [03/Aug/2026:02:45:21 -0700] "GET /?shop/sold?id=top51503082671100 HTTP/1.1" 200 18248 "-" "Mozilla/5.0 (Linux; Android 6.0.1; Nexus 5X Build/MMB29P) AppleWebKit/537.36 (KHTML, like Gecko) Chrome/150.0.7871.186 Mobile Safari/537.36 (compatible; Googlebot/2.1; +http://www.google.com/bot.html)" 324 **0/324285**
66.249.72.228 - - [03/Aug/2026:02:45:22 -0700] "GET /?p=60929367671100 HTTP/1.1" 200 19380 "-" "Mozilla/5.0 (Linux; Android 6.0.1; Nexus 5X Build/MMB29P) AppleWebKit/537.36 (KHTML, like Gecko) Chrome/150.0.7871.186 Mobile Safari/537.36 (compatible; Googlebot/2.1; +http://www.google.com/bot.html)" 374 **0/374475**
66.249.72.228 - - [03/Aug/2026:02:45:22 -0700] "GET /?p=24156556271100 HTTP/1.1" 200 16257 "-" "Mozilla/5.0 (Linux; Android 6.0.1; Nexus 5X Build/MMB29P) AppleWebKit/537.36 (KHTML, like Gecko) Chrome/150.0.7871.186 Mobile Safari/537.36 (compatible; Googlebot/2.1; +http://www.google.com/bot.html)" 255 **0/255480**
66.249.72.227 - - [03/Aug/2026:02:45:30 -0700] "GET /?p=58668616071100 HTTP/1.1" 200 19089 "-" "Mozilla/5.0 (Linux; Android 6.0.1; Nexus 5X Build/MMB29P) AppleWebKit/537.36 (KHTML, like Gecko) Chrome/150.0.7871.186 Mobile Safari/537.36 (compatible; Googlebot/2.1; +http://www.google.com/bot.html)" 336 **0/336114**
66.249.72.227 - - [03/Aug/2026:02:45:36 -0700] "GET /?productSearch/pictureSearch?id=64512176071100 HTTP/1.1" 200 18969 "-" "Mozilla/5.0 (Linux; Android 6.0.1; Nexus 5X Build/MMB29P) AppleWebKit/537.36 (KHTML, like Gecko) Chrome/150.0.7871.186 Mobile Safari/537.36 (compatible; Googlebot/2.1; +http://www.google.com/bot.html)" 372 **0/372701**
66.249.72.227 - - [03/Aug/2026:02:45:54 -0700] "GET /?product/category/view_more/74000733071100 HTTP/1.1" 200 19427 "-" "Mozilla/5.0 (Linux; Android 6.0.1; Nexus 5X Build/MMB29P) AppleWebKit/537.36 (KHTML, like Gecko) Chrome/150.0.7871.186 Mobile Safari/537.36 (compatible; Googlebot/2.1; +http://www.google.com/bot.html)" 376 **0/376467**
66.249.72.229 - - [03/Aug/2026:02:46:10 -0700] "GET /?product/review/19441203671100 HTTP/1.1" 200 18979 "-" "Mozilla/5.0 (Linux; Android 6.0.1; Nexus 5X Build/MMB29P) AppleWebKit/537.36 (KHTML, like Gecko) Chrome/150.0.7871.186 Mobile Safari/537.36 (compatible; Googlebot/2.1; +http://www.google.com/bot.html)" 336 **0/336000**
66.249.72.227 - - [03/Aug/2026:02:46:11 -0700] "GET /?p=16348231271100 HTTP/1.1" 200 20299 "-" "Mozilla/5.0 (Linux; Android 6.0.1; Nexus 5X Build/MMB29P) AppleWebKit/537.36 (KHTML, like Gecko) Chrome/150.0.7871.186 Mobile Safari/537.36 (compatible; Googlebot/2.1; +http://www.google.com/bot.html)" 380 **0/380446**
66.249.72.227 - - [03/Aug/2026:02:46:16 -0700] "GET /?p=8765864671100 HTTP/1.1" 200 19847 "-" "Mozilla/5.0 (Linux; Android 6.0.1; Nexus 5X Build/MMB29P) AppleWebKit/537.36 (KHTML, like Gecko) Chrome/150.0.7871.186 Mobile Safari/537.36 (compatible; Googlebot/2.1; +http://www.google.com/bot.html)" 360 **0/360593**
66.249.72.227 - - [03/Aug/2026:02:46:22 -0700] "GET /?shop/sold?id=top28292112071100 HTTP/1.1" 200 19469 "-" "Mozilla/5.0 (Linux; Android 6.0.1; Nexus 5X Build/MMB29P) AppleWebKit/537.36 (KHTML, like Gecko) Chrome/150.0.7871.186 Mobile Safari/537.36 (compatible; Googlebot/2.1; +http://www.google.com/bot.html)" 397 **0/397253**
66.249.72.227 - - [03/Aug/2026:02:46:45 -0700] "GET /?product/category/view_more/3412140671100 HTTP/1.1" 200 16297 "-" "Mozilla/5.0 (Linux; Android 6.0.1; Nexus 5X Build/MMB29P) AppleWebKit/537.36 (KHTML, like Gecko) Chrome/150.0.7871.186 Mobile Safari/537.36 (compatible; Googlebot/2.1; +http://www.google.com/bot.html)" 275 **0/275125**
66.249.72.227 - - [03/Aug/2026:02:46:46 -0700] "GET /?p=11003820271100 HTTP/1.1" 200 20384 "-" "Mozilla/5.0 (Linux; Android 6.0.1; Nexus 5X Build/MMB29P) AppleWebKit/537.36 (KHTML, like Gecko) Chrome/150.0.7871.186 Mobile Safari/537.36 (compatible; Googlebot/2.1; +http://www.google.com/bot.html)" 371 **0/371248**
66.249.72.227 - - [03/Aug/2026:02:46:48 -0700] "GET /?productSearch/pictureSearch?id=29446451471100 HTTP/1.1" 200 19537 "-" "Mozilla/5.0 (Linux; Android 6.0.1; Nexus 5X Build/MMB29P) AppleWebKit/537.36 (KHTML, like Gecko) Chrome/150.0.7871.186 Mobile Safari/537.36 (compatible; Googlebot/2.1; +http://www.google.com/bot.html)" 358 **0/358572**
196.249.118.120 - - [03/Aug/2026:02:47:01 -0700] "GET /?p=51955360871100 HTTP/2.0" 301 - "https://www.google.com/" "Mozilla/5.0 (Linux; Android 10; K) AppleWebKit/537.36 (KHTML, like Gecko) Chrome/150.0.0.0 Mobile Safari/537.36" 119 **0/119411**
66.249.72.228 - - [03/Aug/2026:02:47:15 -0700] "GET /?product/review/54590995471100 HTTP/1.1" 200 17729 "-" "Mozilla/5.0 (Linux; Android 6.0.1; Nexus 5X Build/MMB29P) AppleWebKit/537.36 (KHTML, like Gecko) Chrome/150.0.7871.186 Mobile Safari/537.36 (compatible; Googlebot/2.1; +http://www.google.com/bot.html)" 335 **0/335570**
66.249.72.227 - - [03/Aug/2026:02:47:19 -0700] "GET /?p=34215819471100 HTTP/1.1" 200 19405 "-" "Mozilla/5.0 (Linux; Android 6.0.1; Nexus 5X Build/MMB29P) AppleWebKit/537.36 (KHTML, like Gecko) Chrome/150.0.7871.186 Mobile Safari/537.36 (compatible; Googlebot/2.1; +http://www.google.com/bot.html)" 348 **0/348969**
66.249.72.228 - - [03/Aug/2026:02:47:19 -0700] "GET /?productSearch/pictureSearch?id=65272839671100 HTTP/1.1" 200 18789 "-" "Mozilla/5.0 (Linux; Android 6.0.1; Nexus 5X Build/MMB29P) AppleWebKit/537.36 (KHTML, like Gecko) Chrome/150.0.7871.186 Mobile Safari/537.36 (compatible; Googlebot/2.1; +http://www.google.com/bot.html)" 322 **0/322471**
66.249.72.227 - - [03/Aug/2026:02:47:30 -0700] "GET /?shop/sold?id=top12974673471100 HTTP/1.1" 200 19889 "-" "Mozilla/5.0 (Linux; Android 6.0.1; Nexus 5X Build/MMB29P) AppleWebKit/537.36 (KHTML, like Gecko) Chrome/150.0.7871.186 Mobile Safari/537.36 (compatible; Googlebot/2.1; +http://www.google.com/bot.html)" 402 **0/402019**
95.94.216.249 - - [03/Aug/2026:02:47:32 -0700] "GET /?sitemap.xml HTTP/1.1" 200 2240 "-" "Mozilla/5.0 (Macintosh; Intel Mac OS X 12.7; rv:125.0) Gecko/20100101 Firefox/125.0" 198 **0/198252**
24.63.138.125 - - [03/Aug/2026:02:47:34 -0700] "GET /?p=71247170871100 HTTP/2.0" 301 - "https://www.google.com/" "Mozilla/5.0 (iPhone; CPU iPhone OS 18_7 like Mac OS X) AppleWebKit/605.1.15 (KHTML, like Gecko) Version/26.5.2 Mobile/15E148 Safari/604.1" 103 **0/103522**
66.249.72.227 - - [03/Aug/2026:02:47:42 -0700] "GET /?p=15777163671100 HTTP/1.1" 200 18049 "-" "Mozilla/5.0 (Linux; Android 6.0.1; Nexus 5X Build/MMB29P) AppleWebKit/537.36 (KHTML, like Gecko) Chrome/150.0.7871.186 Mobile Safari/537.36 (compatible; Googlebot/2.1; +http://www.google.com/bot.html)" 308 **0/308043**
66.249.72.227 - - [03/Aug/2026:02:47:42 -0700] "GET /?product/category/view_more/54136854671100 HTTP/1.1" 200 18140 "-" "Mozilla/5.0 (Linux; Android 6.0.1; Nexus 5X Build/MMB29P) AppleWebKit/537.36 (KHTML, like Gecko) Chrome/150.0.7871.186 Mobile Safari/537.36 (compatible; Googlebot/2.1; +http://www.google.com/bot.html)" 319 **0/319535**
66.249.72.227 - - [03/Aug/2026:02:47:42 -0700] "GET /?productSearch/pictureSearch?id=12503685871100 HTTP/1.1" 200 18935 "-" "Mozilla/5.0 (Linux; Android 6.0.1; Nexus 5X Build/MMB29P) AppleWebKit/537.36 (KHTML, like Gecko) Chrome/150.0.7871.186 Mobile Safari/537.36 (compatible; Googlebot/2.1; +http://www.google.com/bot.html)" 382 **0/382456**
66.249.72.227 - - [03/Aug/2026:02:47:42 -0700] "GET /?p=4842728671100 HTTP/1.1" 200 18620 "-" "Mozilla/5.0 (compatible; Googlebot/2.1; +http://www.google.com/bot.html)" 320 **0/320418**
66.249.72.228 - - [03/Aug/2026:02:48:06 -0700] "GET /?product/review/42079966871100 HTTP/1.1" 200 16476 "-" "Mozilla/5.0 (Linux; Android 6.0.1; Nexus 5X Build/MMB29P) AppleWebKit/537.36 (KHTML, like Gecko) Chrome/150.0.7871.186 Mobile Safari/537.36 (compatible; Googlebot/2.1; +http://www.google.com/bot.html)" 248 **0/248072**
209.242.192.111 - - [03/Aug/2026:02:48:08 -0700] "GET /?p=68727462271100 HTTP/2.0" 200 4494 "-" "Mozilla/5.0 (Linux; Android 8.0; Pixel 2 Build/OPD3.170816.012) AppleWebKit/537.36 (KHTML, like Gecko) Chrome/56.0.5252.1487 Mobile Safari/537.36" 148 **0/148506**
66.249.72.228 - - [03/Aug/2026:02:48:16 -0700] "GET /?product/review/59681342271100 HTTP/1.1" 200 19856 "-" "Mozilla/5.0 (Linux; Android 6.0.1; Nexus 5X Build/MMB29P) AppleWebKit/537.36 (KHTML, like Gecko) Chrome/150.0.7871.186 Mobile Safari/537.36 (compatible; Googlebot/2.1; +http://www.google.com/bot.html)" 346 **0/346410**
66.249.72.228 - - [03/Aug/2026:02:48:18 -0700] "GET /?p=52346284471100 HTTP/1.1" 200 20941 "-" "Mozilla/5.0 (compatible; Googlebot/2.1; +http://www.google.com/bot.html)" 349 **0/349848**
68.117.53.121 - - [03/Aug/2026:02:48:31 -0700] "GET /?p=68448378071100 HTTP/2.0" 200 4494 "-" "Mozilla/5.0 (Windows NT 10.0; Win64; x64; rv:153.0) Gecko/20100101 Firefox/153.0" 125 **0/125246**
66.249.72.229 - - [03/Aug/2026:02:48:38 -0700] "GET /?shop/sold?id=top43864504471100 HTTP/1.1" 200 17523 "-" "Mozilla/5.0 (Linux; Android 6.0.1; Nexus 5X Build/MMB29P) AppleWebKit/537.36 (KHTML, like Gecko) Chrome/150.0.7871.186 Mobile Safari/537.36 (compatible; Googlebot/2.1; +http://www.google.com/bot.html)" 314 **0/314984**
66.249.72.228 - - [03/Aug/2026:02:48:39 -0700] "GET /?p=6389298271100 HTTP/1.1" 200 19388 "-" "Mozilla/5.0 (Linux; Android 6.0.1; Nexus 5X Build/MMB29P) AppleWebKit/537.36 (KHTML, like Gecko) Chrome/150.0.7871.186 Mobile Safari/537.36 (compatible; Googlebot/2.1; +http://www.google.com/bot.html)" 428 **0/428878**
66.249.72.227 - - [03/Aug/2026:02:48:55 -0700] "GET /?product/category/view_more/24160559471100 HTTP/1.1" 200 16315 "-" "Mozilla/5.0 (Linux; Android 6.0.1; Nexus 5X Build/MMB29P) AppleWebKit/537.36 (KHTML, like Gecko) Chrome/150.0.7871.186 Mobile Safari/537.36 (compatible; Googlebot/2.1; +http://www.google.com/bot.html)" 275 **0/275836**
66.249.72.227 - - [03/Aug/2026:02:48:55 -0700] "GET /?p=1406120471100 HTTP/1.1" 200 18153 "-" "Mozilla/5.0 (Linux; Android 6.0.1; Nexus 5X Build/MMB29P) AppleWebKit/537.36 (KHTML, like Gecko) Chrome/150.0.7871.186 Mobile Safari/537.36 (compatible; Googlebot/2.1; +http://www.google.com/bot.html)" 334 **0/334875**
66.249.72.228 - - [03/Aug/2026:02:48:55 -0700] "GET /?shop/sold?id=top18760159271100 HTTP/1.1" 200 18729 "-" "Mozilla/5.0 (Linux; Android 6.0.1; Nexus 5X Build/MMB29P) AppleWebKit/537.36 (KHTML, like Gecko) Chrome/150.0.7871.186 Mobile Safari/537.36 (compatible; Googlebot/2.1; +http://www.google.com/bot.html)" 342 **0/342575**
66.249.72.227 - - [03/Aug/2026:02:49:22 -0700] "GET /?product/review/31870444671100 HTTP/1.1" 200 19606 "-" "Mozilla/5.0 (Linux; Android 6.0.1; Nexus 5X Build/MMB29P) AppleWebKit/537.36 (KHTML, like Gecko) Chrome/150.0.7871.186 Mobile Safari/537.36 (compatible; Googlebot/2.1; +http://www.google.com/bot.html)" 323 **0/323189**
66.249.72.228 - - [03/Aug/2026:02:49:35 -0700] "GET /?p=45808919871100 HTTP/1.1" 200 18974 "-" "Mozilla/5.0 (Linux; Android 6.0.1; Nexus 5X Build/MMB29P) AppleWebKit/537.36 (KHTML, like Gecko) Chrome/150.0.7871.186 Mobile Safari/537.36 (compatible; Googlebot/2.1; +http://www.google.com/bot.html)" 346 **0/346711**
66.249.72.228 - - [03/Aug/2026:02:49:35 -0700] "GET /?shop/sold?id=top73394164871100 HTTP/1.1" 200 18666 "-" "Mozilla/5.0 (Linux; Android 6.0.1; Nexus 5X Build/MMB29P) AppleWebKit/537.36 (KHTML, like Gecko) Chrome/150.0.7871.186 Mobile Safari/537.36 (compatible; Googlebot/2.1; +http://www.google.com/bot.html)" 326 **0/326701**
66.249.72.227 - - [03/Aug/2026:02:49:36 -0700] "GET /?productSearch/pictureSearch?id=46221583071100 HTTP/1.1" 200 18263 "-" "Mozilla/5.0 (Linux; Android 6.0.1; Nexus 5X Build/MMB29P) AppleWebKit/537.36 (KHTML, like Gecko) Chrome/150.0.7871.186 Mobile Safari/537.36 (compatible; Googlebot/2.1; +http://www.google.com/bot.html)" 326 **0/326012**
66.249.72.227 - - [03/Aug/2026:02:49:46 -0700] "GET /?p=43556508271100 HTTP/1.1" 200 18558 "-" "Mozilla/5.0 (compatible; Googlebot/2.1; +http://www.google.com/bot.html)" 318 **0/318919**
66.249.72.227 - - [03/Aug/2026:02:50:03 -0700] "GET /?product/category/view_more/74498130671100 HTTP/1.1" 200 19157 "-" "Mozilla/5.0 (Linux; Android 6.0.1; Nexus 5X Build/MMB29P) AppleWebKit/537.36 (KHTML, like Gecko) Chrome/150.0.7871.186 Mobile Safari/537.36 (compatible; Googlebot/2.1; +http://www.google.com/bot.html)" 339 **0/339138**
66.249.72.228 - - [03/Aug/2026:02:50:04 -0700] "GET /?product/category/view_more/15692762871100 HTTP/1.1" 200 18101 "-" "Mozilla/5.0 (Linux; Android 6.0.1; Nexus 5X Build/MMB29P) AppleWebKit/537.36 (KHTML, like Gecko) Chrome/150.0.7871.186 Mobile Safari/537.36 (compatible; Googlebot/2.1; +http://www.google.com/bot.html)" 330 **0/330603**
66.249.72.227 - - [03/Aug/2026:02:50:07 -0700] "GET /?p=35110868271100 HTTP/1.1" 200 18232 "-" "Mozilla/5.0 (Linux; Android 6.0.1; Nexus 5X Build/MMB29P) AppleWebKit/537.36 (KHTML, like Gecko) Chrome/150.0.7871.186 Mobile Safari/537.36 (compatible; Googlebot/2.1; +http://www.google.com/bot.html)" 320 **0/320508**
66.249.72.228 - - [03/Aug/2026:02:50:09 -0700] "GET /?p=6184384471100 HTTP/1.1" 200 19774 "-" "Mozilla/5.0 (Linux; Android 6.0.1; Nexus 5X Build/MMB29P) AppleWebKit/537.36 (KHTML, like Gecko) Chrome/150.0.7871.186 Mobile Safari/537.36 (compatible; Googlebot/2.1; +http://www.google.com/bot.html)" 335 **0/335447**
66.249.72.227 - - [03/Aug/2026:02:50:18 -0700] "GET /?p=10718675671100 HTTP/1.1" 200 19839 "-" "Mozilla/5.0 (compatible; Googlebot/2.1; +http://www.google.com/bot.html)" 355 **0/355360**
66.249.72.227 - - [03/Aug/2026:02:50:22 -0700] "GET /?product/review/47058418671100 HTTP/1.1" 200 18225 "-" "Mozilla/5.0 (Linux; Android 6.0.1; Nexus 5X Build/MMB29P) AppleWebKit/537.36 (KHTML, like Gecko) Chrome/150.0.7871.186 Mobile Safari/537.36 (compatible; Googlebot/2.1; +http://www.google.com/bot.html)" 337 **0/337190**
66.249.72.227 - - [03/Aug/2026:02:50:25 -0700] "GET /?p=60461104471100 HTTP/1.1" 200 18305 "-" "Mozilla/5.0 (Linux; Android 6.0.1; Nexus 5X Build/MMB29P) AppleWebKit/537.36 (KHTML, like Gecko) Chrome/150.0.7871.186 Mobile Safari/537.36 (compatible; Googlebot/2.1; +http://www.google.com/bot.html)" 315 **0/315703**
66.249.72.227 - - [03/Aug/2026:02:50:47 -0700] "GET /?product/category/view_more/42001626471100 HTTP/1.1" 200 19379 "-" "Mozilla/5.0 (Linux; Android 6.0.1; Nexus 5X Build/MMB29P) AppleWebKit/537.36 (KHTML, like Gecko) Chrome/150.0.7871.186 Mobile Safari/537.36 (compatible; Googlebot/2.1; +http://www.google.com/bot.html)" 342 **0/342018**
66.249.72.229 - - [03/Aug/2026:02:51:00 -0700] "GET /?productSearch/pictureSearch?id=17166107271100 HTTP/1.1" 200 18037 "-" "Mozilla/5.0 (Linux; Android 6.0.1; Nexus 5X Build/MMB29P) AppleWebKit/537.36 (KHTML, like Gecko) Chrome/150.0.7871.186 Mobile Safari/537.36 (compatible; Googlebot/2.1; +http://www.google.com/bot.html)" 326 **0/326448**
66.249.72.228 - - [03/Aug/2026:02:51:01 -0700] "GET /?p=31361871471100 HTTP/1.1" 200 19059 "-" "Mozilla/5.0 (Linux; Android 6.0.1; Nexus 5X Build/MMB29P) AppleWebKit/537.36 (KHTML, like Gecko) Chrome/150.0.7871.186 Mobile Safari/537.36 (compatible; Googlebot/2.1; +http://www.google.com/bot.html)" 328 **0/328768**
66.249.72.229 - - [03/Aug/2026:02:51:03 -0700] "GET /?p=21043456671100 HTTP/1.1" 200 18387 "-" "Mozilla/5.0 (Linux; Android 6.0.1; Nexus 5X Build/MMB29P) AppleWebKit/537.36 (KHTML, like Gecko) Chrome/150.0.7871.186 Mobile Safari/537.36 (compatible; Googlebot/2.1; +http://www.google.com/bot.html)" 334 **0/334336**
66.249.72.227 - - [03/Aug/2026:02:51:11 -0700] "GET /?p=22546741671100 HTTP/1.1" 200 19731 "-" "Mozilla/5.0 (compatible; Googlebot/2.1; +http://www.google.com/bot.html)" 339 **0/339799**
66.249.72.228 - - [03/Aug/2026:02:51:15 -0700] "GET /?product/review/17528758271100 HTTP/1.1" 200 20170 "-" "Mozilla/5.0 (Linux; Android 6.0.1; Nexus 5X Build/MMB29P) AppleWebKit/537.36 (KHTML, like Gecko) Chrome/150.0.7871.186 Mobile Safari/537.36 (compatible; Googlebot/2.1; +http://www.google.com/bot.html)" 342 **0/342519**
66.249.72.227 - - [03/Aug/2026:02:51:16 -0700] "GET /?p=29908126071100 HTTP/1.1" 200 18334 "-" "Mozilla/5.0 (Linux; Android 6.0.1; Nexus 5X Build/MMB29P) AppleWebKit/537.36 (KHTML, like Gecko) Chrome/150.0.7871.186 Mobile Safari/537.36 (compatible; Googlebot/2.1; +http://www.google.com/bot.html)" 326 **0/326555**
66.249.72.227 - - [03/Aug/2026:02:51:20 -0700] "GET /?p=23758960671100 HTTP/1.1" 200 18564 "-" "Mozilla/5.0 (compatible; Googlebot/2.1; +http://www.google.com/bot.html)" 330 **0/330838**
74.125.212.230 - - [03/Aug/2026:02:51:34 -0700] "GET /.well-known/traffic-advice HTTP/1.1" 200 4495 "-" "Chrome Privacy Preserving Prefetch Proxy" 124 **0/124288**
66.249.72.227 - - [03/Aug/2026:02:51:35 -0700] "GET /?product/category/view_more/69087333271100 HTTP/1.1" 200 17872 "-" "Mozilla/5.0 (Linux; Android 6.0.1; Nexus 5X Build/MMB29P) AppleWebKit/537.36 (KHTML, like Gecko) Chrome/150.0.7871.186 Mobile Safari/537.36 (compatible; Googlebot/2.1; +http://www.google.com/bot.html)" 317 **0/317682**
66.249.72.227 - - [03/Aug/2026:02:51:35 -0700] "GET /?p=33373785271100 HTTP/1.1" 200 19177 "-" "Mozilla/5.0 (Linux; Android 6.0.1; Nexus 5X Build/MMB29P) AppleWebKit/537.36 (KHTML, like Gecko) Chrome/150.0.7871.186 Mobile Safari/537.36 (compatible; Googlebot/2.1; +http://www.google.com/bot.html)" 339 **0/339429**
66.249.72.227 - - [03/Aug/2026:02:51:50 -0700] "GET /?productSearch/pictureSearch?id=51440727271100 HTTP/1.1" 200 17664 "-" "Mozilla/5.0 (compatible; Googlebot/2.1; +http://www.google.com/bot.html)" 324 **0/324953**
66.249.72.227 - - [03/Aug/2026:02:51:51 -0700] "GET /?product/review/54865298071100 HTTP/1.1" 200 18235 "-" "Mozilla/5.0 (Linux; Android 6.0.1; Nexus 5X Build/MMB29P) AppleWebKit/537.36 (KHTML, like Gecko) Chrome/150.0.7871.186 Mobile Safari/537.36 (compatible; Googlebot/2.1; +http://www.google.com/bot.html)" 335 **0/335056**
66.249.72.229 - - [03/Aug/2026:02:52:01 -0700] "GET /?product/category/view_more/15961866871100 HTTP/1.1" 200 16102 "-" "Mozilla/5.0 (compatible; Googlebot/2.1; +http://www.google.com/bot.html)" 255 **0/255805**
47.128.32.39 - - [03/Aug/2026:02:52:08 -0700] "GET /pt/blog/ HTTP/2.0" 403 13 "-" "Mozilla/5.0 (Linux; Android 5.0) AppleWebKit/537.36 (KHTML, like Gecko) Mobile Safari/537.36 (compatible; Bytespider; https://bytedance.sg.larkoffice.com/docx/K5bxdypulop3IIxrJb0lOjLVgFe)" 12 **0/12331**
66.249.72.228 - - [03/Aug/2026:02:52:16 -0700] "GET /?product/category/view_more/38413313671100 HTTP/1.1" 200 19946 "-" "Mozilla/5.0 (Linux; Android 6.0.1; Nexus 5X Build/MMB29P) AppleWebKit/537.36 (KHTML, like Gecko) Chrome/150.0.7871.186 Mobile Safari/537.36 (compatible; Googlebot/2.1; +http://www.google.com/bot.html)" 331 **0/331446**
66.249.72.227 - - [03/Aug/2026:02:52:17 -0700] "GET /?p=43412921271100 HTTP/1.1" 200 19000 "-" "Mozilla/5.0 (Linux; Android 6.0.1; Nexus 5X Build/MMB29P) AppleWebKit/537.36 (KHTML, like Gecko) Chrome/150.0.7871.186 Mobile Safari/537.36 (compatible; Googlebot/2.1; +http://www.google.com/bot.html)" 313 **0/313367**
66.249.72.229 - - [03/Aug/2026:02:52:17 -0700] "GET /?p=71333156271100 HTTP/1.1" 200 19401 "-" "Mozilla/5.0 (Linux; Android 6.0.1; Nexus 5X Build/MMB29P) AppleWebKit/537.36 (KHTML, like Gecko) Chrome/150.0.7871.186 Mobile Safari/537.36 (compatible; Googlebot/2.1; +http://www.google.com/bot.html)" 326 **0/326380**
66.249.72.227 - - [03/Aug/2026:02:52:18 -0700] "GET /?p=13270298671100 HTTP/1.1" 200 19522 "-" "Mozilla/5.0 (Linux; Android 6.0.1; Nexus 5X Build/MMB29P) AppleWebKit/537.36 (KHTML, like Gecko) Chrome/150.0.7871.186 Mobile Safari/537.36 (compatible; Googlebot/2.1; +http://www.google.com/bot.html)" 380 **0/380274**
66.249.72.228 - - [03/Aug/2026:02:52:22 -0700] "GET /?product/review/65484119671100 HTTP/1.1" 200 18000 "-" "Mozilla/5.0 (Linux; Android 6.0.1; Nexus 5X Build/MMB29P) AppleWebKit/537.36 (KHTML, like Gecko) Chrome/150.0.7871.186 Mobile Safari/537.36 (compatible; Googlebot/2.1; +http://www.google.com/bot.html)" 315 **0/315721**
66.249.72.227 - - [03/Aug/2026:02:52:29 -0700] "GET /?p=30638876871100 HTTP/1.1" 200 19565 "-" "Mozilla/5.0 (Linux; Android 6.0.1; Nexus 5X Build/MMB29P) AppleWebKit/537.36 (KHTML, like Gecko) Chrome/151.0.7922.71 Mobile Safari/537.36 (compatible; Googlebot/2.1; +http://www.google.com/bot.html)" 369 **0/369375**
66.249.72.228 - - [03/Aug/2026:02:53:07 -0700] "GET /pt/mansao-do-caminho/?fileloc=/home/l2pbkn5l6xav/public_html/wp-content/post_1784625225.php&path=/home/l2pbkn5l6xav/public_html/wp-content HTTP/1.1" 200 2643 "-" "Mozilla/5.0 (Linux; Android 6.0.1; Nexus 5X Build/MMB29P) AppleWebKit/537.36 (KHTML, like Gecko) Chrome/150.0.7871.186 Mobile Safari/537.36 (compatible; Googlebot/2.1; +http://www.google.com/bot.html)" 122 **0/122625**
18.97.9.97 - - [03/Aug/2026:02:53:14 -0700] "GET /?p=22007838671100 HTTP/1.1" 200 7080 "-" "Mozilla/5.0 AppleWebKit/537.36 (KHTML, like Gecko; compatible; PerplexityBot/1.0; +https://perplexity.ai/perplexitybot)" 7 **0/7446**
66.249.72.227 - - [03/Aug/2026:02:53:46 -0700] "GET /?shop/sold?id=top6360163871100 HTTP/1.1" 200 19184 "-" "Mozilla/5.0 (Linux; Android 6.0.1; Nexus 5X Build/MMB29P) AppleWebKit/537.36 (KHTML, like Gecko) Chrome/150.0.7871.186 Mobile Safari/537.36 (compatible; Googlebot/2.1; +http://www.google.com/bot.html)" 329 **0/329137**
66.249.72.227 - - [03/Aug/2026:02:53:57 -0700] "GET /?productSearch/pictureSearch?id=33992668871100 HTTP/1.1" 200 19238 "-" "Mozilla/5.0 (compatible; Googlebot/2.1; +http://www.google.com/bot.html)" 398 **0/398361**
66.249.72.227 - - [03/Aug/2026:02:53:59 -0700] "GET /?product/category/view_more/58934606471100 HTTP/1.1" 200 18322 "-" "Mozilla/5.0 (Linux; Android 6.0.1; Nexus 5X Build/MMB29P) AppleWebKit/537.36 (KHTML, like Gecko) Chrome/150.0.7871.186 Mobile Safari/537.36 (compatible; Googlebot/2.1; +http://www.google.com/bot.html)" 317 **0/317017**
66.249.72.227 - - [03/Aug/2026:02:53:59 -0700] "GET /?product/review/44422867471100 HTTP/1.1" 200 20159 "-" "Mozilla/5.0 (Linux; Android 6.0.1; Nexus 5X Build/MMB29P) AppleWebKit/537.36 (KHTML, like Gecko) Chrome/150.0.7871.186 Mobile Safari/537.36 (compatible; Googlebot/2.1; +http://www.google.com/bot.html)" 330 **0/330888**
66.249.72.227 - - [03/Aug/2026:02:53:59 -0700] "GET /?productSearch/pictureSearch?id=42616367871100 HTTP/1.1" 200 18643 "-" "Mozilla/5.0 (Linux; Android 6.0.1; Nexus 5X Build/MMB29P) AppleWebKit/537.36 (KHTML, like Gecko) Chrome/150.0.7871.186 Mobile Safari/537.36 (compatible; Googlebot/2.1; +http://www.google.com/bot.html)" 332 **0/332748**
66.249.72.227 - - [03/Aug/2026:02:54:23 -0700] "GET /?product/category/view_more/36950783471100 HTTP/1.1" 200 18962 "-" "Mozilla/5.0 (Linux; Android 6.0.1; Nexus 5X Build/MMB29P) AppleWebKit/537.36 (KHTML, like Gecko) Chrome/150.0.7871.186 Mobile Safari/537.36 (compatible; Googlebot/2.1; +http://www.google.com/bot.html)" 326 **0/326120**
66.249.72.227 - - [03/Aug/2026:02:54:52 -0700] "GET /?product/review/37204653071100 HTTP/1.1" 200 18161 "-" "Mozilla/5.0 (Linux; Android 6.0.1; Nexus 5X Build/MMB29P) AppleWebKit/537.36 (KHTML, like Gecko) Chrome/150.0.7871.186 Mobile Safari/537.36 (compatible; Googlebot/2.1; +http://www.google.com/bot.html)" 309 **0/309260**
18.97.9.100 - - [03/Aug/2026:02:54:53 -0700] "GET /?productSearch/pictureSearch?id=23613594471100 HTTP/1.1" 200 7147 "-" "Mozilla/5.0 AppleWebKit/537.36 (KHTML, like Gecko; compatible; PerplexityBot/1.0; +https://perplexity.ai/perplexitybot)" 4 **0/4596**
66.249.72.227 - - [03/Aug/2026:02:55:05 -0700] "GET /?p=72342435271100 HTTP/1.1" 200 19901 "-" "Mozilla/5.0 (compatible; Googlebot/2.1; +http://www.google.com/bot.html)" 333 **0/333590**
66.249.72.227 - - [03/Aug/2026:02:55:17 -0700] "GET /pt/2026/07/17/?fileloc=/home/l2pbkn5l6xav/public_html/index.php&path=/home/l2pbkn5l6xav/public_html HTTP/1.1" 200 24231 "-" "Mozilla/5.0 (Linux; Android 6.0.1; Nexus 5X Build/MMB29P) AppleWebKit/537.36 (KHTML, like Gecko) Chrome/150.0.7871.186 Mobile Safari/537.36 (compatible; Googlebot/2.1; +http://www.google.com/bot.html)" 127 **0/127923**
66.249.72.228 - - [03/Aug/2026:02:55:17 -0700] "GET /2018/08?path=/home/l2pbkn5l6xav/public_html/cgi-bin HTTP/1.1" 200 2548 "-" "Mozilla/5.0 (Linux; Android 6.0.1; Nexus 5X Build/MMB29P) AppleWebKit/537.36 (KHTML, like Gecko) Chrome/150.0.7871.186 Mobile Safari/537.36 (compatible; Googlebot/2.1; +http://www.google.com/bot.html)" 137 **0/137256**
66.249.72.228 - - [03/Aug/2026:02:55:17 -0700] "GET /?productSearch/pictureSearch?id=53883402071100 HTTP/1.1" 200 19717 "-" "Mozilla/5.0 (Linux; Android 6.0.1; Nexus 5X Build/MMB29P) AppleWebKit/537.36 (KHTML, like Gecko) Chrome/150.0.7871.186 Mobile Safari/537.36 (compatible; Googlebot/2.1; +http://www.google.com/bot.html)" 358 **0/358407**
66.249.72.227 - - [03/Aug/2026:02:55:37 -0700] "GET /2018/08?fileloc=/home/l2pbkn5l6xav/public_html/wp-load.php&path=/home/l2pbkn5l6xav/public_html HTTP/1.1" 200 4167 "-" "Mozilla/5.0 (Linux; Android 6.0.1; Nexus 5X Build/MMB29P) AppleWebKit/537.36 (KHTML, like Gecko) Chrome/150.0.7871.186 Mobile Safari/537.36 (compatible; Googlebot/2.1; +http://www.google.com/bot.html)" 136 **0/136281**
66.249.72.228 - - [03/Aug/2026:02:55:38 -0700] "GET /?p=30343918871100 HTTP/1.1" 200 18556 "-" "Mozilla/5.0 (Linux; Android 6.0.1; Nexus 5X Build/MMB29P) AppleWebKit/537.36 (KHTML, like Gecko) Chrome/150.0.7871.186 Mobile Safari/537.36 (compatible; Googlebot/2.1; +http://www.google.com/bot.html)" 340 **0/340560**
66.249.72.227 - - [03/Aug/2026:02:55:43 -0700] "GET /?p=38969146871100 HTTP/1.1" 200 18473 "-" "Mozilla/5.0 (Linux; Android 6.0.1; Nexus 5X Build/MMB29P) AppleWebKit/537.36 (KHTML, like Gecko) Chrome/150.0.7871.186 Mobile Safari/537.36 (compatible; Googlebot/2.1; +http://www.google.com/bot.html)" 321 **0/321191**
88.85.33.148 - - [03/Aug/2026:02:55:50 -0700] "GET /?p=47180627471100 HTTP/2.0" 200 4494 "-" "Mozilla/5.0 (Windows NT 10.0; Win64; x64) AppleWebKit/537.36 (KHTML, like Gecko) Chrome/150.0.0.0 Safari/537.36" 121 **0/121292**
88.85.33.148 - - [03/Aug/2026:02:55:52 -0700] "GET /favicon.ico HTTP/2.0" 200 4495 "https://focbs.com/?p=47180627471100" "Mozilla/5.0 (Windows NT 10.0; Win64; x64) AppleWebKit/537.36 (KHTML, like Gecko) Chrome/150.0.0.0 Safari/537.36" 154 **0/154548**
66.249.72.227 - - [03/Aug/2026:02:56:05 -0700] "GET /?product/review/52852355671100 HTTP/1.1" 200 18939 "-" "Mozilla/5.0 (Linux; Android 6.0.1; Nexus 5X Build/MMB29P) AppleWebKit/537.36 (KHTML, like Gecko) Chrome/150.0.7871.186 Mobile Safari/537.36 (compatible; Googlebot/2.1; +http://www.google.com/bot.html)" 318 **0/318670**
66.249.72.227 - - [03/Aug/2026:02:56:06 -0700] "GET /2018/08?fileloc=/home/l2pbkn5l6xav/public_html/google883388b3cc1da8b0.html&path=/home/l2pbkn5l6xav/public_html HTTP/1.1" 200 2515 "-" "Mozilla/5.0 (Linux; Android 6.0.1; Nexus 5X Build/MMB29P) AppleWebKit/537.36 (KHTML, like Gecko) Chrome/150.0.7871.186 Mobile Safari/537.36 (compatible; Googlebot/2.1; +http://www.google.com/bot.html)" 287 **0/287671**
47.128.96.0 - - [03/Aug/2026:02:56:09 -0700] "GET /pt/blog/ HTTP/2.0" 403 13 "-" "Mozilla/5.0 (Linux; Android 5.0) AppleWebKit/537.36 (KHTML, like Gecko) Mobile Safari/537.36 (compatible; Bytespider; https://bytedance.sg.larkoffice.com/docx/K5bxdypulop3IIxrJb0lOjLVgFe)" 16 **0/16073**
66.249.72.227 - - [03/Aug/2026:02:56:17 -0700] "GET /2018/08?fileloc=/home/l2pbkn5l6xav/public_html/readme.html&path=/home/l2pbkn5l6xav/public_html HTTP/1.1" 200 5524 "-" "Mozilla/5.0 (Linux; Android 6.0.1; Nexus 5X Build/MMB29P) AppleWebKit/537.36 (KHTML, like Gecko) Chrome/150.0.7871.186 Mobile Safari/537.36 (compatible; Googlebot/2.1; +http://www.google.com/bot.html)" 123 **0/123833**
66.249.72.227 - - [03/Aug/2026:02:56:26 -0700] "GET /?product/category/view_more/3263521871100 HTTP/1.1" 200 18773 "-" "Mozilla/5.0 (Linux; Android 6.0.1; Nexus 5X Build/MMB29P) AppleWebKit/537.36 (KHTML, like Gecko) Chrome/150.0.7871.186 Mobile Safari/537.36 (compatible; Googlebot/2.1; +http://www.google.com/bot.html)" 314 **0/314942**
66.249.72.227 - - [03/Aug/2026:02:56:29 -0700] "GET /?p=21657336271100 HTTP/1.1" 200 18417 "-" "Mozilla/5.0 (compatible; Googlebot/2.1; +http://www.google.com/bot.html)" 312 **0/312697**
47.148.68.17 - - [03/Aug/2026:02:56:35 -0700] "GET / HTTP/2.0" 200 4495 "-" "Mozilla/5.0 (Macintosh; Intel Mac OS X 10_15_7) AppleWebKit/537.36 (KHTML, like Gecko) Chrome/149.0.0.0 Safari/537.36" 123 **0/123965**
47.148.68.17 - - [03/Aug/2026:02:56:35 -0700] "GET /?p=68727462271100 HTTP/2.0" 200 4494 "https://focbs.com/" "Mozilla/5.0 (Macintosh; Intel Mac OS X 10_15_7) AppleWebKit/537.36 (KHTML, like Gecko) Chrome/149.0.0.0 Safari/537.36" 121 **0/121876**
66.249.72.227 - - [03/Aug/2026:02:56:36 -0700] "GET /?p=52642549071100 HTTP/1.1" 200 18730 "-" "Mozilla/5.0 (Linux; Android 6.0.1; Nexus 5X Build/MMB29P) AppleWebKit/537.36 (KHTML, like Gecko) Chrome/150.0.7871.186 Mobile Safari/537.36 (compatible; GoogleOther)" 316 **0/316218**
66.249.72.227 - - [03/Aug/2026:02:57:04 -0700] "GET /?product/review/74191357671100 HTTP/1.1" 200 18302 "-" "Mozilla/5.0 (compatible; Googlebot/2.1; +http://www.google.com/bot.html)" 322 **0/322039**
65.21.47.11 - - [03/Aug/2026:02:57:27 -0700] "GET / HTTP/1.1" 200 6989 "-" "Mozilla/5.0 (Macintosh; Intel Mac OS X 10_15_7) AppleWebKit/537.36 (KHTML, like Gecko) Chrome/134.0.0.0 Safari/537.36" 3 **0/3413**
65.21.47.11 - - [03/Aug/2026:02:57:27 -0700] "POST /xmlrpc.php HTTP/1.1" 200 7002 "https://focbs.com" "Mozilla/5.0 (Macintosh; Intel Mac OS X 10_15_7) AppleWebKit/537.36 (KHTML, like Gecko) Chrome/134.0.0.0 Safari/537.36" 3 **0/3183**
66.249.72.227 - - [03/Aug/2026:02:57:32 -0700] "GET /?p=36580348471100 HTTP/1.1" 200 18349 "-" "Mozilla/5.0 (Linux; Android 6.0.1; Nexus 5X Build/MMB29P) AppleWebKit/537.36 (KHTML, like Gecko) Chrome/150.0.7871.186 Mobile Safari/537.36 (compatible; Googlebot/2.1; +http://www.google.com/bot.html)" 331 **0/331394**
66.249.72.228 - - [03/Aug/2026:02:57:36 -0700] "GET /?p=26588305671100 HTTP/1.1" 200 18956 "-" "Mozilla/5.0 (compatible; Googlebot/2.1; +http://www.google.com/bot.html)" 317 **0/317203**
66.249.72.227 - - [03/Aug/2026:02:57:45 -0700] "GET /?p=29488568471100 HTTP/1.1" 200 19809 "-" "Mozilla/5.0 (compatible; Googlebot/2.1; +http://www.google.com/bot.html)" 337 **0/337992**
66.249.72.227 - - [03/Aug/2026:02:57:55 -0700] "GET /pt/2026/07/17/seo-super-tool-probe-2f0869f7/?path=/home/l2pbkn5l6xav/public_html/wp-admin HTTP/1.1" 200 6696 "-" "Mozilla/5.0 (Linux; Android 6.0.1; Nexus 5X Build/MMB29P) AppleWebKit/537.36 (KHTML, like Gecko) Chrome/150.0.7871.186 Mobile Safari/537.36 (compatible; Googlebot/2.1; +http://www.google.com/bot.html)" 118 **0/118779**
66.249.72.227 - - [03/Aug/2026:02:57:55 -0700] "GET /?product/category/view_more/14661438471100 HTTP/1.1" 200 19993 "-" "Mozilla/5.0 (Linux; Android 6.0.1; Nexus 5X Build/MMB29P) AppleWebKit/537.36 (KHTML, like Gecko) Chrome/150.0.7871.186 Mobile Safari/537.36 (compatible; Googlebot/2.1; +http://www.google.com/bot.html)" 372 **0/372443**
51.107.70.205 - - [03/Aug/2026:02:58:04 -0700] "GET /?product/category/view_more/62400043271100= HTTP/2.0" 200 7070 "-" "Mozilla/5.0 AppleWebKit/537.36 (KHTML, like Gecko); compatible; ChatGPT-User/1.0; +https://openai.com/bot" 3 **0/3770**
66.249.72.229 - - [03/Aug/2026:02:58:08 -0700] "GET /pt/mansao-do-caminho/?fileloc=/home/l2pbkn5l6xav/public_html/google04a3734b5543adbf.html&path=/home/l2pbkn5l6xav/public_html HTTP/1.1" 200 2516 "-" "Mozilla/5.0 (Linux; Android 6.0.1; Nexus 5X Build/MMB29P) AppleWebKit/537.36 (KHTML, like Gecko) Chrome/150.0.7871.186 Mobile Safari/537.36 (compatible; Googlebot/2.1; +http://www.google.com/bot.html)" 142 **0/142918**
66.249.72.229 - - [03/Aug/2026:02:58:10 -0700] "GET /?shop/sold?id=top55076967271100 HTTP/1.1" 200 19226 "-" "Mozilla/5.0 (Linux; Android 6.0.1; Nexus 5X Build/MMB29P) AppleWebKit/537.36 (KHTML, like Gecko) Chrome/150.0.7871.186 Mobile Safari/537.36 (compatible; Googlebot/2.1; +http://www.google.com/bot.html)" 365 **0/365829**
74.7.229.177 - - [03/Aug/2026:02:58:25 -0700] "GET /?product%2Fcategory%2Fview_more%2F62400043271100 HTTP/2.0" 200 4494 "-" "Mozilla/5.0 (Macintosh; Intel Mac OS X 10_15_7) AppleWebKit/537.36 (KHTML, like Gecko) Chrome/131.0.0.0 Safari/537.36; compatible; OAI-SearchBot/1.4; +https://openai.com/searchbot" 117 **0/117934**
66.249.72.227 - - [03/Aug/2026:02:59:01 -0700] "GET /?p=14325503271100 HTTP/1.1" 200 18852 "-" "Mozilla/5.0 (Linux; Android 6.0.1; Nexus 5X Build/MMB29P) AppleWebKit/537.36 (KHTML, like Gecko) Chrome/150.0.7871.186 Mobile Safari/537.36 (compatible; GoogleOther)" 345 **0/345480**
66.249.72.228 - - [03/Aug/2026:02:59:11 -0700] "GET /pt/2026/07/17/?path=/home/l2pbkn5l6xav/public_html/wp-includes HTTP/1.1" 200 11884 "-" "Mozilla/5.0 (Linux; Android 6.0.1; Nexus 5X Build/MMB29P) AppleWebKit/537.36 (KHTML, like Gecko) Chrome/150.0.7871.186 Mobile Safari/537.36 (compatible; Googlebot/2.1; +http://www.google.com/bot.html)" 142 **0/142421**
66.249.72.228 - - [03/Aug/2026:02:59:12 -0700] "GET /?product/category/view_more/17236441271100 HTTP/1.1" 200 19908 "-" "Mozilla/5.0 (Linux; Android 6.0.1; Nexus 5X Build/MMB29P) AppleWebKit/537.36 (KHTML, like Gecko) Chrome/150.0.7871.186 Mobile Safari/537.36 (compatible; GoogleOther)" 345 **0/345989**
66.249.72.227 - - [03/Aug/2026:02:59:44 -0700] "GET /?p=43782049671100 HTTP/1.1" 200 18238 "-" "Mozilla/5.0 (compatible; Googlebot/2.1; +http://www.google.com/bot.html)" 329 **0/329437**
216.26.247.9 - - [03/Aug/2026:02:59:46 -0700] "GET /index.php?rest_route=/ HTTP/2.0" 200 7005 "-" "Mozilla/5.0 (Windows NT 10.0; Win64; x64; rv:133.0) Gecko/20100101 Firefox/133.0" 4 **0/4122**
18.97.9.103 - - [03/Aug/2026:02:59:52 -0700] "GET /?p=74093585071100 HTTP/1.1" 200 7035 "-" "Mozilla/5.0 AppleWebKit/537.36 (KHTML, like Gecko; compatible; PerplexityBot/1.0; +https://perplexity.ai/perplexitybot)" 4 **0/4034**
108.165.180.109 - - [03/Aug/2026:03:00:06 -0700] "GET /3193-rank213 HTTP/1.1" 200 18331 "-" "Mozilla/5.0 (compatible; bingbot/2.0; +http://www.bing.com/bingbot.htm)" 335 **0/335381**
104.164.106.84 - - [03/Aug/2026:03:00:10 -0700] "GET /pt/blog/ HTTP/2.0" 200 4495 "-" "Mozilla/5.0 (Linux; Android 5.0; SM-G900P Build/LRX21T) AppleWebKit/537.36 (KHTML, like Gecko) Chrome/53.0.1394.1544 Mobile Safari/537.36" 130 **0/130485**
209.50.180.183 - - [03/Aug/2026:03:00:17 -0700] "GET /xmlrpc.php HTTP/2.0" 200 7074 "-" "Mozilla/5.0 (Macintosh; Intel Mac OS X 10_15_7) AppleWebKit/605.1.15 (KHTML, like Gecko) Version/18.0 Safari/605.1.15" 3 **0/3137**
216.26.249.53 - - [03/Aug/2026:03:00:18 -0700] "POST /xmlrpc.php HTTP/2.0" 200 4494 "-" "Mozilla/5.0 (Windows NT 10.0; Win64; x64; rv:133.0) Gecko/20100101 Firefox/133.0" 65 **0/65514**
104.207.32.220 - - [03/Aug/2026:03:00:19 -0700] "POST /xmlrpc.php HTTP/2.0" 200 4494 "-" "Mozilla/5.0 (Windows NT 10.0; Win64; x64) AppleWebKit/537.36 (KHTML, like Gecko) Chrome/124.0.0.0 Safari/537.36" 53 **0/53421**
