74.7.243.247 - - [05/Aug/2026:01:54:57 -0700] "GET /?path=//proc/719607/cwd/opt/cloudlinux/venv/lib64/python3.11 HTTP/2.0" 200 2604 "https://focbs.com/?path=//proc/719607/cwd/opt/cloudlinux/venv/lib64" "Mozilla/5.0 AppleWebKit/537.36 (KHTML, like Gecko; compatible; GPTBot/1.4; +https://openai.com/gptbot)" 106 **0/106356**
57.141.18.94 - - [05/Aug/2026:01:54:58 -0700] "GET /2026/07/19/utmaningar-for-casino-utan-svensk-licens-med-10-euro-insattningar-en-vaxande-oro/?fileloc=/home/l2pbkn5l6xav/mail/new/1612872755.M978586P1337208.a2plcpnl0805.prod.iad2.secureserver.net,S=5183,W=5270&path=/home/l2pbkn5l6xav/mail/new HTTP/2.0" 200 4402 "-" "Mozilla/5.0 (Macintosh; Intel Mac OS X 10_15_7) AppleWebKit/537.36 (KHTML, like Gecko) Chrome/145.0.0.0 Safari/537.36 (compatible; meta-externalagent/1.1 (+https://developers.facebook.com/docs/sharing/webmasters/crawler))" 117 **0/117573**
74.7.243.247 - - [05/Aug/2026:01:55:00 -0700] "GET /?path=//proc/719607/root/proc/self/root/lib/dracut/modules.d/40network HTTP/2.0" 200 2615 "https://focbs.com/?path=//proc/719607/root/proc/self/root/lib/dracut/modules.d" "Mozilla/5.0 AppleWebKit/537.36 (KHTML, like Gecko; compatible; GPTBot/1.4; +https://openai.com/gptbot)" 105 **0/105081**
216.73.216.114 - - [05/Aug/2026:01:55:01 -0700] "GET /?fileloc=%2F%2Fusr%2Flib64%2Fpkgconfig%2Fext2fs.pc&path=%2F%2Fusr%2Flib64%2Fpkgconfig HTTP/2.0" 200 2621 "-" "Mozilla/5.0 AppleWebKit/537.36 (KHTML, like Gecko; compatible; ClaudeBot/1.0; +claudebot@anthropic.com)" 131 **0/131295**
74.7.243.247 - - [05/Aug/2026:01:55:04 -0700] "GET /?path=//proc/719607/root/proc/self/root/lib/dracut/modules.d/05busybox HTTP/2.0" 200 2614 "https://focbs.com/?path=//proc/719607/root/proc/self/root/lib/dracut/modules.d" "Mozilla/5.0 AppleWebKit/537.36 (KHTML, like Gecko; compatible; GPTBot/1.4; +https://openai.com/gptbot)" 113 **0/113579**
216.73.216.114 - - [05/Aug/2026:01:55:06 -0700] "GET /?path=%2Fhome%2Fl2pbkn5l6xav%2Fpublic_html%2Fwp-includes%2Fsodium_compat%2Fsrc HTTP/2.0" 200 3171 "-" "Mozilla/5.0 AppleWebKit/537.36 (KHTML, like Gecko; compatible; ClaudeBot/1.0; +claudebot@anthropic.com)" 120 **0/120829**
74.7.243.247 - - [05/Aug/2026:01:55:07 -0700] "GET /?path=//proc/719607/root/proc/self/root/lib/dracut/modules.d/80lvmmerge HTTP/2.0" 200 2615 "https://focbs.com/?path=//proc/719607/root/proc/self/root/lib/dracut/modules.d" "Mozilla/5.0 AppleWebKit/537.36 (KHTML, like Gecko; compatible; GPTBot/1.4; +https://openai.com/gptbot)" 111 **0/111913**
57.141.18.41 - - [05/Aug/2026:01:55:09 -0700] "GET /2026/07/19/utmaningar-for-casino-utan-svensk-licens-med-10-euro-insattningar-en-vaxande-oro/?fileloc=/home/l2pbkn5l6xav/mail/new/1608891523.M250422P390338.a2plcpnl0805.prod.iad2.secureserver.net,S=5405,W=5493&path=/home/l2pbkn5l6xav/mail/new HTTP/2.0" 200 4539 "-" "Mozilla/5.0 (X11; Linux x86_64) AppleWebKit/537.36 (KHTML, like Gecko) Chrome/145.0.0.0 Safari/537.36 (compatible; meta-externalagent/1.1 (+https://developers.facebook.com/docs/sharing/webmasters/crawler))" 119 **0/119682**
74.7.243.247 - - [05/Aug/2026:01:55:09 -0700] "GET /?path=//proc/719607/root/lib/dracut/modules.d/99uefi-lib HTTP/2.0" 200 2590 "https://focbs.com/?path=//proc/719607/root/lib/dracut/modules.d" "Mozilla/5.0 AppleWebKit/537.36 (KHTML, like Gecko; compatible; GPTBot/1.4; +https://openai.com/gptbot)" 113 **0/113608**
66.249.72.229 - - [05/Aug/2026:01:55:10 -0700] "GET /?product/review/8883486471100 HTTP/1.1" 200 16010 "-" "Mozilla/5.0 (Linux; Android 6.0.1; Nexus 5X Build/MMB29P) AppleWebKit/537.36 (KHTML, like Gecko) Chrome/150.0.7871.186 Mobile Safari/537.36 (compatible; Googlebot/2.1; +http://www.google.com/bot.html)" 256 **0/256905**
216.73.216.114 - - [05/Aug/2026:01:55:11 -0700] "GET /?fileloc=%2F%2Fusr%2Fshare%2Fman%2Fman3%2FFcPatternIterNext.3.gz&path=%2F%2Fusr%2Fshare%2Fman%2Fman3 HTTP/2.0" 200 2511 "-" "Mozilla/5.0 AppleWebKit/537.36 (KHTML, like Gecko; compatible; ClaudeBot/1.0; +claudebot@anthropic.com)" 137 **0/137407**
74.7.243.247 - - [05/Aug/2026:01:55:12 -0700] "GET /?path=//proc/719607/root/proc/self/root/lib/games HTTP/2.0" 200 2583 "https://focbs.com/?path=//proc/719607/root/proc/self/root/lib" "Mozilla/5.0 AppleWebKit/537.36 (KHTML, like Gecko; compatible; GPTBot/1.4; +https://openai.com/gptbot)" 115 **0/115706**
66.249.72.228 - - [05/Aug/2026:01:55:13 -0700] "GET /?productSearch/pictureSearch?id=15545561871100 HTTP/1.1" 200 17196 "-" "Mozilla/5.0 (Linux; Android 6.0.1; Nexus 5X Build/MMB29P) AppleWebKit/537.36 (KHTML, like Gecko) Chrome/150.0.7871.186 Mobile Safari/537.36 (compatible; Googlebot/2.1; +http://www.google.com/bot.html)" 282 **0/282083**
66.249.72.228 - - [05/Aug/2026:01:55:13 -0700] "GET /?p=34795894271100 HTTP/1.1" 200 18450 "-" "Mozilla/5.0 (Linux; Android 6.0.1; Nexus 5X Build/MMB29P) AppleWebKit/537.36 (KHTML, like Gecko) Chrome/150.0.7871.186 Mobile Safari/537.36 (compatible; Googlebot/2.1; +http://www.google.com/bot.html)" 313 **0/313199**
74.7.243.247 - - [05/Aug/2026:01:55:14 -0700] "GET /?path=//proc/719607/cwd/lib/systemd/system-sleep HTTP/2.0" 200 2575 "https://focbs.com/?path=//proc/719607/cwd/lib/systemd" "Mozilla/5.0 AppleWebKit/537.36 (KHTML, like Gecko; compatible; GPTBot/1.4; +https://openai.com/gptbot)" 113 **0/113001**
74.7.243.247 - - [05/Aug/2026:01:55:16 -0700] "GET /?path=//proc/719607/root/var/cache/man/pt_BR HTTP/2.0" 200 2585 "https://focbs.com/?path=//proc/719607/root/var/cache/man" "Mozilla/5.0 AppleWebKit/537.36 (KHTML, like Gecko; compatible; GPTBot/1.4; +https://openai.com/gptbot)" 123 **0/123713**
74.7.243.247 - - [05/Aug/2026:01:55:18 -0700] "GET /?path=//proc/719607/root/proc/self/root/lib/firmware/nvidia/tegra124 HTTP/2.0" 200 2612 "https://focbs.com/?path=//proc/719607/root/proc/self/root/lib/firmware/nvidia" "Mozilla/5.0 AppleWebKit/537.36 (KHTML, like Gecko; compatible; GPTBot/1.4; +https://openai.com/gptbot)" 116 **0/116073**
57.141.18.73 - - [05/Aug/2026:01:55:18 -0700] "GET /2026/07/19/utmaningar-for-casino-utan-svensk-licens-med-10-euro-insattningar-en-vaxande-oro/?fileloc=/home/l2pbkn5l6xav/mail/new/1592333267.M757857P2505576.a2plcpnl0805.prod.iad2.secureserver.net,S=5345,W=5432&path=/home/l2pbkn5l6xav/mail/new HTTP/2.0" 200 4512 "-" "Mozilla/5.0 (Windows NT 10.0; Win64; x64) AppleWebKit/537.36 (KHTML, like Gecko) Chrome/145.0.0.0 Safari/537.36 (compatible; meta-externalagent/1.1 (+https://developers.facebook.com/docs/sharing/webmasters/crawler))" 119 **0/119854**
74.7.243.247 - - [05/Aug/2026:01:55:19 -0700] "GET /?path=//proc/719607/cwd/etc/cl.selector.conf.d/php.extensions.d HTTP/2.0" 200 2587 "https://focbs.com/?path=//proc/719607/cwd/etc/cl.selector.conf.d" "Mozilla/5.0 AppleWebKit/537.36 (KHTML, like Gecko; compatible; GPTBot/1.4; +https://openai.com/gptbot)" 124 **0/124710**
74.7.243.247 - - [05/Aug/2026:01:55:21 -0700] "GET /?path=//proc/719607/root/proc/self/root/var/php HTTP/2.0" 200 2583 "https://focbs.com/?path=//proc/719607/root/proc/self/root/var" "Mozilla/5.0 AppleWebKit/537.36 (KHTML, like Gecko; compatible; GPTBot/1.4; +https://openai.com/gptbot)" 112 **0/112729**
74.7.243.247 - - [05/Aug/2026:01:55:22 -0700] "GET /?path=//proc/719607/root/proc/self/root/lib/locale/en_HK HTTP/2.0" 200 2596 "https://focbs.com/?path=//proc/719607/root/proc/self/root/lib/locale" "Mozilla/5.0 AppleWebKit/537.36 (KHTML, like Gecko; compatible; GPTBot/1.4; +https://openai.com/gptbot)" 118 **0/118797**
74.7.243.247 - - [05/Aug/2026:01:55:23 -0700] "GET /?path=//proc/719607/root/proc/self/root/lib/locale/en_DK HTTP/2.0" 200 2597 "https://focbs.com/?path=//proc/719607/root/proc/self/root/lib/locale" "Mozilla/5.0 AppleWebKit/537.36 (KHTML, like Gecko; compatible; GPTBot/1.4; +https://openai.com/gptbot)" 113 **0/113785**
74.7.243.247 - - [05/Aug/2026:01:55:24 -0700] "GET /?path=//proc/719607/root/proc/self/root/lib/locale/de_DE HTTP/2.0" 200 2596 "https://focbs.com/?path=//proc/719607/root/proc/self/root/lib/locale" "Mozilla/5.0 AppleWebKit/537.36 (KHTML, like Gecko; compatible; GPTBot/1.4; +https://openai.com/gptbot)" 112 **0/112051**
74.7.243.247 - - [05/Aug/2026:01:55:25 -0700] "GET /?path=//proc/719607/root/proc/self/root/lib/locale/de_IT HTTP/2.0" 200 2596 "https://focbs.com/?path=//proc/719607/root/proc/self/root/lib/locale" "Mozilla/5.0 AppleWebKit/537.36 (KHTML, like Gecko; compatible; GPTBot/1.4; +https://openai.com/gptbot)" 113 **0/113794**
74.7.243.247 - - [05/Aug/2026:01:55:26 -0700] "GET /?path=//proc/719607/root/proc/self/root/lib/locale/de_CH HTTP/2.0" 200 2596 "https://focbs.com/?path=//proc/719607/root/proc/self/root/lib/locale" "Mozilla/5.0 AppleWebKit/537.36 (KHTML, like Gecko; compatible; GPTBot/1.4; +https://openai.com/gptbot)" 109 **0/109841**
74.7.243.247 - - [05/Aug/2026:01:55:27 -0700] "GET /?path=//proc/719607/root/proc/self/root/lib/locale/en_AG HTTP/2.0" 200 2597 "https://focbs.com/?path=//proc/719607/root/proc/self/root/lib/locale" "Mozilla/5.0 AppleWebKit/537.36 (KHTML, like Gecko; compatible; GPTBot/1.4; +https://openai.com/gptbot)" 112 **0/112827**
74.7.243.247 - - [05/Aug/2026:01:55:27 -0700] "GET /?path=//proc/719607/root/proc/self/root/lib/locale/en_ZA HTTP/2.0" 200 2596 "https://focbs.com/?path=//proc/719607/root/proc/self/root/lib/locale" "Mozilla/5.0 AppleWebKit/537.36 (KHTML, like Gecko; compatible; GPTBot/1.4; +https://openai.com/gptbot)" 109 **0/109353**
74.7.243.247 - - [05/Aug/2026:01:55:28 -0700] "GET /?path=//proc/719607/root/proc/self/root/lib/locale/de_AT HTTP/2.0" 200 2597 "https://focbs.com/?path=//proc/719607/root/proc/self/root/lib/locale" "Mozilla/5.0 AppleWebKit/537.36 (KHTML, like Gecko; compatible; GPTBot/1.4; +https://openai.com/gptbot)" 109 **0/109401**
57.141.18.2 - - [05/Aug/2026:01:55:28 -0700] "GET /2026/07/18/exploring-the-appeal-of-mostbet-oferuje-bogaty-wybor-gier-in-2023/?fileloc=//lib64/libndp.so.0&path=//lib64 HTTP/2.0" 200 2477 "-" "Mozilla/5.0 (Windows NT 10.0; Win64; x64) AppleWebKit/537.36 (KHTML, like Gecko) Chrome/145.0.0.0 Safari/537.36 (compatible; meta-externalagent/1.1 (+https://developers.facebook.com/docs/sharing/webmasters/crawler))" 111 **0/111665**
74.7.243.247 - - [05/Aug/2026:01:55:28 -0700] "GET /?path=//proc/719607/root/proc/self/root/lib/locale/de_BE HTTP/2.0" 200 2596 "https://focbs.com/?path=//proc/719607/root/proc/self/root/lib/locale" "Mozilla/5.0 AppleWebKit/537.36 (KHTML, like Gecko; compatible; GPTBot/1.4; +https://openai.com/gptbot)" 120 **0/120338**
74.7.243.247 - - [05/Aug/2026:01:55:29 -0700] "GET /?path=//proc/719607/root/proc/self/root/lib/locale/en_IL HTTP/2.0" 200 2596 "https://focbs.com/?path=//proc/719607/root/proc/self/root/lib/locale" "Mozilla/5.0 AppleWebKit/537.36 (KHTML, like Gecko; compatible; GPTBot/1.4; +https://openai.com/gptbot)" 112 **0/112291**
74.7.243.247 - - [05/Aug/2026:01:55:29 -0700] "GET /?path=//proc/719607/root/proc/self/root/lib/locale/en_IE HTTP/2.0" 200 2596 "https://focbs.com/?path=//proc/719607/root/proc/self/root/lib/locale" "Mozilla/5.0 AppleWebKit/537.36 (KHTML, like Gecko; compatible; GPTBot/1.4; +https://openai.com/gptbot)" 111 **0/111528**
74.7.243.247 - - [05/Aug/2026:01:55:30 -0700] "GET /?path=//proc/719607/root/proc/self/root/lib/locale/en_AU HTTP/2.0" 200 2596 "https://focbs.com/?path=//proc/719607/root/proc/self/root/lib/locale" "Mozilla/5.0 AppleWebKit/537.36 (KHTML, like Gecko; compatible; GPTBot/1.4; +https://openai.com/gptbot)" 120 **0/120313**
74.7.243.247 - - [05/Aug/2026:01:55:31 -0700] "GET /?path=//proc/719607/root/proc/self/root/lib/locale/en_GB HTTP/2.0" 200 2597 "https://focbs.com/?path=//proc/719607/root/proc/self/root/lib/locale" "Mozilla/5.0 AppleWebKit/537.36 (KHTML, like Gecko; compatible; GPTBot/1.4; +https://openai.com/gptbot)" 116 **0/116640**
74.7.243.247 - - [05/Aug/2026:01:55:31 -0700] "GET /?path=//proc/719607/root/proc/self/root/lib/locale/en_PH HTTP/2.0" 200 2596 "https://focbs.com/?path=//proc/719607/root/proc/self/root/lib/locale" "Mozilla/5.0 AppleWebKit/537.36 (KHTML, like Gecko; compatible; GPTBot/1.4; +https://openai.com/gptbot)" 115 **0/115939**
74.7.243.247 - - [05/Aug/2026:01:55:32 -0700] "GET /?path=//proc/719607/root/proc/self/root/lib/locale/en_ZM HTTP/2.0" 200 2596 "https://focbs.com/?path=//proc/719607/root/proc/self/root/lib/locale" "Mozilla/5.0 AppleWebKit/537.36 (KHTML, like Gecko; compatible; GPTBot/1.4; +https://openai.com/gptbot)" 108 **0/108561**
74.7.243.247 - - [05/Aug/2026:01:55:32 -0700] "GET /?path=//proc/719607/root/proc/self/root/lib/locale/en_IN HTTP/2.0" 200 2596 "https://focbs.com/?path=//proc/719607/root/proc/self/root/lib/locale" "Mozilla/5.0 AppleWebKit/537.36 (KHTML, like Gecko; compatible; GPTBot/1.4; +https://openai.com/gptbot)" 116 **0/116490**
74.7.243.247 - - [05/Aug/2026:01:55:33 -0700] "GET /?path=//proc/719607/root/proc/self/root/lib/locale/en_SG HTTP/2.0" 200 2596 "https://focbs.com/?path=//proc/719607/root/proc/self/root/lib/locale" "Mozilla/5.0 AppleWebKit/537.36 (KHTML, like Gecko; compatible; GPTBot/1.4; +https://openai.com/gptbot)" 108 **0/108969**
74.7.243.247 - - [05/Aug/2026:01:55:33 -0700] "GET /?path=//proc/719607/root/proc/self/root/lib/locale/en_US HTTP/2.0" 200 2596 "https://focbs.com/?path=//proc/719607/root/proc/self/root/lib/locale" "Mozilla/5.0 AppleWebKit/537.36 (KHTML, like Gecko; compatible; GPTBot/1.4; +https://openai.com/gptbot)" 108 **0/108452**
74.7.243.247 - - [05/Aug/2026:01:55:34 -0700] "GET /?path=//proc/719607/root/proc/self/root/lib/locale/en_NZ HTTP/2.0" 200 2596 "https://focbs.com/?path=//proc/719607/root/proc/self/root/lib/locale" "Mozilla/5.0 AppleWebKit/537.36 (KHTML, like Gecko; compatible; GPTBot/1.4; +https://openai.com/gptbot)" 111 **0/111308**
74.7.243.247 - - [05/Aug/2026:01:55:34 -0700] "GET /?path=//proc/719607/root/proc/self/root/lib/locale/en_CA HTTP/2.0" 200 2596 "https://focbs.com/?path=//proc/719607/root/proc/self/root/lib/locale" "Mozilla/5.0 AppleWebKit/537.36 (KHTML, like Gecko; compatible; GPTBot/1.4; +https://openai.com/gptbot)" 110 **0/110425**
74.7.243.247 - - [05/Aug/2026:01:55:35 -0700] "GET /?path=//proc/719607/root/proc/self/root/lib/locale/en_ZW HTTP/2.0" 200 2596 "https://focbs.com/?path=//proc/719607/root/proc/self/root/lib/locale" "Mozilla/5.0 AppleWebKit/537.36 (KHTML, like Gecko; compatible; GPTBot/1.4; +https://openai.com/gptbot)" 107 **0/107243**
74.7.243.247 - - [05/Aug/2026:01:55:35 -0700] "GET /?path=//proc/719607/root/proc/self/root/lib/locale/en_BW HTTP/2.0" 200 2596 "https://focbs.com/?path=//proc/719607/root/proc/self/root/lib/locale" "Mozilla/5.0 AppleWebKit/537.36 (KHTML, like Gecko; compatible; GPTBot/1.4; +https://openai.com/gptbot)" 102 **0/102433**
74.7.243.247 - - [05/Aug/2026:01:55:36 -0700] "GET /?path=//proc/719607/root/proc/self/root/lib/locale/de_LU HTTP/2.0" 200 2596 "https://focbs.com/?path=//proc/719607/root/proc/self/root/lib/locale" "Mozilla/5.0 AppleWebKit/537.36 (KHTML, like Gecko; compatible; GPTBot/1.4; +https://openai.com/gptbot)" 115 **0/115026**
74.7.243.247 - - [05/Aug/2026:01:55:36 -0700] "GET /?path=//proc/719607/root/proc/self/root/lib/locale/en_NG HTTP/2.0" 200 2596 "https://focbs.com/?path=//proc/719607/root/proc/self/root/lib/locale" "Mozilla/5.0 AppleWebKit/537.36 (KHTML, like Gecko; compatible; GPTBot/1.4; +https://openai.com/gptbot)" 117 **0/117712**
74.7.243.247 - - [05/Aug/2026:01:55:37 -0700] "GET /?path=//proc/719607/cwd/proc/sys/kernel/firmware_config HTTP/2.0" 200 2586 "https://focbs.com/?path=//proc/719607/cwd/proc/sys/kernel" "Mozilla/5.0 AppleWebKit/537.36 (KHTML, like Gecko; compatible; GPTBot/1.4; +https://openai.com/gptbot)" 101 **0/101688**
57.141.18.56 - - [05/Aug/2026:01:55:37 -0700] "GET /2026/07/19/jak-aktywowac-voucher-free-spins-w-mostbet-dla-doswiadczonych-graczy/?fileloc=//lib64/libnpth.so.0.1.1&path=//lib64 HTTP/2.0" 200 2481 "-" "Mozilla/5.0 (Windows NT 10.0; Win64; x64) AppleWebKit/537.36 (KHTML, like Gecko) Chrome/145.0.0.0 Safari/537.36 (compatible; meta-externalagent/1.1 (+https://developers.facebook.com/docs/sharing/webmasters/crawler))" 97 **0/97751**
74.7.243.247 - - [05/Aug/2026:01:55:37 -0700] "GET /?path=//proc/719607/cwd/proc/irq/79 HTTP/2.0" 200 2566 "https://focbs.com/?path=//proc/719607/cwd/proc/irq" "Mozilla/5.0 AppleWebKit/537.36 (KHTML, like Gecko; compatible; GPTBot/1.4; +https://openai.com/gptbot)" 102 **0/102712**
74.7.243.247 - - [05/Aug/2026:01:55:38 -0700] "GET /?path=//proc/719607/cwd/proc/irq/77 HTTP/2.0" 200 2565 "https://focbs.com/?path=//proc/719607/cwd/proc/irq" "Mozilla/5.0 AppleWebKit/537.36 (KHTML, like Gecko; compatible; GPTBot/1.4; +https://openai.com/gptbot)" 118 **0/118551**
74.7.243.247 - - [05/Aug/2026:01:55:38 -0700] "GET /?path=//proc/719607/cwd/proc/irq/67 HTTP/2.0" 200 2566 "https://focbs.com/?path=//proc/719607/cwd/proc/irq" "Mozilla/5.0 AppleWebKit/537.36 (KHTML, like Gecko; compatible; GPTBot/1.4; +https://openai.com/gptbot)" 128 **0/128708**
74.7.243.247 - - [05/Aug/2026:01:55:39 -0700] "GET /?path=//proc/719607/cwd/proc/irq/70 HTTP/2.0" 200 2567 "https://focbs.com/?path=//proc/719607/cwd/proc/irq" "Mozilla/5.0 AppleWebKit/537.36 (KHTML, like Gecko; compatible; GPTBot/1.4; +https://openai.com/gptbot)" 105 **0/105050**
74.7.243.247 - - [05/Aug/2026:01:55:39 -0700] "GET /?path=//proc/719607/cwd/proc/irq/11 HTTP/2.0" 200 2567 "https://focbs.com/?path=//proc/719607/cwd/proc/irq" "Mozilla/5.0 AppleWebKit/537.36 (KHTML, like Gecko; compatible; GPTBot/1.4; +https://openai.com/gptbot)" 119 **0/119639**
74.7.243.247 - - [05/Aug/2026:01:55:40 -0700] "GET /?path=//proc/719607/cwd/proc/irq/66 HTTP/2.0" 200 2567 "https://focbs.com/?path=//proc/719607/cwd/proc/irq" "Mozilla/5.0 AppleWebKit/537.36 (KHTML, like Gecko; compatible; GPTBot/1.4; +https://openai.com/gptbot)" 105 **0/105086**
74.7.243.247 - - [05/Aug/2026:01:55:41 -0700] "GET /?path=//proc/719607/cwd/proc/irq/71 HTTP/2.0" 200 2565 "https://focbs.com/?path=//proc/719607/cwd/proc/irq" "Mozilla/5.0 AppleWebKit/537.36 (KHTML, like Gecko; compatible; GPTBot/1.4; +https://openai.com/gptbot)" 103 **0/103478**
74.7.243.247 - - [05/Aug/2026:01:55:41 -0700] "GET /?path=//proc/719607/cwd/proc/irq/76 HTTP/2.0" 200 2567 "https://focbs.com/?path=//proc/719607/cwd/proc/irq" "Mozilla/5.0 AppleWebKit/537.36 (KHTML, like Gecko; compatible; GPTBot/1.4; +https://openai.com/gptbot)" 111 **0/111644**
74.7.243.247 - - [05/Aug/2026:01:55:42 -0700] "GET /?path=//proc/719607/root/proc/self/root/lib/dracut/modules.d/98haveged HTTP/2.0" 200 2613 "https://focbs.com/?path=//proc/719607/root/proc/self/root/lib/dracut/modules.d" "Mozilla/5.0 AppleWebKit/537.36 (KHTML, like Gecko; compatible; GPTBot/1.4; +https://openai.com/gptbot)" 113 **0/113575**
74.7.243.247 - - [05/Aug/2026:01:55:42 -0700] "GET /?path=//proc/719607/root/proc/self/root/lib/dracut/modules.d/98selinux HTTP/2.0" 200 2612 "https://focbs.com/?path=//proc/719607/root/proc/self/root/lib/dracut/modules.d" "Mozilla/5.0 AppleWebKit/537.36 (KHTML, like Gecko; compatible; GPTBot/1.4; +https://openai.com/gptbot)" 125 **0/125587**
74.7.243.247 - - [05/Aug/2026:01:55:43 -0700] "GET /?path=//proc/719607/root/proc/self/root/lib/dracut/modules.d/05nss-softokn HTTP/2.0" 200 2618 "https://focbs.com/?path=//proc/719607/root/proc/self/root/lib/dracut/modules.d" "Mozilla/5.0 AppleWebKit/537.36 (KHTML, like Gecko; compatible; GPTBot/1.4; +https://openai.com/gptbot)" 114 **0/114658**
57.141.18.83 - - [05/Aug/2026:01:55:43 -0700] "GET /2026/07/19/jak-aktywowac-voucher-free-spins-w-mostbet-dla-doswiadczonych-graczy/?fileloc=//lib64/libunistring.so.2.1.0&path=//lib64 HTTP/2.0" 200 2484 "-" "Mozilla/5.0 (Macintosh; Intel Mac OS X 10_15_7) AppleWebKit/537.36 (KHTML, like Gecko) Chrome/145.0.0.0 Safari/537.36 (compatible; meta-externalagent/1.1 (+https://developers.facebook.com/docs/sharing/webmasters/crawler))" 106 **0/106209**
74.7.243.247 - - [05/Aug/2026:01:55:43 -0700] "GET /?path=//proc/719607/root/proc/self/root/lib/dracut/modules.d/03modsign HTTP/2.0" 200 2614 "https://focbs.com/?path=//proc/719607/root/proc/self/root/lib/dracut/modules.d" "Mozilla/5.0 AppleWebKit/537.36 (KHTML, like Gecko; compatible; GPTBot/1.4; +https://openai.com/gptbot)" 119 **0/119696**
74.7.243.247 - - [05/Aug/2026:01:55:44 -0700] "GET /?path=//proc/719607/root/proc/self/root/lib/dracut/modules.d/95lunmask HTTP/2.0" 200 2614 "https://focbs.com/?path=//proc/719607/root/proc/self/root/lib/dracut/modules.d" "Mozilla/5.0 AppleWebKit/537.36 (KHTML, like Gecko; compatible; GPTBot/1.4; +https://openai.com/gptbot)" 108 **0/108221**
74.7.243.247 - - [05/Aug/2026:01:55:44 -0700] "GET /?path=//proc/719607/cwd/opt/alt/tests/alt-php54-pecl-bz2_filter_1.1.0-1.el8 HTTP/2.0" 200 2607 "https://focbs.com/?path=//proc/719607/cwd/opt/alt/tests" "Mozilla/5.0 AppleWebKit/537.36 (KHTML, like Gecko; compatible; GPTBot/1.4; +https://openai.com/gptbot)" 104 **0/104684**
74.7.243.247 - - [05/Aug/2026:01:55:45 -0700] "GET /?path=//proc/719607/root/proc/self/root/proc HTTP/2.0" 200 2568 "https://focbs.com/?path=//proc/719607/root/proc/self/root" "Mozilla/5.0 AppleWebKit/537.36 (KHTML, like Gecko; compatible; GPTBot/1.4; +https://openai.com/gptbot)" 104 **0/104964**
74.7.243.247 - - [05/Aug/2026:01:55:45 -0700] "GET /?path=//proc/719607/cwd/usr/lib/.build-id/ee HTTP/2.0" 200 2583 "https://focbs.com/?path=//proc/719607/cwd/usr/lib/.build-id" "Mozilla/5.0 AppleWebKit/537.36 (KHTML, like Gecko; compatible; GPTBot/1.4; +https://openai.com/gptbot)" 117 **0/117959**
74.7.243.247 - - [05/Aug/2026:01:55:46 -0700] "GET /?path=//proc/719607/cwd/usr/lib/.build-id/ff HTTP/2.0" 200 2584 "https://focbs.com/?path=//proc/719607/cwd/usr/lib/.build-id" "Mozilla/5.0 AppleWebKit/537.36 (KHTML, like Gecko; compatible; GPTBot/1.4; +https://openai.com/gptbot)" 114 **0/114107**
74.7.243.247 - - [05/Aug/2026:01:55:46 -0700] "GET /?path=//proc/719607/cwd/usr/lib/.build-id/af HTTP/2.0" 200 2583 "https://focbs.com/?path=//proc/719607/cwd/usr/lib/.build-id" "Mozilla/5.0 AppleWebKit/537.36 (KHTML, like Gecko; compatible; GPTBot/1.4; +https://openai.com/gptbot)" 99 **0/99410**
74.7.243.247 - - [05/Aug/2026:01:55:47 -0700] "GET /?path=//proc/719607/cwd/usr/lib/.build-id/ea HTTP/2.0" 200 2583 "https://focbs.com/?path=//proc/719607/cwd/usr/lib/.build-id" "Mozilla/5.0 AppleWebKit/537.36 (KHTML, like Gecko; compatible; GPTBot/1.4; +https://openai.com/gptbot)" 107 **0/107048**
74.7.243.247 - - [05/Aug/2026:01:55:47 -0700] "GET /?path=//proc/719607/cwd/usr/lib/.build-id/ae HTTP/2.0" 200 2583 "https://focbs.com/?path=//proc/719607/cwd/usr/lib/.build-id" "Mozilla/5.0 AppleWebKit/537.36 (KHTML, like Gecko; compatible; GPTBot/1.4; +https://openai.com/gptbot)" 132 **0/132926**
74.7.243.247 - - [05/Aug/2026:01:55:48 -0700] "GET /?path=//proc/719607/cwd/lib/locale/en_US@ampm HTTP/2.0" 200 2579 "https://focbs.com/?path=//proc/719607/cwd/lib/locale" "Mozilla/5.0 AppleWebKit/537.36 (KHTML, like Gecko; compatible; GPTBot/1.4; +https://openai.com/gptbot)" 105 **0/105903**
66.249.72.227 - - [05/Aug/2026:01:55:48 -0700] "GET /?productSearch/pictureSearch?id=42085415671100 HTTP/1.1" 200 18198 "-" "Mozilla/5.0 (Linux; Android 6.0.1; Nexus 5X Build/MMB29P) AppleWebKit/537.36 (KHTML, like Gecko) Chrome/150.0.7871.186 Mobile Safari/537.36 (compatible; Googlebot/2.1; +http://www.google.com/bot.html)" 343 **0/343964**
74.7.243.247 - - [05/Aug/2026:01:55:48 -0700] "GET /?path=//proc/719607/cwd/lib/locale/en_IE@euro HTTP/2.0" 200 2580 "https://focbs.com/?path=//proc/719607/cwd/lib/locale" "Mozilla/5.0 AppleWebKit/537.36 (KHTML, like Gecko; compatible; GPTBot/1.4; +https://openai.com/gptbot)" 121 **0/121730**
74.7.243.247 - - [05/Aug/2026:01:55:49 -0700] "GET /?fileloc=//proc/sys/fs/inode-nr&path=//proc/sys/fs HTTP/2.0" 200 2505 "https://focbs.com/?path=//proc/sys/fs" "Mozilla/5.0 AppleWebKit/537.36 (KHTML, like Gecko; compatible; GPTBot/1.4; +https://openai.com/gptbot)" 110 **0/110401**
74.7.243.247 - - [05/Aug/2026:01:55:49 -0700] "GET /?fileloc=//proc/sys/fs/file-max&path=//proc/sys/fs HTTP/2.0" 200 2496 "https://focbs.com/?path=//proc/sys/fs" "Mozilla/5.0 AppleWebKit/537.36 (KHTML, like Gecko; compatible; GPTBot/1.4; +https://openai.com/gptbot)" 106 **0/106935**
57.141.18.104 - - [05/Aug/2026:01:55:50 -0700] "GET /2026/07/19/jak-aktywowac-voucher-free-spins-w-mostbet-dla-doswiadczonych-graczy/?fileloc=//lib64/libpamc.so.0&path=//lib64 HTTP/2.0" 200 2478 "-" "Mozilla/5.0 (Macintosh; Intel Mac OS X 10_15_7) AppleWebKit/537.36 (KHTML, like Gecko) Chrome/145.0.0.0 Safari/537.36 (compatible; meta-externalagent/1.1 (+https://developers.facebook.com/docs/sharing/webmasters/crawler))" 111 **0/111813**
74.7.243.247 - - [05/Aug/2026:01:55:50 -0700] "GET /?path=//proc/719607/cwd/lib/systemd/system/mariadb@bootstrap.service.d HTTP/2.0" 200 2596 "https://focbs.com/?path=//proc/719607/cwd/lib/systemd/system" "Mozilla/5.0 AppleWebKit/537.36 (KHTML, like Gecko; compatible; GPTBot/1.4; +https://openai.com/gptbot)" 113 **0/113414**
74.7.243.247 - - [05/Aug/2026:01:55:50 -0700] "GET /?path=//proc/719607/root/lib/firmware/inside-secure HTTP/2.0" 200 2580 "https://focbs.com/?path=//proc/719607/root/lib/firmware" "Mozilla/5.0 AppleWebKit/537.36 (KHTML, like Gecko; compatible; GPTBot/1.4; +https://openai.com/gptbot)" 105 **0/105264**
74.7.243.247 - - [05/Aug/2026:01:55:51 -0700] "GET /?path=//proc/719607/root/lib/tuned/cloudlinux-dummy HTTP/2.0" 200 2581 "https://focbs.com/?path=//proc/719607/root/lib/tuned" "Mozilla/5.0 AppleWebKit/537.36 (KHTML, like Gecko; compatible; GPTBot/1.4; +https://openai.com/gptbot)" 103 **0/103530**
74.7.243.247 - - [05/Aug/2026:01:55:51 -0700] "GET /?path=//proc/719607/cwd/lib/.build-id/fe HTTP/2.0" 200 2574 "https://focbs.com/?path=//proc/719607/cwd/lib/.build-id" "Mozilla/5.0 AppleWebKit/537.36 (KHTML, like Gecko; compatible; GPTBot/1.4; +https://openai.com/gptbot)" 103 **0/103182**
74.7.243.247 - - [05/Aug/2026:01:55:52 -0700] "GET /?path=//proc/719607/cwd/lib/.build-id/ef HTTP/2.0" 200 2574 "https://focbs.com/?path=//proc/719607/cwd/lib/.build-id" "Mozilla/5.0 AppleWebKit/537.36 (KHTML, like Gecko; compatible; GPTBot/1.4; +https://openai.com/gptbot)" 109 **0/109064**
74.7.243.247 - - [05/Aug/2026:01:55:52 -0700] "GET /?path=//proc/719607/root/lib/dracut/modules.d/95cifs HTTP/2.0" 200 2589 "https://focbs.com/?path=//proc/719607/root/lib/dracut/modules.d" "Mozilla/5.0 AppleWebKit/537.36 (KHTML, like Gecko; compatible; GPTBot/1.4; +https://openai.com/gptbot)" 106 **0/106077**
74.7.243.247 - - [05/Aug/2026:01:55:53 -0700] "GET /?path=//proc/719607/root/lib/dracut/modules.d/95hwdb HTTP/2.0" 200 2589 "https://focbs.com/?path=//proc/719607/root/lib/dracut/modules.d" "Mozilla/5.0 AppleWebKit/537.36 (KHTML, like Gecko; compatible; GPTBot/1.4; +https://openai.com/gptbot)" 107 **0/107267**
74.7.243.247 - - [05/Aug/2026:01:55:54 -0700] "GET /?fileloc=//proc/irq/1/smp_affinity&path=//proc/irq/1 HTTP/2.0" 200 2498 "https://focbs.com/?path=//proc/irq/1" "Mozilla/5.0 AppleWebKit/537.36 (KHTML, like Gecko; compatible; GPTBot/1.4; +https://openai.com/gptbot)" 103 **0/103212**
74.7.243.247 - - [05/Aug/2026:01:55:54 -0700] "GET /?path=//proc/719607/cwd/opt/alt/tests/alt-php56-pecl-uri_template_1.0-1.el8 HTTP/2.0" 200 2602 "https://focbs.com/?path=//proc/719607/cwd/opt/alt/tests" "Mozilla/5.0 AppleWebKit/537.36 (KHTML, like Gecko; compatible; GPTBot/1.4; +https://openai.com/gptbot)" 114 **0/114678**
74.7.243.247 - - [05/Aug/2026:01:55:55 -0700] "GET /?path=//proc/719607/cwd/opt/alt/tests/alt-php54-pecl-uri_template_1.0-1.el8 HTTP/2.0" 200 2602 "https://focbs.com/?path=//proc/719607/cwd/opt/alt/tests" "Mozilla/5.0 AppleWebKit/537.36 (KHTML, like Gecko; compatible; GPTBot/1.4; +https://openai.com/gptbot)" 116 **0/116986**
74.7.243.247 - - [05/Aug/2026:01:55:55 -0700] "GET /?path=//proc/719607/cwd/opt/alt/tests/alt-php56-pecl-bz2_filter_1.1.0-1.el8 HTTP/2.0" 200 2607 "https://focbs.com/?path=//proc/719607/cwd/opt/alt/tests" "Mozilla/5.0 AppleWebKit/537.36 (KHTML, like Gecko; compatible; GPTBot/1.4; +https://openai.com/gptbot)" 106 **0/106741**
74.7.243.247 - - [05/Aug/2026:01:55:56 -0700] "GET /?path=//proc/719607/cwd/proc/irq/4/ttyS0 HTTP/2.0" 200 2577 "https://focbs.com/?path=//proc/719607/cwd/proc/irq/4" "Mozilla/5.0 AppleWebKit/537.36 (KHTML, like Gecko; compatible; GPTBot/1.4; +https://openai.com/gptbot)" 107 **0/107630**
57.141.18.96 - - [05/Aug/2026:01:55:56 -0700] "GET /2026/07/18/exploring-the-appeal-of-mostbet-oferuje-bogaty-wybor-gier-in-2023/?fileloc=/home/l2pbkn5l6xav/www/wp-includes/class-wp-text-diff-renderer-inline.php&path=/home/l2pbkn5l6xav/www/wp-includes HTTP/2.0" 200 2865 "-" "Mozilla/5.0 (X11; Linux x86_64) AppleWebKit/537.36 (KHTML, like Gecko) Chrome/145.0.0.0 Safari/537.36 (compatible; meta-externalagent/1.1 (+https://developers.facebook.com/docs/sharing/webmasters/crawler))" 97 **0/97870**
74.7.243.247 - - [05/Aug/2026:01:55:56 -0700] "GET /?path=//proc/tty/driver HTTP/2.0" 200 2543 "https://focbs.com/?path=//proc/tty" "Mozilla/5.0 AppleWebKit/537.36 (KHTML, like Gecko; compatible; GPTBot/1.4; +https://openai.com/gptbot)" 105 **0/105071**
74.7.243.247 - - [05/Aug/2026:01:55:57 -0700] "GET /?path=//proc/sys/sunrpc HTTP/2.0" 200 3176 "https://focbs.com/?path=//proc/sys" "Mozilla/5.0 AppleWebKit/537.36 (KHTML, like Gecko; compatible; GPTBot/1.4; +https://openai.com/gptbot)" 106 **0/106693**
74.7.243.247 - - [05/Aug/2026:01:55:57 -0700] "GET /?path=//proc/sys/crypto HTTP/2.0" 200 2896 "https://focbs.com/?path=//proc/sys" "Mozilla/5.0 AppleWebKit/537.36 (KHTML, like Gecko; compatible; GPTBot/1.4; +https://openai.com/gptbot)" 115 **0/115086**
74.7.243.247 - - [05/Aug/2026:01:55:58 -0700] "GET /?path=//proc/719607/cwd/lib/.build-id/83 HTTP/2.0" 200 2575 "https://focbs.com/?path=//proc/719607/cwd/lib/.build-id" "Mozilla/5.0 AppleWebKit/537.36 (KHTML, like Gecko; compatible; GPTBot/1.4; +https://openai.com/gptbot)" 115 **0/115703**
74.7.243.247 - - [05/Aug/2026:01:55:58 -0700] "GET /?path=//proc/719607/cwd/lib/.build-id/35 HTTP/2.0" 200 2575 "https://focbs.com/?path=//proc/719607/cwd/lib/.build-id" "Mozilla/5.0 AppleWebKit/537.36 (KHTML, like Gecko; compatible; GPTBot/1.4; +https://openai.com/gptbot)" 103 **0/103670**
74.7.243.247 - - [05/Aug/2026:01:55:59 -0700] "GET /?path=//proc/719607/cwd/lib/.build-id/48 HTTP/2.0" 200 2575 "https://focbs.com/?path=//proc/719607/cwd/lib/.build-id" "Mozilla/5.0 AppleWebKit/537.36 (KHTML, like Gecko; compatible; GPTBot/1.4; +https://openai.com/gptbot)" 103 **0/103435**
74.7.243.247 - - [05/Aug/2026:01:55:59 -0700] "GET /?path=//proc/719607/cwd/lib/.build-id/42 HTTP/2.0" 200 2575 "https://focbs.com/?path=//proc/719607/cwd/lib/.build-id" "Mozilla/5.0 AppleWebKit/537.36 (KHTML, like Gecko; compatible; GPTBot/1.4; +https://openai.com/gptbot)" 105 **0/105902**
74.7.243.247 - - [05/Aug/2026:01:56:00 -0700] "GET /?path=//proc/719607/cwd/lib/.build-id/24 HTTP/2.0" 200 2575 "https://focbs.com/?path=//proc/719607/cwd/lib/.build-id" "Mozilla/5.0 AppleWebKit/537.36 (KHTML, like Gecko; compatible; GPTBot/1.4; +https://openai.com/gptbot)" 121 **0/121719**
74.7.243.247 - - [05/Aug/2026:01:56:00 -0700] "GET /?path=//proc/719607/cwd/lib/.build-id/85 HTTP/2.0" 200 2575 "https://focbs.com/?path=//proc/719607/cwd/lib/.build-id" "Mozilla/5.0 AppleWebKit/537.36 (KHTML, like Gecko; compatible; GPTBot/1.4; +https://openai.com/gptbot)" 108 **0/108946**
74.7.243.247 - - [05/Aug/2026:01:56:01 -0700] "GET /?path=//proc/719607/cwd/lib/.build-id/25 HTTP/2.0" 200 2575 "https://focbs.com/?path=//proc/719607/cwd/lib/.build-id" "Mozilla/5.0 AppleWebKit/537.36 (KHTML, like Gecko; compatible; GPTBot/1.4; +https://openai.com/gptbot)" 127 **0/127483**
74.7.243.247 - - [05/Aug/2026:01:56:01 -0700] "GET /?path=//proc/719607/cwd/lib/.build-id/23 HTTP/2.0" 200 2575 "https://focbs.com/?path=//proc/719607/cwd/lib/.build-id" "Mozilla/5.0 AppleWebKit/537.36 (KHTML, like Gecko; compatible; GPTBot/1.4; +https://openai.com/gptbot)" 128 **0/128494**
57.141.18.10 - - [05/Aug/2026:01:56:02 -0700] "GET /2026/07/19/jak-aktywowac-voucher-free-spins-w-mostbet-dla-doswiadczonych-graczy/?fileloc=//lib64/libmaxminddb.so.0.0.7&path=//lib64 HTTP/2.0" 200 2485 "-" "Mozilla/5.0 (Windows NT 10.0; Win64; x64) AppleWebKit/537.36 (KHTML, like Gecko) Chrome/144.0.0.0 Safari/537.36 Edg/144.0.0.0 (compatible; meta-externalagent/1.1 (+https://developers.facebook.com/docs/sharing/webmasters/crawler))" 129 **0/129740**
74.7.243.247 - - [05/Aug/2026:01:56:02 -0700] "GET /?path=//proc/719607/cwd/lib/.build-id/82 HTTP/2.0" 200 2575 "https://focbs.com/?path=//proc/719607/cwd/lib/.build-id" "Mozilla/5.0 AppleWebKit/537.36 (KHTML, like Gecko; compatible; GPTBot/1.4; +https://openai.com/gptbot)" 111 **0/111436**
74.7.243.247 - - [05/Aug/2026:01:56:02 -0700] "GET /?fileloc=//proc/sys/sunrpc/tcp_slot_table_entries&path=//proc/sys/sunrpc HTTP/2.0" 200 2505 "https://focbs.com/?path=//proc/sys/sunrpc" "Mozilla/5.0 AppleWebKit/537.36 (KHTML, like Gecko; compatible; GPTBot/1.4; +https://openai.com/gptbot)" 114 **0/114035**
74.7.243.247 - - [05/Aug/2026:01:56:03 -0700] "GET /?fileloc=//proc/sys/sunrpc/tcp_max_slot_table_entries&path=//proc/sys/sunrpc HTTP/2.0" 200 2512 "https://focbs.com/?path=//proc/sys/sunrpc" "Mozilla/5.0 AppleWebKit/537.36 (KHTML, like Gecko; compatible; GPTBot/1.4; +https://openai.com/gptbot)" 104 **0/104847**
74.7.243.247 - - [05/Aug/2026:01:56:03 -0700] "GET /?fileloc=//proc/sys/sunrpc/udp_slot_table_entries&path=//proc/sys/sunrpc HTTP/2.0" 200 2506 "https://focbs.com/?path=//proc/sys/sunrpc" "Mozilla/5.0 AppleWebKit/537.36 (KHTML, like Gecko; compatible; GPTBot/1.4; +https://openai.com/gptbot)" 125 **0/125842**
74.7.243.247 - - [05/Aug/2026:01:56:04 -0700] "GET /?path=//proc/719607/cwd/lib/.build-id/32 HTTP/2.0" 200 2575 "https://focbs.com/?path=//proc/719607/cwd/lib/.build-id" "Mozilla/5.0 AppleWebKit/537.36 (KHTML, like Gecko; compatible; GPTBot/1.4; +https://openai.com/gptbot)" 120 **0/120029**
74.7.243.247 - - [05/Aug/2026:01:56:04 -0700] "GET /?path=//proc/719607/cwd/lib/.build-id/53 HTTP/2.0" 200 2575 "https://focbs.com/?path=//proc/719607/cwd/lib/.build-id" "Mozilla/5.0 AppleWebKit/537.36 (KHTML, like Gecko; compatible; GPTBot/1.4; +https://openai.com/gptbot)" 117 **0/117490**
74.7.243.247 - - [05/Aug/2026:01:56:05 -0700] "GET /?path=//proc/719607/cwd/lib/.build-id/43 HTTP/2.0" 200 2575 "https://focbs.com/?path=//proc/719607/cwd/lib/.build-id" "Mozilla/5.0 AppleWebKit/537.36 (KHTML, like Gecko; compatible; GPTBot/1.4; +https://openai.com/gptbot)" 110 **0/110995**
74.7.243.247 - - [05/Aug/2026:01:56:06 -0700] "GET /?path=//proc/719607/cwd/lib/.build-id/84 HTTP/2.0" 200 2575 "https://focbs.com/?path=//proc/719607/cwd/lib/.build-id" "Mozilla/5.0 AppleWebKit/537.36 (KHTML, like Gecko; compatible; GPTBot/1.4; +https://openai.com/gptbot)" 105 **0/105400**
74.7.243.247 - - [05/Aug/2026:01:56:06 -0700] "GET /?path=//proc/719607/cwd/lib/.build-id/28 HTTP/2.0" 200 2575 "https://focbs.com/?path=//proc/719607/cwd/lib/.build-id" "Mozilla/5.0 AppleWebKit/537.36 (KHTML, like Gecko; compatible; GPTBot/1.4; +https://openai.com/gptbot)" 131 **0/131453**
74.7.243.247 - - [05/Aug/2026:01:56:07 -0700] "GET /?path=//proc/719607/cwd/lib/.build-id/38 HTTP/2.0" 200 2575 "https://focbs.com/?path=//proc/719607/cwd/lib/.build-id" "Mozilla/5.0 AppleWebKit/537.36 (KHTML, like Gecko; compatible; GPTBot/1.4; +https://openai.com/gptbot)" 115 **0/115132**
66.249.72.228 - - [05/Aug/2026:01:56:07 -0700] "GET /?productSearch/pictureSearch?id=52392265671100 HTTP/1.1" 200 18413 "-" "Mozilla/5.0 (Linux; Android 6.0.1; Nexus 5X Build/MMB29P) AppleWebKit/537.36 (KHTML, like Gecko) Chrome/150.0.7871.186 Mobile Safari/537.36 (compatible; Googlebot/2.1; +http://www.google.com/bot.html)" 300 **0/300285**
57.141.18.70 - - [05/Aug/2026:01:56:07 -0700] "GET /2026/07/18/wie-fange-ich-an-bei-sportwetten-ohne-oasis-fur-maximale-gewinne/?fileloc=//lib/locale/en_US.utf8/LC_COLLATE&path=//lib/locale/en_US.utf8 HTTP/2.0" 200 2507 "-" "Mozilla/5.0 (Windows NT 10.0; Win64; x64) AppleWebKit/537.36 (KHTML, like Gecko) Chrome/145.0.0.0 Safari/537.36 (compatible; meta-externalagent/1.1 (+https://developers.facebook.com/docs/sharing/webmasters/crawler))" 110 **0/110847**
74.7.243.247 - - [05/Aug/2026:01:56:07 -0700] "GET /?path=//proc/719607/cwd/lib/.build-id/54 HTTP/2.0" 200 2575 "https://focbs.com/?path=//proc/719607/cwd/lib/.build-id" "Mozilla/5.0 AppleWebKit/537.36 (KHTML, like Gecko; compatible; GPTBot/1.4; +https://openai.com/gptbot)" 108 **0/108955**
74.7.243.247 - - [05/Aug/2026:01:56:08 -0700] "GET /?path=//proc/719607/cwd/lib/.build-id/52 HTTP/2.0" 200 2575 "https://focbs.com/?path=//proc/719607/cwd/lib/.build-id" "Mozilla/5.0 AppleWebKit/537.36 (KHTML, like Gecko; compatible; GPTBot/1.4; +https://openai.com/gptbot)" 101 **0/101713**
74.7.243.247 - - [05/Aug/2026:01:56:08 -0700] "GET /?path=//proc/719607/cwd/lib/.build-id/45 HTTP/2.0" 200 2575 "https://focbs.com/?path=//proc/719607/cwd/lib/.build-id" "Mozilla/5.0 AppleWebKit/537.36 (KHTML, like Gecko; compatible; GPTBot/1.4; +https://openai.com/gptbot)" 122 **0/122921**
74.7.243.247 - - [05/Aug/2026:01:56:09 -0700] "GET /?path=//proc/719607/cwd/lib/.build-id/58 HTTP/2.0" 200 2575 "https://focbs.com/?path=//proc/719607/cwd/lib/.build-id" "Mozilla/5.0 AppleWebKit/537.36 (KHTML, like Gecko; compatible; GPTBot/1.4; +https://openai.com/gptbot)" 107 **0/107259**
74.7.243.247 - - [05/Aug/2026:01:56:09 -0700] "GET /?path=//proc/719607/cwd/lib/.build-id/34 HTTP/2.0" 200 2575 "https://focbs.com/?path=//proc/719607/cwd/lib/.build-id" "Mozilla/5.0 AppleWebKit/537.36 (KHTML, like Gecko; compatible; GPTBot/1.4; +https://openai.com/gptbot)" 104 **0/104986**
74.7.243.247 - - [05/Aug/2026:01:56:10 -0700] "GET /?path=//proc/719607/cwd/var/cpanel/userdata/l2pbkn5l6xav HTTP/2.0" 200 2584 "https://focbs.com/?path=//proc/719607/cwd/var/cpanel/userdata" "Mozilla/5.0 AppleWebKit/537.36 (KHTML, like Gecko; compatible; GPTBot/1.4; +https://openai.com/gptbot)" 548 **0/548749**
74.7.243.247 - - [05/Aug/2026:01:56:10 -0700] "GET /?path=//proc/719607/cwd/usr/lib/tuned/cloudlinux-default-base HTTP/2.0" 200 2595 "https://focbs.com/?path=//proc/719607/cwd/usr/lib/tuned" "Mozilla/5.0 AppleWebKit/537.36 (KHTML, like Gecko; compatible; GPTBot/1.4; +https://openai.com/gptbot)" 106 **0/106667**
74.7.243.247 - - [05/Aug/2026:01:56:11 -0700] "GET /?path=//proc/719607/cwd/proc/sys/net/ipv4/conf/eth0 HTTP/2.0" 200 2599 "https://focbs.com/?path=//proc/719607/cwd/proc/sys/net/ipv4/conf" "Mozilla/5.0 AppleWebKit/537.36 (KHTML, like Gecko; compatible; GPTBot/1.4; +https://openai.com/gptbot)" 499 **0/499317**
74.7.243.247 - - [05/Aug/2026:01:56:11 -0700] "GET /?path=//proc/719607/root/proc/self/root/lib/systemd/system/local-fs.target.wants HTTP/2.0" 200 2613 "https://focbs.com/?path=//proc/719607/root/proc/self/root/lib/systemd/system" "Mozilla/5.0 AppleWebKit/537.36 (KHTML, like Gecko; compatible; GPTBot/1.4; +https://openai.com/gptbot)" 112 **0/112848**
74.7.243.247 - - [05/Aug/2026:01:56:12 -0700] "GET /?path=//proc/719607/cwd/opt/alt/tests/alt-php71-phpiredis_1.0.1-1.el8 HTTP/2.0" 200 2598 "https://focbs.com/?path=//proc/719607/cwd/opt/alt/tests" "Mozilla/5.0 AppleWebKit/537.36 (KHTML, like Gecko; compatible; GPTBot/1.4; +https://openai.com/gptbot)" 112 **0/112707**
74.7.243.247 - - [05/Aug/2026:01:56:12 -0700] "GET /?path=//proc/719607/root/lib/dracut/modules.d/90qemu HTTP/2.0" 200 2590 "https://focbs.com/?path=//proc/719607/root/lib/dracut/modules.d" "Mozilla/5.0 AppleWebKit/537.36 (KHTML, like Gecko; compatible; GPTBot/1.4; +https://openai.com/gptbot)" 111 **0/111776**
74.7.243.247 - - [05/Aug/2026:01:56:13 -0700] "GET /?path=//proc/719607/root/lib/dracut/modules.d/01fips HTTP/2.0" 200 2589 "https://focbs.com/?path=//proc/719607/root/lib/dracut/modules.d" "Mozilla/5.0 AppleWebKit/537.36 (KHTML, like Gecko; compatible; GPTBot/1.4; +https://openai.com/gptbot)" 111 **0/111079**
57.141.18.82 - - [05/Aug/2026:01:56:13 -0700] "GET /2026/07/19/utmaningar-for-casino-utan-svensk-licens-med-10-euro-insattningar-en-vaxande-oro/?fileloc=/home/l2pbkn5l6xav/mail/new/1744022236.M169096P65565.p3plzcpnl504740.prod.phx3.secureserver.net,S=4891,W=4982&path=/home/l2pbkn5l6xav/mail/new HTTP/2.0" 200 4349 "-" "Mozilla/5.0 (Windows NT 10.0; Win64; x64) AppleWebKit/537.36 (KHTML, like Gecko) Chrome/145.0.0.0 Safari/537.36 (compatible; meta-externalagent/1.1 (+https://developers.facebook.com/docs/sharing/webmasters/crawler))" 114 **0/114420**
74.7.243.247 - - [05/Aug/2026:01:56:13 -0700] "GET /?path=//proc/719607/root/lib/dracut/modules.d/06rngd HTTP/2.0" 200 2589 "https://focbs.com/?path=//proc/719607/root/lib/dracut/modules.d" "Mozilla/5.0 AppleWebKit/537.36 (KHTML, like Gecko; compatible; GPTBot/1.4; +https://openai.com/gptbot)" 107 **0/107857**
74.7.243.247 - - [05/Aug/2026:01:56:14 -0700] "GET /?path=//proc/719607/root/lib/dracut/modules.d/95fcoe HTTP/2.0" 200 2590 "https://focbs.com/?path=//proc/719607/root/lib/dracut/modules.d" "Mozilla/5.0 AppleWebKit/537.36 (KHTML, like Gecko; compatible; GPTBot/1.4; +https://openai.com/gptbot)" 104 **0/104392**
74.7.243.247 - - [05/Aug/2026:01:56:15 -0700] "GET /?path=//proc/719607/root/etc/crypto-policies/back-ends HTTP/2.0" 200 2584 "https://focbs.com/?path=//proc/719607/root/etc/crypto-policies" "Mozilla/5.0 AppleWebKit/537.36 (KHTML, like Gecko; compatible; GPTBot/1.4; +https://openai.com/gptbot)" 104 **0/104595**
74.7.243.247 - - [05/Aug/2026:01:56:15 -0700] "GET /?path=//proc/719607/cwd/lib/firmware/intel/qat HTTP/2.0" 200 2586 "https://focbs.com/?path=//proc/719607/cwd/lib/firmware/intel" "Mozilla/5.0 AppleWebKit/537.36 (KHTML, like Gecko; compatible; GPTBot/1.4; +https://openai.com/gptbot)" 145 **0/145343**
74.7.243.247 - - [05/Aug/2026:01:56:16 -0700] "GET /?path=//proc/719607/cwd/lib/firmware/intel/ish HTTP/2.0" 200 2585 "https://focbs.com/?path=//proc/719607/cwd/lib/firmware/intel" "Mozilla/5.0 AppleWebKit/537.36 (KHTML, like Gecko; compatible; GPTBot/1.4; +https://openai.com/gptbot)" 107 **0/107639**
74.7.243.247 - - [05/Aug/2026:01:56:16 -0700] "GET /?path=//proc/719607/root/etc/bash_completion.d HTTP/2.0" 200 2571 "https://focbs.com/?path=//proc/719607/root/etc" "Mozilla/5.0 AppleWebKit/537.36 (KHTML, like Gecko; compatible; GPTBot/1.4; +https://openai.com/gptbot)" 104 **0/104883**
216.73.216.114 - - [05/Aug/2026:01:56:16 -0700] "GET /?fileloc=%2F%2Flib%2Fudev%2Frules.d%2F71-prefixdevname.rules&path=%2F%2Flib%2Fudev%2Frules.d HTTP/2.0" 200 2710 "-" "Mozilla/5.0 AppleWebKit/537.36 (KHTML, like Gecko; compatible; ClaudeBot/1.0; +claudebot@anthropic.com)" 106 **0/106151**
74.7.243.247 - - [05/Aug/2026:01:56:17 -0700] "GET /?path=//proc/719607/root/usr/include/linux/dvb HTTP/2.0" 200 2584 "https://focbs.com/?path=//proc/719607/root/usr/include/linux" "Mozilla/5.0 AppleWebKit/537.36 (KHTML, like Gecko; compatible; GPTBot/1.4; +https://openai.com/gptbot)" 124 **0/124634**
74.7.243.247 - - [05/Aug/2026:01:56:17 -0700] "GET /?fileloc=//proc/sys/fs/mount-max&path=//proc/sys/fs HTTP/2.0" 200 2496 "https://focbs.com/?path=//proc/sys/fs" "Mozilla/5.0 AppleWebKit/537.36 (KHTML, like Gecko; compatible; GPTBot/1.4; +https://openai.com/gptbot)" 109 **0/109760**
74.7.243.247 - - [05/Aug/2026:01:56:18 -0700] "GET /?path=//proc/719607/cwd/opt/alt/tests/alt-php54-pecl-doublemetaphone_1.0.1-1.el8 HTTP/2.0" 200 2609 "https://focbs.com/?path=//proc/719607/cwd/opt/alt/tests" "Mozilla/5.0 AppleWebKit/537.36 (KHTML, like Gecko; compatible; GPTBot/1.4; +https://openai.com/gptbot)" 104 **0/104085**
57.141.18.84 - - [05/Aug/2026:01:56:18 -0700] "GET /2026/07/18/exploring-the-appeal-of-mostbet-oferuje-bogaty-wybor-gier-in-2023/?fileloc=//lib64/libGraphicsMagick-Q16.so.3&path=//lib64 HTTP/2.0" 200 2491 "-" "Mozilla/5.0 (Windows NT 10.0; Win64; x64) AppleWebKit/537.36 (KHTML, like Gecko) Chrome/145.0.0.0 Safari/537.36 (compatible; meta-externalagent/1.1 (+https://developers.facebook.com/docs/sharing/webmasters/crawler))" 113 **0/113751**
74.7.243.247 - - [05/Aug/2026:01:56:18 -0700] "GET /?path=//proc/719607/cwd/opt/alt/tests/alt-php56-pecl-doublemetaphone_1.0.1-1.el8 HTTP/2.0" 200 2609 "https://focbs.com/?path=//proc/719607/cwd/opt/alt/tests" "Mozilla/5.0 AppleWebKit/537.36 (KHTML, like Gecko; compatible; GPTBot/1.4; +https://openai.com/gptbot)" 112 **0/112902**
74.7.243.247 - - [05/Aug/2026:01:56:19 -0700] "GET /?path=//proc/719607/root/proc/self/root/lib/systemd/system/systemd-logind.service.d HTTP/2.0" 200 2613 "https://focbs.com/?path=//proc/719607/root/proc/self/root/lib/systemd/system" "Mozilla/5.0 AppleWebKit/537.36 (KHTML, like Gecko; compatible; GPTBot/1.4; +https://openai.com/gptbot)" 119 **0/119322**
74.7.243.247 - - [05/Aug/2026:01:56:19 -0700] "GET /?path=//proc/719607/root/var/cache/man/ru HTTP/2.0" 200 2581 "https://focbs.com/?path=//proc/719607/root/var/cache/man" "Mozilla/5.0 AppleWebKit/537.36 (KHTML, like Gecko; compatible; GPTBot/1.4; +https://openai.com/gptbot)" 105 **0/105865**
74.7.243.247 - - [05/Aug/2026:01:56:20 -0700] "GET /?fileloc=//proc/719607/root/lib/udev/rules.d/60-net.rules&path=//proc/719607/root/lib/udev/rules.d HTTP/2.0" 200 2527 "https://focbs.com/?path=//proc/719607/root/lib/udev/rules.d" "Mozilla/5.0 AppleWebKit/537.36 (KHTML, like Gecko; compatible; GPTBot/1.4; +https://openai.com/gptbot)" 105 **0/105465**
74.7.243.247 - - [05/Aug/2026:01:56:20 -0700] "GET /?path=//proc/719607/cwd/opt/alt/tests/alt-php71-pecl-mailparse_3.1.3-1.el8 HTTP/2.0" 200 2603 "https://focbs.com/?path=//proc/719607/cwd/opt/alt/tests" "Mozilla/5.0 AppleWebKit/537.36 (KHTML, like Gecko; compatible; GPTBot/1.4; +https://openai.com/gptbot)" 103 **0/103101**
74.7.243.247 - - [05/Aug/2026:01:56:21 -0700] "GET /?path=//proc/719607/cwd/opt/alt/tests/alt-php81-pecl-mailparse_3.1.8-1.el8 HTTP/2.0" 200 2605 "https://focbs.com/?path=//proc/719607/cwd/opt/alt/tests" "Mozilla/5.0 AppleWebKit/537.36 (KHTML, like Gecko; compatible; GPTBot/1.4; +https://openai.com/gptbot)" 110 **0/110036**
216.73.216.114 - - [05/Aug/2026:01:56:21 -0700] "GET /?path=%2Fhome%2Fl2pbkn5l6xav%2F.cagefs%2Fopt%2Falt%2Fphp54 HTTP/2.0" 200 2850 "-" "Mozilla/5.0 AppleWebKit/537.36 (KHTML, like Gecko; compatible; ClaudeBot/1.0; +claudebot@anthropic.com)" 110 **0/110342**
74.7.243.247 - - [05/Aug/2026:01:56:21 -0700] "GET /?path=//proc/719607/cwd/opt/alt/tests/alt-php56-pecl-htscanner_1.0.1-1.el8 HTTP/2.0" 200 2605 "https://focbs.com/?path=//proc/719607/cwd/opt/alt/tests" "Mozilla/5.0 AppleWebKit/537.36 (KHTML, like Gecko; compatible; GPTBot/1.4; +https://openai.com/gptbot)" 121 **0/121765**
74.7.243.247 - - [05/Aug/2026:01:56:22 -0700] "GET /?fileloc=//proc/sys/user/max_inotify_watches&path=//proc/sys/user HTTP/2.0" 200 2508 "https://focbs.com/?path=//proc/sys/user" "Mozilla/5.0 AppleWebKit/537.36 (KHTML, like Gecko; compatible; GPTBot/1.4; +https://openai.com/gptbot)" 106 **0/106667**
74.7.243.247 - - [05/Aug/2026:01:56:22 -0700] "GET /?path=//proc/719607/cwd/opt/cloudlinux-linksafe HTTP/2.0" 200 2572 "https://focbs.com/?path=//proc/719607/cwd/opt" "Mozilla/5.0 AppleWebKit/537.36 (KHTML, like Gecko; compatible; GPTBot/1.4; +https://openai.com/gptbot)" 102 **0/102689**
74.7.243.247 - - [05/Aug/2026:01:56:23 -0700] "GET /?path=//proc/719607/cwd/usr/lib/.build-id/08 HTTP/2.0" 200 2584 "https://focbs.com/?path=//proc/719607/cwd/usr/lib/.build-id" "Mozilla/5.0 AppleWebKit/537.36 (KHTML, like Gecko; compatible; GPTBot/1.4; +https://openai.com/gptbot)" 122 **0/122058**
57.141.18.117 - - [05/Aug/2026:01:56:23 -0700] "GET /2026/07/18/exploring-the-appeal-of-mostbet-oferuje-bogaty-wybor-gier-in-2023/?fileloc=//lib64/libfribidi.so.0.4.0&path=//lib64 HTTP/2.0" 200 2483 "-" "Mozilla/5.0 (Macintosh; Intel Mac OS X 10_15_7) AppleWebKit/537.36 (KHTML, like Gecko) Chrome/145.0.0.0 Safari/537.36 (compatible; meta-externalagent/1.1 (+https://developers.facebook.com/docs/sharing/webmasters/crawler))" 98 **0/98931**
74.7.243.247 - - [05/Aug/2026:01:56:23 -0700] "GET /?path=//proc/719607/cwd/usr/lib/.build-id/26 HTTP/2.0" 200 2584 "https://focbs.com/?path=//proc/719607/cwd/usr/lib/.build-id" "Mozilla/5.0 AppleWebKit/537.36 (KHTML, like Gecko; compatible; GPTBot/1.4; +https://openai.com/gptbot)" 104 **0/104316**
74.7.243.247 - - [05/Aug/2026:01:56:24 -0700] "GET /?path=//proc/719607/cwd/usr/lib/.build-id/89 HTTP/2.0" 200 2583 "https://focbs.com/?path=//proc/719607/cwd/usr/lib/.build-id" "Mozilla/5.0 AppleWebKit/537.36 (KHTML, like Gecko; compatible; GPTBot/1.4; +https://openai.com/gptbot)" 116 **0/116824**
74.7.243.247 - - [05/Aug/2026:01:56:24 -0700] "GET /?path=//proc/719607/cwd/usr/lib/.build-id/12 HTTP/2.0" 200 2584 "https://focbs.com/?path=//proc/719607/cwd/usr/lib/.build-id" "Mozilla/5.0 AppleWebKit/537.36 (KHTML, like Gecko; compatible; GPTBot/1.4; +https://openai.com/gptbot)" 108 **0/108673**
74.7.243.247 - - [05/Aug/2026:01:56:25 -0700] "GET /?path=//proc/719607/cwd/usr/lib/.build-id/18 HTTP/2.0" 200 2584 "https://focbs.com/?path=//proc/719607/cwd/usr/lib/.build-id" "Mozilla/5.0 AppleWebKit/537.36 (KHTML, like Gecko; compatible; GPTBot/1.4; +https://openai.com/gptbot)" 110 **0/110494**
74.7.243.247 - - [05/Aug/2026:01:56:26 -0700] "GET /?path=//proc/719607/cwd/usr/lib/.build-id/63 HTTP/2.0" 200 2584 "https://focbs.com/?path=//proc/719607/cwd/usr/lib/.build-id" "Mozilla/5.0 AppleWebKit/537.36 (KHTML, like Gecko; compatible; GPTBot/1.4; +https://openai.com/gptbot)" 108 **0/108520**
74.7.243.247 - - [05/Aug/2026:01:56:26 -0700] "GET /?path=//proc/719607/cwd/usr/lib/.build-id/80 HTTP/2.0" 200 2585 "https://focbs.com/?path=//proc/719607/cwd/usr/lib/.build-id" "Mozilla/5.0 AppleWebKit/537.36 (KHTML, like Gecko; compatible; GPTBot/1.4; +https://openai.com/gptbot)" 107 **0/107313**
216.73.216.114 - - [05/Aug/2026:01:56:26 -0700] "GET /?fileloc=%2F%2Fproc%2Firq%2F15%2Fnode&path=%2F%2Fproc%2Firq%2F15 HTTP/2.0" 200 2492 "-" "Mozilla/5.0 AppleWebKit/537.36 (KHTML, like Gecko; compatible; ClaudeBot/1.0; +claudebot@anthropic.com)" 103 **0/103441**
74.7.243.247 - - [05/Aug/2026:01:56:27 -0700] "GET /?path=//proc/719607/cwd/usr/lib/.build-id/22 HTTP/2.0" 200 2584 "https://focbs.com/?path=//proc/719607/cwd/usr/lib/.build-id" "Mozilla/5.0 AppleWebKit/537.36 (KHTML, like Gecko; compatible; GPTBot/1.4; +https://openai.com/gptbot)" 98 **0/98772**
