74.7.243.247 - - [05/Aug/2026:02:12:06 -0700] "GET /?fileloc=//proc/irq/49/spurious&path=//proc/irq/49 HTTP/2.0" 200 2527 "https://focbs.com/?path=//proc/irq/49" "Mozilla/5.0 AppleWebKit/537.36 (KHTML, like Gecko; compatible; GPTBot/1.4; +https://openai.com/gptbot)" 112 **0/112877**
74.7.243.247 - - [05/Aug/2026:02:12:07 -0700] "GET /?fileloc=//proc/irq/57/spurious&path=//proc/irq/57 HTTP/2.0" 200 2527 "https://focbs.com/?path=//proc/irq/57" "Mozilla/5.0 AppleWebKit/537.36 (KHTML, like Gecko; compatible; GPTBot/1.4; +https://openai.com/gptbot)" 132 **0/132708**
74.7.243.247 - - [05/Aug/2026:02:12:07 -0700] "GET /?fileloc=//proc/irq/42/spurious&path=//proc/irq/42 HTTP/2.0" 200 2515 "https://focbs.com/?path=//proc/irq/42" "Mozilla/5.0 AppleWebKit/537.36 (KHTML, like Gecko; compatible; GPTBot/1.4; +https://openai.com/gptbot)" 115 **0/115067**
74.7.243.247 - - [05/Aug/2026:02:12:08 -0700] "GET /?fileloc=//proc/irq/43/spurious&path=//proc/irq/43 HTTP/2.0" 200 2516 "https://focbs.com/?path=//proc/irq/43" "Mozilla/5.0 AppleWebKit/537.36 (KHTML, like Gecko; compatible; GPTBot/1.4; +https://openai.com/gptbot)" 136 **0/136621**
74.7.243.247 - - [05/Aug/2026:02:12:08 -0700] "GET /?fileloc=//proc/irq/81/spurious&path=//proc/irq/81 HTTP/2.0" 200 2527 "https://focbs.com/?path=//proc/irq/81" "Mozilla/5.0 AppleWebKit/537.36 (KHTML, like Gecko; compatible; GPTBot/1.4; +https://openai.com/gptbot)" 108 **0/108515**
74.7.243.247 - - [05/Aug/2026:02:12:09 -0700] "GET /?fileloc=//proc/irq/74/spurious&path=//proc/irq/74 HTTP/2.0" 200 2526 "https://focbs.com/?path=//proc/irq/74" "Mozilla/5.0 AppleWebKit/537.36 (KHTML, like Gecko; compatible; GPTBot/1.4; +https://openai.com/gptbot)" 125 **0/125289**
74.7.243.247 - - [05/Aug/2026:02:12:09 -0700] "GET /?path=//proc/719607/cwd/opt/alt/python-internal HTTP/2.0" 200 2578 "https://focbs.com/?path=//proc/719607/cwd/opt/alt" "Mozilla/5.0 AppleWebKit/537.36 (KHTML, like Gecko; compatible; GPTBot/1.4; +https://openai.com/gptbot)" 119 **0/119574**
74.7.243.247 - - [05/Aug/2026:02:12:10 -0700] "GET /?path=//proc/719607/root/usr/local/lib/composer HTTP/2.0" 200 2585 "https://focbs.com/?path=//proc/719607/root/usr/local/lib" "Mozilla/5.0 AppleWebKit/537.36 (KHTML, like Gecko; compatible; GPTBot/1.4; +https://openai.com/gptbot)" 109 **0/109631**
74.7.243.247 - - [05/Aug/2026:02:12:11 -0700] "GET /?path=//proc/719607/root/lib/firmware/intel/ice HTTP/2.0" 200 2584 "https://focbs.com/?path=//proc/719607/root/lib/firmware/intel" "Mozilla/5.0 AppleWebKit/537.36 (KHTML, like Gecko; compatible; GPTBot/1.4; +https://openai.com/gptbot)" 112 **0/112133**
74.7.243.247 - - [05/Aug/2026:02:12:11 -0700] "GET /?path=//proc/719607/cwd/lib/firmware/mediatek/mt8196 HTTP/2.0" 200 2588 "https://focbs.com/?path=//proc/719607/cwd/lib/firmware/mediatek" "Mozilla/5.0 AppleWebKit/537.36 (KHTML, like Gecko; compatible; GPTBot/1.4; +https://openai.com/gptbot)" 112 **0/112364**
57.141.18.35 - - [05/Aug/2026:02:12:11 -0700] "GET /2026/07/18/wie-fange-ich-an-bei-sportwetten-ohne-oasis-fur-maximale-gewinne/?fileloc=//usr/bin/x86_64-redhat-linux-g++&path=//usr/bin HTTP/2.0" 200 2491 "-" "Mozilla/5.0 (Windows NT 10.0; Win64; x64) AppleWebKit/537.36 (KHTML, like Gecko) Chrome/145.0.0.0 Safari/537.36 (compatible; meta-externalagent/1.1 (+https://developers.facebook.com/docs/sharing/webmasters/crawler))" 109 **0/109403**
74.7.243.247 - - [05/Aug/2026:02:12:12 -0700] "GET /?path=//proc/719607/root/lib/firmware/nvidia/tegra194 HTTP/2.0" 200 2589 "https://focbs.com/?path=//proc/719607/root/lib/firmware/nvidia" "Mozilla/5.0 AppleWebKit/537.36 (KHTML, like Gecko; compatible; GPTBot/1.4; +https://openai.com/gptbot)" 129 **0/129411**
216.73.216.114 - - [05/Aug/2026:02:12:12 -0700] "GET /?fileloc=%2F%2Fusr%2Fshare%2Flocale%2Fpt_BR%2FLC_MESSAGES%2Fsysstat.mo&path=%2F%2Fusr%2Fshare%2Flocale%2Fpt_BR%2FLC_MESSAGES HTTP/2.0" 200 2529 "-" "Mozilla/5.0 AppleWebKit/537.36 (KHTML, like Gecko; compatible; ClaudeBot/1.0; +claudebot@anthropic.com)" 117 **0/117452**
74.7.243.247 - - [05/Aug/2026:02:12:12 -0700] "GET /?path=//proc/719607/root/lib/firmware/nvidia/tegra210 HTTP/2.0" 200 2589 "https://focbs.com/?path=//proc/719607/root/lib/firmware/nvidia" "Mozilla/5.0 AppleWebKit/537.36 (KHTML, like Gecko; compatible; GPTBot/1.4; +https://openai.com/gptbot)" 114 **0/114234**
74.7.243.247 - - [05/Aug/2026:02:12:13 -0700] "GET /?path=//proc/719607/root/lib/firmware/nvidia/tegra124 HTTP/2.0" 200 2589 "https://focbs.com/?path=//proc/719607/root/lib/firmware/nvidia" "Mozilla/5.0 AppleWebKit/537.36 (KHTML, like Gecko; compatible; GPTBot/1.4; +https://openai.com/gptbot)" 116 **0/116108**
74.7.243.247 - - [05/Aug/2026:02:12:13 -0700] "GET /?path=//proc/719607/root/lib/firmware/nvidia/tegra186 HTTP/2.0" 200 2590 "https://focbs.com/?path=//proc/719607/root/lib/firmware/nvidia" "Mozilla/5.0 AppleWebKit/537.36 (KHTML, like Gecko; compatible; GPTBot/1.4; +https://openai.com/gptbot)" 120 **0/120615**
74.7.243.247 - - [05/Aug/2026:02:12:14 -0700] "GET /?path=//proc/719607/cwd/opt/alt/tests/alt-php73-pecl-luasandbox_4.1.2-2.el8 HTTP/2.0" 200 2604 "https://focbs.com/?path=//proc/719607/cwd/opt/alt/tests" "Mozilla/5.0 AppleWebKit/537.36 (KHTML, like Gecko; compatible; GPTBot/1.4; +https://openai.com/gptbot)" 110 **0/110022**
74.7.243.247 - - [05/Aug/2026:02:12:14 -0700] "GET /?path=//proc/719607/cwd/opt/alt/tests/alt-php56-pecl-luasandbox_3.0.3-2.el8 HTTP/2.0" 200 2607 "https://focbs.com/?path=//proc/719607/cwd/opt/alt/tests" "Mozilla/5.0 AppleWebKit/537.36 (KHTML, like Gecko; compatible; GPTBot/1.4; +https://openai.com/gptbot)" 114 **0/114384**
74.7.243.247 - - [05/Aug/2026:02:12:15 -0700] "GET /?path=//proc/719607/cwd/opt/alt/tests/alt-php83-pecl-luasandbox_4.1.2-2.el8 HTTP/2.0" 200 2606 "https://focbs.com/?path=//proc/719607/cwd/opt/alt/tests" "Mozilla/5.0 AppleWebKit/537.36 (KHTML, like Gecko; compatible; GPTBot/1.4; +https://openai.com/gptbot)" 114 **0/114149**
74.7.243.247 - - [05/Aug/2026:02:12:15 -0700] "GET /?path=//proc/719607/cwd/opt/alt/tests/alt-php54-pecl-luasandbox_3.0.3-2.el8 HTTP/2.0" 200 2606 "https://focbs.com/?path=//proc/719607/cwd/opt/alt/tests" "Mozilla/5.0 AppleWebKit/537.36 (KHTML, like Gecko; compatible; GPTBot/1.4; +https://openai.com/gptbot)" 107 **0/107328**
74.7.243.247 - - [05/Aug/2026:02:12:16 -0700] "GET /?path=//proc/719607/root/usr/include/linux/netfilter_ipv6 HTTP/2.0" 200 2594 "https://focbs.com/?path=//proc/719607/root/usr/include/linux" "Mozilla/5.0 AppleWebKit/537.36 (KHTML, like Gecko; compatible; GPTBot/1.4; +https://openai.com/gptbot)" 116 **0/116946**
74.7.243.247 - - [05/Aug/2026:02:12:16 -0700] "GET /?path=//proc/719607/root/usr/include/linux/netfilter_ipv4 HTTP/2.0" 200 2594 "https://focbs.com/?path=//proc/719607/root/usr/include/linux" "Mozilla/5.0 AppleWebKit/537.36 (KHTML, like Gecko; compatible; GPTBot/1.4; +https://openai.com/gptbot)" 108 **0/108906**
216.73.216.114 - - [05/Aug/2026:02:12:17 -0700] "GET /?fileloc=%2F%2Fusr%2Flib64%2Fperl5%2Fvendor_perl%2Fauto%2FFilter%2Fdecrypt%2Fdecrypt.so&path=%2F%2Fusr%2Flib64%2Fperl5%2Fvendor_perl%2Fauto%2FFilter%2Fdecrypt HTTP/2.0" 200 2543 "-" "Mozilla/5.0 AppleWebKit/537.36 (KHTML, like Gecko; compatible; ClaudeBot/1.0; +claudebot@anthropic.com)" 112 **0/112824**
74.7.243.247 - - [05/Aug/2026:02:12:17 -0700] "GET /?path=//proc/719607/cwd/lib/tuned/optimize-serial-console HTTP/2.0" 200 2585 "https://focbs.com/?path=//proc/719607/cwd/lib/tuned" "Mozilla/5.0 AppleWebKit/537.36 (KHTML, like Gecko; compatible; GPTBot/1.4; +https://openai.com/gptbot)" 111 **0/111737**
74.7.243.247 - - [05/Aug/2026:02:12:17 -0700] "GET /?path=//proc/719607/cwd/usr/lib/tuned/latency-performance HTTP/2.0" 200 2592 "https://focbs.com/?path=//proc/719607/cwd/usr/lib/tuned" "Mozilla/5.0 AppleWebKit/537.36 (KHTML, like Gecko; compatible; GPTBot/1.4; +https://openai.com/gptbot)" 113 **0/113464**
74.7.243.247 - - [05/Aug/2026:02:12:18 -0700] "GET /?path=//proc/719607/cwd/opt/alt/tests/alt-php84-pecl-imagick_3.8.0-12.el8 HTTP/2.0" 200 2603 "https://focbs.com/?path=//proc/719607/cwd/opt/alt/tests" "Mozilla/5.0 AppleWebKit/537.36 (KHTML, like Gecko; compatible; GPTBot/1.4; +https://openai.com/gptbot)" 118 **0/118534**
74.7.243.247 - - [05/Aug/2026:02:12:18 -0700] "GET /?path=//proc/719607/cwd/opt/alt/tests/alt-php73-pecl-imagick_3.8.0-15.el8 HTTP/2.0" 200 2602 "https://focbs.com/?path=//proc/719607/cwd/opt/alt/tests" "Mozilla/5.0 AppleWebKit/537.36 (KHTML, like Gecko; compatible; GPTBot/1.4; +https://openai.com/gptbot)" 108 **0/108701**
74.7.243.247 - - [05/Aug/2026:02:12:19 -0700] "GET /?path=//proc/719607/cwd/opt/alt/tests/alt-php72-pecl-imagick_3.8.0-15.el8 HTTP/2.0" 200 2602 "https://focbs.com/?path=//proc/719607/cwd/opt/alt/tests" "Mozilla/5.0 AppleWebKit/537.36 (KHTML, like Gecko; compatible; GPTBot/1.4; +https://openai.com/gptbot)" 111 **0/111650**
74.7.243.247 - - [05/Aug/2026:02:12:19 -0700] "GET /?path=//proc/719607/cwd/opt/alt/tests/alt-php56-pecl-imagick_3.8.0-10.el8 HTTP/2.0" 200 2603 "https://focbs.com/?path=//proc/719607/cwd/opt/alt/tests" "Mozilla/5.0 AppleWebKit/537.36 (KHTML, like Gecko; compatible; GPTBot/1.4; +https://openai.com/gptbot)" 114 **0/114109**
74.7.243.247 - - [05/Aug/2026:02:12:20 -0700] "GET /?path=//proc/719607/cwd/opt/alt/tests/alt-php54-pecl-imagick_3.7.0-15.el8 HTTP/2.0" 200 2602 "https://focbs.com/?path=//proc/719607/cwd/opt/alt/tests" "Mozilla/5.0 AppleWebKit/537.36 (KHTML, like Gecko; compatible; GPTBot/1.4; +https://openai.com/gptbot)" 120 **0/120281**
74.7.243.247 - - [05/Aug/2026:02:12:21 -0700] "GET /?path=//proc/719607/cwd/opt/alt/tests/alt-php83-pecl-imagick_3.8.0-12.el8 HTTP/2.0" 200 2603 "https://focbs.com/?path=//proc/719607/cwd/opt/alt/tests" "Mozilla/5.0 AppleWebKit/537.36 (KHTML, like Gecko; compatible; GPTBot/1.4; +https://openai.com/gptbot)" 111 **0/111999**
74.7.243.247 - - [05/Aug/2026:02:12:21 -0700] "GET /?path=//proc/719607/cwd/opt/alt/tests/alt-php74-pecl-imagick_3.8.0-12.el8 HTTP/2.0" 200 2602 "https://focbs.com/?path=//proc/719607/cwd/opt/alt/tests" "Mozilla/5.0 AppleWebKit/537.36 (KHTML, like Gecko; compatible; GPTBot/1.4; +https://openai.com/gptbot)" 116 **0/116564**
47.79.13.51 - - [05/Aug/2026:02:12:21 -0700] "GET /?p=35549218671100 HTTP/1.1" 200 3983 "https://focbs.com/" "Mozilla/5.0 (Windows NT 10.0; Win64; x64) AppleWebKit/537.36 (KHTML, like Gecko) Chrome/135.0.0.0 Safari/537.36 Edg/135.0.0.0" 107 **0/107071**
74.7.243.247 - - [05/Aug/2026:02:12:22 -0700] "GET /?path=//proc/719607/cwd/opt/alt/tests/alt-php83-pecl-imagick_3.8.0-15.el8 HTTP/2.0" 200 2603 "https://focbs.com/?path=//proc/719607/cwd/opt/alt/tests" "Mozilla/5.0 AppleWebKit/537.36 (KHTML, like Gecko; compatible; GPTBot/1.4; +https://openai.com/gptbot)" 105 **0/105756**
216.73.216.114 - - [05/Aug/2026:02:12:22 -0700] "GET /?fileloc=%2F%2Fproc%2Fthread-self%2Fcwd%2Fwp-content%2Fplugins%2Fwp-file-manager%2Flib%2Ffonts%2Fnotosans%2FNotoSans-Regular.woff&path=%2F%2Fproc%2Fthread-self%2Fcwd%2Fwp-content%2Fplugins%2Fwp-file-manager%2Flib%2Ffonts%2Fnotosans HTTP/2.0" 200 2569 "-" "Mozilla/5.0 AppleWebKit/537.36 (KHTML, like Gecko; compatible; ClaudeBot/1.0; +claudebot@anthropic.com)" 121 **0/121545**
74.7.243.247 - - [05/Aug/2026:02:12:22 -0700] "GET /?path=//proc/719607/cwd/opt/alt/tests/alt-php82-pecl-imagick_3.8.0-12.el8 HTTP/2.0" 200 2603 "https://focbs.com/?path=//proc/719607/cwd/opt/alt/tests" "Mozilla/5.0 AppleWebKit/537.36 (KHTML, like Gecko; compatible; GPTBot/1.4; +https://openai.com/gptbot)" 118 **0/118338**
57.141.18.12 - - [05/Aug/2026:02:12:22 -0700] "GET /2026/07/18/wie-fange-ich-an-bei-sportwetten-ohne-oasis-fur-maximale-gewinne/?fileloc=//usr/sbin/ip&path=//usr/sbin HTTP/2.0" 200 2479 "-" "Mozilla/5.0 (Windows NT 10.0; Win64; x64) AppleWebKit/537.36 (KHTML, like Gecko) Chrome/145.0.0.0 Safari/537.36 (compatible; meta-externalagent/1.1 (+https://developers.facebook.com/docs/sharing/webmasters/crawler))" 107 **0/107851**
74.7.243.247 - - [05/Aug/2026:02:12:23 -0700] "GET /?path=//proc/719607/cwd/opt/alt/tests/alt-php73-pecl-imagick_3.8.0-12.el8 HTTP/2.0" 200 2602 "https://focbs.com/?path=//proc/719607/cwd/opt/alt/tests" "Mozilla/5.0 AppleWebKit/537.36 (KHTML, like Gecko; compatible; GPTBot/1.4; +https://openai.com/gptbot)" 120 **0/120001**
74.7.243.247 - - [05/Aug/2026:02:12:23 -0700] "GET /?path=//proc/719607/cwd/opt/alt/tests/alt-php72-pecl-imagick_3.8.0-12.el8 HTTP/2.0" 200 2602 "https://focbs.com/?path=//proc/719607/cwd/opt/alt/tests" "Mozilla/5.0 AppleWebKit/537.36 (KHTML, like Gecko; compatible; GPTBot/1.4; +https://openai.com/gptbot)" 128 **0/128278**
74.7.243.247 - - [05/Aug/2026:02:12:24 -0700] "GET /?path=//proc/719607/cwd/opt/alt/tests/alt-php82-pecl-imagick_3.8.0-15.el8 HTTP/2.0" 200 2603 "https://focbs.com/?path=//proc/719607/cwd/opt/alt/tests" "Mozilla/5.0 AppleWebKit/537.36 (KHTML, like Gecko; compatible; GPTBot/1.4; +https://openai.com/gptbot)" 124 **0/124233**
74.7.243.247 - - [05/Aug/2026:02:12:24 -0700] "GET /?path=//proc/719607/cwd/opt/alt/tests/alt-php84-pecl-mongodb_1.20.0-2.el8 HTTP/2.0" 200 2604 "https://focbs.com/?path=//proc/719607/cwd/opt/alt/tests" "Mozilla/5.0 AppleWebKit/537.36 (KHTML, like Gecko; compatible; GPTBot/1.4; +https://openai.com/gptbot)" 109 **0/109105**
74.7.243.247 - - [05/Aug/2026:02:12:25 -0700] "GET /?path=//proc/719607/cwd/opt/alt/tests/alt-php56-pecl-imagick_3.8.0-12.el8 HTTP/2.0" 200 2603 "https://focbs.com/?path=//proc/719607/cwd/opt/alt/tests" "Mozilla/5.0 AppleWebKit/537.36 (KHTML, like Gecko; compatible; GPTBot/1.4; +https://openai.com/gptbot)" 502 **0/502141**
74.7.243.247 - - [05/Aug/2026:02:12:25 -0700] "GET /?path=//proc/719607/cwd/opt/alt/tests/alt-php56-pecl-imagick_3.8.0-15.el8 HTTP/2.0" 200 2603 "https://focbs.com/?path=//proc/719607/cwd/opt/alt/tests" "Mozilla/5.0 AppleWebKit/537.36 (KHTML, like Gecko; compatible; GPTBot/1.4; +https://openai.com/gptbot)" 116 **0/116571**
74.7.243.247 - - [05/Aug/2026:02:12:26 -0700] "GET /?path=//proc/719607/cwd/opt/alt/tests/alt-php56-pecl-imagick_3.8.1-19.el8 HTTP/2.0" 200 2603 "https://focbs.com/?path=//proc/719607/cwd/opt/alt/tests" "Mozilla/5.0 AppleWebKit/537.36 (KHTML, like Gecko; compatible; GPTBot/1.4; +https://openai.com/gptbot)" 115 **0/115335**
74.7.243.247 - - [05/Aug/2026:02:12:26 -0700] "GET /?fileloc=//proc/irq/66/smp_affinity_list&path=//proc/irq/66 HTTP/2.0" 200 2503 "https://focbs.com/?path=//proc/irq/66" "Mozilla/5.0 AppleWebKit/537.36 (KHTML, like Gecko; compatible; GPTBot/1.4; +https://openai.com/gptbot)" 118 **0/118695**
216.73.216.114 - - [05/Aug/2026:02:12:27 -0700] "GET /?fileloc=%2Fhome%2Fl2pbkn5l6xav%2Fpublic_html%2Fwp-includes%2Fblocks%2Fheading%2Fstyle.css&path=%2Fhome%2Fl2pbkn5l6xav%2Fpublic_html%2Fwp-includes%2Fblocks%2Fheading HTTP/2.0" 200 3312 "-" "Mozilla/5.0 AppleWebKit/537.36 (KHTML, like Gecko; compatible; ClaudeBot/1.0; +claudebot@anthropic.com)" 114 **0/114150**
74.7.243.247 - - [05/Aug/2026:02:12:27 -0700] "GET /?fileloc=//proc/irq/55/smp_affinity_list&path=//proc/irq/55 HTTP/2.0" 200 2503 "https://focbs.com/?path=//proc/irq/55" "Mozilla/5.0 AppleWebKit/537.36 (KHTML, like Gecko; compatible; GPTBot/1.4; +https://openai.com/gptbot)" 116 **0/116957**
74.7.243.247 - - [05/Aug/2026:02:12:27 -0700] "GET /?fileloc=//proc/irq/88/smp_affinity_list&path=//proc/irq/88 HTTP/2.0" 200 2501 "https://focbs.com/?path=//proc/irq/88" "Mozilla/5.0 AppleWebKit/537.36 (KHTML, like Gecko; compatible; GPTBot/1.4; +https://openai.com/gptbot)" 130 **0/130260**
74.7.243.247 - - [05/Aug/2026:02:12:28 -0700] "GET /?fileloc=//proc/irq/22/smp_affinity_list&path=//proc/irq/22 HTTP/2.0" 200 2502 "https://focbs.com/?path=//proc/irq/22" "Mozilla/5.0 AppleWebKit/537.36 (KHTML, like Gecko; compatible; GPTBot/1.4; +https://openai.com/gptbot)" 127 **0/127577**
74.7.243.247 - - [05/Aug/2026:02:12:28 -0700] "GET /?fileloc=//proc/irq/33/smp_affinity_list&path=//proc/irq/33 HTTP/2.0" 200 2503 "https://focbs.com/?path=//proc/irq/33" "Mozilla/5.0 AppleWebKit/537.36 (KHTML, like Gecko; compatible; GPTBot/1.4; +https://openai.com/gptbot)" 107 **0/107667**
74.7.243.247 - - [05/Aug/2026:02:12:29 -0700] "GET /?fileloc=//proc/irq/44/smp_affinity_list&path=//proc/irq/44 HTTP/2.0" 200 2501 "https://focbs.com/?path=//proc/irq/44" "Mozilla/5.0 AppleWebKit/537.36 (KHTML, like Gecko; compatible; GPTBot/1.4; +https://openai.com/gptbot)" 104 **0/104029**
74.7.243.247 - - [05/Aug/2026:02:12:29 -0700] "GET /?fileloc=//proc/irq/11/smp_affinity_list&path=//proc/irq/11 HTTP/2.0" 200 2504 "https://focbs.com/?path=//proc/irq/11" "Mozilla/5.0 AppleWebKit/537.36 (KHTML, like Gecko; compatible; GPTBot/1.4; +https://openai.com/gptbot)" 138 **0/138974**
74.7.243.247 - - [05/Aug/2026:02:12:30 -0700] "GET /?path=//proc/719607/root/proc/self/root/opt/cpanel/ea-wappspector/vendor/slevomat/coding-standard/SlevomatCodingStandard HTTP/2.0" 200 2660 "https://focbs.com/?path=//proc/719607/root/proc/self/root/opt/cpanel/ea-wappspector/vendor/slevomat/coding-standard" "Mozilla/5.0 AppleWebKit/537.36 (KHTML, like Gecko; compatible; GPTBot/1.4; +https://openai.com/gptbot)" 113 **0/113581**
74.7.243.247 - - [05/Aug/2026:02:12:31 -0700] "GET /?path=//proc/719607/root/lib/systemd/system/systemd-logind.service.d HTTP/2.0" 200 2591 "https://focbs.com/?path=//proc/719607/root/lib/systemd/system" "Mozilla/5.0 AppleWebKit/537.36 (KHTML, like Gecko; compatible; GPTBot/1.4; +https://openai.com/gptbot)" 123 **0/123196**
74.7.243.247 - - [05/Aug/2026:02:12:31 -0700] "GET /?path=//proc/719607/root/proc/self/root/lib/dracut/modules.d/90qemu HTTP/2.0" 200 2612 "https://focbs.com/?path=//proc/719607/root/proc/self/root/lib/dracut/modules.d" "Mozilla/5.0 AppleWebKit/537.36 (KHTML, like Gecko; compatible; GPTBot/1.4; +https://openai.com/gptbot)" 104 **0/104462**
216.73.216.114 - - [05/Aug/2026:02:12:32 -0700] "GET /?fileloc=%2F%2Fproc%2Fthread-self%2Fcwd%2Fwp-content%2Fplugins%2Fwp-file-manager%2Flib%2Ffonts%2Fnotosans%2FNotoSans-Regular.woff2&path=%2F%2Fproc%2Fthread-self%2Fcwd%2Fwp-content%2Fplugins%2Fwp-file-manager%2Flib%2Ffonts%2Fnotosans HTTP/2.0" 200 2570 "-" "Mozilla/5.0 AppleWebKit/537.36 (KHTML, like Gecko; compatible; ClaudeBot/1.0; +claudebot@anthropic.com)" 115 **0/115875**
74.7.243.247 - - [05/Aug/2026:02:12:32 -0700] "GET /?path=//proc/719607/root/proc/self/root/lib/dracut/modules.d/90lvm HTTP/2.0" 200 2611 "https://focbs.com/?path=//proc/719607/root/proc/self/root/lib/dracut/modules.d" "Mozilla/5.0 AppleWebKit/537.36 (KHTML, like Gecko; compatible; GPTBot/1.4; +https://openai.com/gptbot)" 116 **0/116444**
74.7.243.247 - - [05/Aug/2026:02:12:32 -0700] "GET /?path=//proc/719607/root/proc/self/root/lib/dracut/modules.d/95cifs HTTP/2.0" 200 2611 "https://focbs.com/?path=//proc/719607/root/proc/self/root/lib/dracut/modules.d" "Mozilla/5.0 AppleWebKit/537.36 (KHTML, like Gecko; compatible; GPTBot/1.4; +https://openai.com/gptbot)" 121 **0/121460**
74.7.243.247 - - [05/Aug/2026:02:12:33 -0700] "GET /?path=//proc/719607/root/proc/self/root/lib/dracut/modules.d/95iscsi HTTP/2.0" 200 2612 "https://focbs.com/?path=//proc/719607/root/proc/self/root/lib/dracut/modules.d" "Mozilla/5.0 AppleWebKit/537.36 (KHTML, like Gecko; compatible; GPTBot/1.4; +https://openai.com/gptbot)" 127 **0/127495**
74.7.243.247 - - [05/Aug/2026:02:12:33 -0700] "GET /?path=//proc/719607/cwd/usr/lib/python3.6 HTTP/2.0" 200 2576 "https://focbs.com/?path=//proc/719607/cwd/usr/lib" "Mozilla/5.0 AppleWebKit/537.36 (KHTML, like Gecko; compatible; GPTBot/1.4; +https://openai.com/gptbot)" 108 **0/108599**
57.141.18.41 - - [05/Aug/2026:02:12:33 -0700] "GET /2026/07/18/exploring-the-appeal-of-mostbet-oferuje-bogaty-wybor-gier-in-2023/?fileloc=/home/l2pbkn5l6xav/tmp/webalizer/hourly_usage_202603.png&path=/home/l2pbkn5l6xav/tmp/webalizer HTTP/2.0" 200 2505 "-" "Mozilla/5.0 (Windows NT 10.0; Win64; x64) AppleWebKit/537.36 (KHTML, like Gecko) Chrome/145.0.0.0 Safari/537.36 (compatible; meta-externalagent/1.1 (+https://developers.facebook.com/docs/sharing/webmasters/crawler))" 106 **0/106497**
74.7.243.247 - - [05/Aug/2026:02:12:34 -0700] "GET /?path=//proc/719607/cwd/usr/lib/python2.7 HTTP/2.0" 200 2575 "https://focbs.com/?path=//proc/719607/cwd/usr/lib" "Mozilla/5.0 AppleWebKit/537.36 (KHTML, like Gecko; compatible; GPTBot/1.4; +https://openai.com/gptbot)" 126 **0/126705**
74.7.243.247 - - [05/Aug/2026:02:12:34 -0700] "GET /?path=//proc/719607/cwd/proc/sys/net/ipv6/conf/eth0 HTTP/2.0" 200 2599 "https://focbs.com/?path=//proc/719607/cwd/proc/sys/net/ipv6/conf" "Mozilla/5.0 AppleWebKit/537.36 (KHTML, like Gecko; compatible; GPTBot/1.4; +https://openai.com/gptbot)" 120 **0/120112**
74.7.243.247 - - [05/Aug/2026:02:12:35 -0700] "GET /?path=//proc/719607/cwd/opt/alt/tests/alt-php74-pecl-luasandbox_4.1.2-2.el8 HTTP/2.0" 200 2604 "https://focbs.com/?path=//proc/719607/cwd/opt/alt/tests" "Mozilla/5.0 AppleWebKit/537.36 (KHTML, like Gecko; compatible; GPTBot/1.4; +https://openai.com/gptbot)" 138 **0/138670**
74.7.243.247 - - [05/Aug/2026:02:12:36 -0700] "GET /?path=//proc/719607/cwd/opt/alt/tests/alt-php84-pecl-luasandbox_4.1.2-2.el8 HTTP/2.0" 200 2606 "https://focbs.com/?path=//proc/719607/cwd/opt/alt/tests" "Mozilla/5.0 AppleWebKit/537.36 (KHTML, like Gecko; compatible; GPTBot/1.4; +https://openai.com/gptbot)" 112 **0/112036**
74.7.243.247 - - [05/Aug/2026:02:12:36 -0700] "GET /?path=//proc/719607/cwd/opt/alt/tests/alt-php80-pecl-luasandbox_4.1.2-2.el8 HTTP/2.0" 200 2606 "https://focbs.com/?path=//proc/719607/cwd/opt/alt/tests" "Mozilla/5.0 AppleWebKit/537.36 (KHTML, like Gecko; compatible; GPTBot/1.4; +https://openai.com/gptbot)" 119 **0/119078**
176.88.166.185 - - [05/Aug/2026:02:12:36 -0700] "GET /pt/donations/?fileloc=/home/l2pbkn5l6xav/public_html/wp-admin/term.php&path=/home/l2pbkn5l6xav/public_html/wp-admin HTTP/1.1" 200 3450 "https://focbs.com/pt/donations/?path=/home/l2pbkn5l6xav/public_html/wp-admin" "Mozilla/5.0 (Linux; Android 12; OPPO PCLM5) AppleWebKit/537.36 (KHTML, like Gecko) Chrome/150.0.5128.56 Mobile Safari/537.36 MicroMessenger/8.0.37(0x18001B3F) NetType/WIFI Language/zh_CN" 111 **0/111218**
74.7.243.247 - - [05/Aug/2026:02:12:36 -0700] "GET /?path=//proc/719607/cwd/opt/alt/tests/alt-php81-pecl-luasandbox_4.1.2-2.el8 HTTP/2.0" 200 2606 "https://focbs.com/?path=//proc/719607/cwd/opt/alt/tests" "Mozilla/5.0 AppleWebKit/537.36 (KHTML, like Gecko; compatible; GPTBot/1.4; +https://openai.com/gptbot)" 118 **0/118084**
216.73.216.114 - - [05/Aug/2026:02:12:37 -0700] "GET /?fileloc=%2F%2Fusr%2Fshare%2Fman%2Fman1%2Fperl5260delta.1.gz&path=%2F%2Fusr%2Fshare%2Fman%2Fman1 HTTP/2.0" 200 2509 "-" "Mozilla/5.0 AppleWebKit/537.36 (KHTML, like Gecko; compatible; ClaudeBot/1.0; +claudebot@anthropic.com)" 128 **0/128403**
74.7.243.247 - - [05/Aug/2026:02:12:37 -0700] "GET /?path=//proc/719607/cwd/opt/alt/tests/alt-php72-pecl-luasandbox_4.1.2-2.el8 HTTP/2.0" 200 2604 "https://focbs.com/?path=//proc/719607/cwd/opt/alt/tests" "Mozilla/5.0 AppleWebKit/537.36 (KHTML, like Gecko; compatible; GPTBot/1.4; +https://openai.com/gptbot)" 123 **0/123151**
74.7.243.247 - - [05/Aug/2026:02:12:37 -0700] "GET /?path=//proc/719607/cwd/opt/alt/tests/alt-php70-pecl-luasandbox_3.0.3-2.el8 HTTP/2.0" 200 2605 "https://focbs.com/?path=//proc/719607/cwd/opt/alt/tests" "Mozilla/5.0 AppleWebKit/537.36 (KHTML, like Gecko; compatible; GPTBot/1.4; +https://openai.com/gptbot)" 136 **0/136077**
74.7.243.247 - - [05/Aug/2026:02:12:38 -0700] "GET /?path=//proc/719607/cwd/opt/alt/tests/alt-php71-pecl-luasandbox_3.0.3-2.el8 HTTP/2.0" 200 2605 "https://focbs.com/?path=//proc/719607/cwd/opt/alt/tests" "Mozilla/5.0 AppleWebKit/537.36 (KHTML, like Gecko; compatible; GPTBot/1.4; +https://openai.com/gptbot)" 110 **0/110363**
74.7.243.247 - - [05/Aug/2026:02:12:38 -0700] "GET /?path=//proc/719607/cwd/opt/alt/tests/alt-php82-pecl-luasandbox_4.1.2-2.el8 HTTP/2.0" 429 267 "https://focbs.com/?path=//proc/719607/cwd/opt/alt/tests" "Mozilla/5.0 AppleWebKit/537.36 (KHTML, like Gecko; compatible; GPTBot/1.4; +https://openai.com/gptbot)" 14 **0/14641**
74.7.243.247 - - [05/Aug/2026:02:12:39 -0700] "GET /?path=//proc/719607/cwd/opt/alt/net-snmp11 HTTP/2.0" 429 267 "https://focbs.com/?path=//proc/719607/cwd/opt/alt" "Mozilla/5.0 AppleWebKit/537.36 (KHTML, like Gecko; compatible; GPTBot/1.4; +https://openai.com/gptbot)" 11 **0/11341**
74.7.243.247 - - [05/Aug/2026:02:12:41 -0700] "GET /?path=//proc/719607/cwd/opt/alt/tests/alt-php56-pecl-xhprof-legacy_0.9.4-2.el8 HTTP/2.0" 429 267 "https://focbs.com/?path=//proc/719607/cwd/opt/alt/tests" "Mozilla/5.0 AppleWebKit/537.36 (KHTML, like Gecko; compatible; GPTBot/1.4; +https://openai.com/gptbot)" 14 **0/14130**
216.73.216.114 - - [05/Aug/2026:02:12:42 -0700] "GET /?fileloc=%2F%2Fusr%2Fshare%2Flocale%2Fbn_IN%2FLC_MESSAGES%2Fusermode.mo&path=%2F%2Fusr%2Fshare%2Flocale%2Fbn_IN%2FLC_MESSAGES HTTP/2.0" 200 2530 "-" "Mozilla/5.0 AppleWebKit/537.36 (KHTML, like Gecko; compatible; ClaudeBot/1.0; +claudebot@anthropic.com)" 114 **0/114927**
57.141.18.51 - - [05/Aug/2026:02:12:43 -0700] "GET /?product/category/view_more/40616797271100 HTTP/2.0" 200 3983 "-" "Mozilla/5.0 (Windows NT 10.0; Win64; x64) AppleWebKit/537.36 (KHTML, like Gecko) Chrome/145.0.0.0 Safari/537.36 (compatible; meta-externalagent/1.1 (+https://developers.facebook.com/docs/sharing/webmasters/crawler))" 121 **0/121813**
74.7.243.247 - - [05/Aug/2026:02:12:45 -0700] "GET /?path=//proc/719607/cwd/opt/alt/tests/alt-php54-pecl-xhprof-legacy_0.9.4-2.el8 HTTP/2.0" 429 267 "https://focbs.com/?path=//proc/719607/cwd/opt/alt/tests" "Mozilla/5.0 AppleWebKit/537.36 (KHTML, like Gecko; compatible; GPTBot/1.4; +https://openai.com/gptbot)" 32 **0/32462**
216.73.216.114 - - [05/Aug/2026:02:12:47 -0700] "GET /?fileloc=%2F%2Fusr%2Fshare%2Fman%2Fman1%2Fperl5162delta.1.gz&path=%2F%2Fusr%2Fshare%2Fman%2Fman1 HTTP/2.0" 200 2509 "-" "Mozilla/5.0 AppleWebKit/537.36 (KHTML, like Gecko; compatible; ClaudeBot/1.0; +claudebot@anthropic.com)" 116 **0/116170**
216.73.216.114 - - [05/Aug/2026:02:12:52 -0700] "GET /?fileloc=%2F%2Fusr%2Fshare%2Fman%2Fman1%2Flogname.1.gz&path=%2F%2Fusr%2Fshare%2Fman%2Fman1 HTTP/2.0" 200 2503 "-" "Mozilla/5.0 AppleWebKit/537.36 (KHTML, like Gecko; compatible; ClaudeBot/1.0; +claudebot@anthropic.com)" 180 **0/180714**
57.141.18.53 - - [05/Aug/2026:02:12:52 -0700] "GET /2026/07/19/utmaningar-for-casino-utan-svensk-licens-med-10-euro-insattningar-en-vaxande-oro/?fileloc=/home/l2pbkn5l6xav/mail/new/1690851612.M631578P1718171.a2plcpnl0805.prod.iad2.secureserver.net,S=5196,W=5286&path=/home/l2pbkn5l6xav/mail/new HTTP/2.0" 200 4545 "-" "Mozilla/5.0 (Windows NT 10.0; Win64; x64) AppleWebKit/537.36 (KHTML, like Gecko) Chrome/145.0.0.0 Safari/537.36 (compatible; meta-externalagent/1.1 (+https://developers.facebook.com/docs/sharing/webmasters/crawler))" 115 **0/115933**
216.73.216.114 - - [05/Aug/2026:02:12:57 -0700] "GET /?fileloc=%2F%2Fusr%2Fshare%2Fman%2Fman1%2Fcrit-lve.1.gz&path=%2F%2Fusr%2Fshare%2Fman%2Fman1 HTTP/2.0" 200 2505 "-" "Mozilla/5.0 AppleWebKit/537.36 (KHTML, like Gecko; compatible; ClaudeBot/1.0; +claudebot@anthropic.com)" 125 **0/125415**
57.141.18.109 - - [05/Aug/2026:02:13:00 -0700] "GET /2026/07/19/utmaningar-for-casino-utan-svensk-licens-med-10-euro-insattningar-en-vaxande-oro/?fileloc=//lib/firmware/cypress/cyfmac43340-sdio.bin&path=//lib/firmware/cypress HTTP/2.0" 200 2507 "-" "Mozilla/5.0 (Macintosh; Intel Mac OS X 10_15_7) AppleWebKit/537.36 (KHTML, like Gecko) Chrome/145.0.0.0 Safari/537.36 (compatible; meta-externalagent/1.1 (+https://developers.facebook.com/docs/sharing/webmasters/crawler))" 118 **0/118995**
74.7.243.247 - - [05/Aug/2026:02:13:00 -0700] "GET /?path=//proc/719607/root/lib/tuned/cloudlinux-default-base HTTP/2.0" 429 267 "https://focbs.com/?path=//proc/719607/root/lib/tuned" "Mozilla/5.0 AppleWebKit/537.36 (KHTML, like Gecko; compatible; GPTBot/1.4; +https://openai.com/gptbot)" 25 **0/25060**
216.73.216.114 - - [05/Aug/2026:02:13:02 -0700] "GET /?fileloc=%2Fhome%2Fl2pbkn5l6xav%2Fwww%2Fwp-admin%2Fincludes%2Flist-table.php&path=%2Fhome%2Fl2pbkn5l6xav%2Fwww%2Fwp-admin%2Fincludes HTTP/2.0" 200 3632 "-" "Mozilla/5.0 AppleWebKit/537.36 (KHTML, like Gecko; compatible; ClaudeBot/1.0; +claudebot@anthropic.com)" 162 **0/162037**
216.73.216.114 - - [05/Aug/2026:02:13:07 -0700] "GET /?fileloc=%2F%2Fusr%2Fshare%2Fman%2Fman1%2Fgdk-pixbuf-query-loaders.1.gz&path=%2F%2Fusr%2Fshare%2Fman%2Fman1 HTTP/2.0" 200 2516 "-" "Mozilla/5.0 AppleWebKit/537.36 (KHTML, like Gecko; compatible; ClaudeBot/1.0; +claudebot@anthropic.com)" 122 **0/122380**
57.141.18.73 - - [05/Aug/2026:02:13:07 -0700] "GET /?p=71396039871100 HTTP/2.0" 200 3983 "-" "Mozilla/5.0 (Windows NT 10.0; Win64; x64) AppleWebKit/537.36 (KHTML, like Gecko) Chrome/145.0.0.0 Safari/537.36 (compatible; meta-externalagent/1.1 (+https://developers.facebook.com/docs/sharing/webmasters/crawler))" 124 **0/124273**
216.73.216.114 - - [05/Aug/2026:02:13:12 -0700] "GET /?fileloc=%2Fhome%2Fl2pbkn5l6xav%2Fwww%2Fwp-includes%2Fjs%2Fcodemirror%2Fcodemirror.min.js&path=%2Fhome%2Fl2pbkn5l6xav%2Fwww%2Fwp-includes%2Fjs%2Fcodemirror HTTP/2.0" 200 191965 "-" "Mozilla/5.0 AppleWebKit/537.36 (KHTML, like Gecko; compatible; ClaudeBot/1.0; +claudebot@anthropic.com)" 240 **0/240247**
57.141.18.65 - - [05/Aug/2026:02:13:14 -0700] "GET /2026/07/19/utmaningar-for-casino-utan-svensk-licens-med-10-euro-insattningar-en-vaxande-oro/?fileloc=/home/l2pbkn5l6xav/mail/new/1681253042.M60656P194171.a2plcpnl0805.prod.iad2.secureserver.net,S=5318,W=5408&path=/home/l2pbkn5l6xav/mail/new HTTP/2.0" 200 4569 "-" "Mozilla/5.0 (Windows NT 10.0; Win64; x64) AppleWebKit/537.36 (KHTML, like Gecko) Chrome/145.0.0.0 Safari/537.36 (compatible; meta-externalagent/1.1 (+https://developers.facebook.com/docs/sharing/webmasters/crawler))" 114 **0/114657**
216.73.216.114 - - [05/Aug/2026:02:13:17 -0700] "GET /?fileloc=%2Fhome%2Fl2pbkn5l6xav%2Fwww%2Fwp-admin%2Fincludes%2Fclass-walker-nav-menu-edit.php&path=%2Fhome%2Fl2pbkn5l6xav%2Fwww%2Fwp-admin%2Fincludes HTTP/2.0" 200 5683 "-" "Mozilla/5.0 AppleWebKit/537.36 (KHTML, like Gecko; compatible; ClaudeBot/1.0; +claudebot@anthropic.com)" 129 **0/129813**
57.141.18.20 - - [05/Aug/2026:02:13:20 -0700] "GET /2026/07/18/exploring-the-appeal-of-mostbet-oferuje-bogaty-wybor-gier-in-2023/?path=/home/l2pbkn5l6xav/www/wp-includes/theme-compat HTTP/2.0" 200 3167 "-" "Mozilla/5.0 (Windows NT 10.0; Win64; x64) AppleWebKit/537.36 (KHTML, like Gecko) Chrome/145.0.0.0 Safari/537.36 (compatible; meta-externalagent/1.1 (+https://developers.facebook.com/docs/sharing/webmasters/crawler))" 109 **0/109604**
216.73.216.114 - - [05/Aug/2026:02:13:22 -0700] "GET /?fileloc=%2F%2Fusr%2Fshare%2Fman%2Fman1%2Fgeoiplookup6.1.gz&path=%2F%2Fusr%2Fshare%2Fman%2Fman1 HTTP/2.0" 200 2508 "-" "Mozilla/5.0 AppleWebKit/537.36 (KHTML, like Gecko; compatible; ClaudeBot/1.0; +claudebot@anthropic.com)" 112 **0/112653**
57.141.18.57 - - [05/Aug/2026:02:13:26 -0700] "GET /2026/07/18/exploring-the-appeal-of-mostbet-oferuje-bogaty-wybor-gier-in-2023/?fileloc=/home/l2pbkn5l6xav/www/wp-includes/class-wp-simplepie-file.php&path=/home/l2pbkn5l6xav/www/wp-includes HTTP/2.0" 200 3799 "-" "Mozilla/5.0 (Macintosh; Intel Mac OS X 10_15_7) AppleWebKit/537.36 (KHTML, like Gecko) Chrome/145.0.0.0 Safari/537.36 (compatible; meta-externalagent/1.1 (+https://developers.facebook.com/docs/sharing/webmasters/crawler))" 108 **0/108055**
216.73.216.114 - - [05/Aug/2026:02:13:27 -0700] "GET /?fileloc=%2F%2Fusr%2Fshare%2Fman%2Fman1%2Fperl5144delta.1.gz&path=%2F%2Fusr%2Fshare%2Fman%2Fman1 HTTP/2.0" 200 2508 "-" "Mozilla/5.0 AppleWebKit/537.36 (KHTML, like Gecko; compatible; ClaudeBot/1.0; +claudebot@anthropic.com)" 112 **0/112704**
216.73.216.114 - - [05/Aug/2026:02:13:32 -0700] "GET /?fileloc=%2Fhome%2Fl2pbkn5l6xav%2Fwww%2Fwp-admin%2Fincludes%2Fclass-ftp.php&path=%2Fhome%2Fl2pbkn5l6xav%2Fwww%2Fwp-admin%2Fincludes HTTP/2.0" 200 9179 "-" "Mozilla/5.0 AppleWebKit/537.36 (KHTML, like Gecko; compatible; ClaudeBot/1.0; +claudebot@anthropic.com)" 118 **0/118162**
57.141.18.39 - - [05/Aug/2026:02:13:32 -0700] "GET /2026/07/19/jak-aktywowac-voucher-free-spins-w-mostbet-dla-doswiadczonych-graczy/?fileloc=//lib64/libverto-libev.so.1.0.0&path=//lib64 HTTP/2.0" 200 2486 "-" "Mozilla/5.0 (Windows NT 10.0; Win64; x64) AppleWebKit/537.36 (KHTML, like Gecko) Chrome/145.0.0.0 Safari/537.36 (compatible; meta-externalagent/1.1 (+https://developers.facebook.com/docs/sharing/webmasters/crawler))" 109 **0/109507**
216.73.216.114 - - [05/Aug/2026:02:13:37 -0700] "GET /?fileloc=%2F%2Fusr%2Fshare%2Fman%2Fman1%2Fperl5262delta.1.gz&path=%2F%2Fusr%2Fshare%2Fman%2Fman1 HTTP/2.0" 200 2507 "-" "Mozilla/5.0 AppleWebKit/537.36 (KHTML, like Gecko; compatible; ClaudeBot/1.0; +claudebot@anthropic.com)" 128 **0/128878**
57.141.18.82 - - [05/Aug/2026:02:13:37 -0700] "GET /2026/07/19/jak-aktywowac-voucher-free-spins-w-mostbet-dla-doswiadczonych-graczy/?fileloc=//lib64/libinotifytools.so.0.4.1&path=//lib64 HTTP/2.0" 200 2486 "-" "Mozilla/5.0 (Windows NT 10.0; Win64; x64) AppleWebKit/537.36 (KHTML, like Gecko) Chrome/145.0.0.0 Safari/537.36 (compatible; meta-externalagent/1.1 (+https://developers.facebook.com/docs/sharing/webmasters/crawler))" 103 **0/103545**
57.141.18.123 - - [05/Aug/2026:02:13:42 -0700] "GET /2026/07/19/jak-aktywowac-voucher-free-spins-w-mostbet-dla-doswiadczonych-graczy/?fileloc=//lib64/libhogweed.so.4.5&path=//lib64 HTTP/2.0" 200 2482 "-" "Mozilla/5.0 (Macintosh; Intel Mac OS X 10_15_7) AppleWebKit/537.36 (KHTML, like Gecko) Chrome/145.0.0.0 Safari/537.36 (compatible; meta-externalagent/1.1 (+https://developers.facebook.com/docs/sharing/webmasters/crawler))" 106 **0/106756**
74.7.243.247 - - [05/Aug/2026:02:13:43 -0700] "GET /?fileloc=//proc/719607/root/proc/self/root/bin/mariadb-show&path=//proc/719607/root/proc/self/root/bin HTTP/2.0" 429 267 "https://focbs.com/?path=//proc/719607/root/proc/self/root/bin" "Mozilla/5.0 AppleWebKit/537.36 (KHTML, like Gecko; compatible; GPTBot/1.4; +https://openai.com/gptbot)" 10 **0/10946**
57.141.18.109 - - [05/Aug/2026:02:13:48 -0700] "GET /2026/07/19/jak-aktywowac-voucher-free-spins-w-mostbet-dla-doswiadczonych-graczy/?fileloc=//lib64/libevent_openssl-2.1.so.6.0.2&path=//lib64 HTTP/2.0" 200 2494 "-" "Mozilla/5.0 (Windows NT 10.0; Win64; x64) AppleWebKit/537.36 (KHTML, like Gecko) Chrome/145.0.0.0 Safari/537.36 (compatible; meta-externalagent/1.1 (+https://developers.facebook.com/docs/sharing/webmasters/crawler))" 104 **0/104857**
66.249.72.229 - - [05/Aug/2026:02:13:48 -0700] "GET /?p=41699774071100 HTTP/1.1" 200 18275 "-" "Mozilla/5.0 (compatible; Googlebot/2.1; +http://www.google.com/bot.html)" 303 **0/303250**
57.141.18.65 - - [05/Aug/2026:02:13:52 -0700] "GET /2026/07/19/jak-aktywowac-voucher-free-spins-w-mostbet-dla-doswiadczonych-graczy/?fileloc=//lib64/libbsock.so&path=//lib64 HTTP/2.0" 200 2478 "-" "Mozilla/5.0 (Macintosh; Intel Mac OS X 10_15_7) AppleWebKit/537.36 (KHTML, like Gecko) Chrome/145.0.0.0 Safari/537.36 (compatible; meta-externalagent/1.1 (+https://developers.facebook.com/docs/sharing/webmasters/crawler))" 111 **0/111316**
57.141.18.12 - - [05/Aug/2026:02:13:56 -0700] "GET /2026/07/19/jak-aktywowac-voucher-free-spins-w-mostbet-dla-doswiadczonych-graczy/?fileloc=//lib64/libxcb-sync.so&path=//lib64 HTTP/2.0" 200 2480 "-" "Mozilla/5.0 (Windows NT 10.0; Win64; x64) AppleWebKit/537.36 (KHTML, like Gecko) Chrome/145.0.0.0 Safari/537.36 (compatible; meta-externalagent/1.1 (+https://developers.facebook.com/docs/sharing/webmasters/crawler))" 102 **0/102413**
57.141.18.78 - - [05/Aug/2026:02:14:01 -0700] "GET /2026/07/19/jak-aktywowac-voucher-free-spins-w-mostbet-dla-doswiadczonych-graczy/?fileloc=//lib64/libfreeblpriv3.so&path=//lib64 HTTP/2.0" 200 2481 "-" "Mozilla/5.0 (Macintosh; Intel Mac OS X 10_15_7) AppleWebKit/537.36 (KHTML, like Gecko) Chrome/145.0.0.0 Safari/537.36 (compatible; meta-externalagent/1.1 (+https://developers.facebook.com/docs/sharing/webmasters/crawler))" 118 **0/118303**
57.141.18.10 - - [05/Aug/2026:02:14:05 -0700] "GET /2026/07/19/utmaningar-for-casino-utan-svensk-licens-med-10-euro-insattningar-en-vaxande-oro/?fileloc=/home/l2pbkn5l6xav/mail/new/1733004960.M966009P504527.p3plzcpnl504740.prod.phx3.secureserver.net,S=5203,W=5295&path=/home/l2pbkn5l6xav/mail/new HTTP/2.0" 200 4457 "-" "Mozilla/5.0 (Macintosh; Intel Mac OS X 10_15_7) AppleWebKit/537.36 (KHTML, like Gecko) Chrome/145.0.0.0 Safari/537.36 (compatible; meta-externalagent/1.1 (+https://developers.facebook.com/docs/sharing/webmasters/crawler))" 115 **0/115729**
57.141.18.106 - - [05/Aug/2026:02:14:08 -0700] "GET /2026/07/18/exploring-the-appeal-of-mostbet-oferuje-bogaty-wybor-gier-in-2023/?fileloc=/home/l2pbkn5l6xav/www/wp-includes/sitemaps.php&path=/home/l2pbkn5l6xav/www/wp-includes HTTP/2.0" 200 3521 "-" "Mozilla/5.0 (Windows NT 10.0; Win64; x64) AppleWebKit/537.36 (KHTML, like Gecko) Chrome/145.0.0.0 Safari/537.36 (compatible; meta-externalagent/1.1 (+https://developers.facebook.com/docs/sharing/webmasters/crawler))" 111 **0/111045**
57.141.18.117 - - [05/Aug/2026:02:14:13 -0700] "GET /2026/07/18/wie-fange-ich-an-bei-sportwetten-ohne-oasis-fur-maximale-gewinne/?fileloc=//usr/lib64/libpcre2-32.so.0.7.1&path=//usr/lib64 HTTP/2.0" 200 2494 "-" "Mozilla/5.0 (Macintosh; Intel Mac OS X 10_15_7) AppleWebKit/537.36 (KHTML, like Gecko) Chrome/145.0.0.0 Safari/537.36 (compatible; meta-externalagent/1.1 (+https://developers.facebook.com/docs/sharing/webmasters/crawler))" 134 **0/134093**
57.141.18.77 - - [05/Aug/2026:02:14:16 -0700] "GET /2026/07/18/exploring-the-appeal-of-mostbet-oferuje-bogaty-wybor-gier-in-2023/?fileloc=/home/l2pbkn5l6xav/tmp/webalizer/hourly_usage_202010.png&path=/home/l2pbkn5l6xav/tmp/webalizer HTTP/2.0" 200 2505 "-" "Mozilla/5.0 (Macintosh; Intel Mac OS X 10_15_7) AppleWebKit/537.36 (KHTML, like Gecko) Chrome/145.0.0.0 Safari/537.36 (compatible; meta-externalagent/1.1 (+https://developers.facebook.com/docs/sharing/webmasters/crawler))" 112 **0/112841**
66.249.72.228 - - [05/Aug/2026:02:14:18 -0700] "GET /?p=26655136871100 HTTP/1.1" 200 19639 "-" "Mozilla/5.0 (Linux; Android 6.0.1; Nexus 5X Build/MMB29P) AppleWebKit/537.36 (KHTML, like Gecko) Chrome/150.0.7871.186 Mobile Safari/537.36 (compatible; GoogleOther)" 336 **0/336760**
66.249.72.229 - - [05/Aug/2026:02:14:18 -0700] "GET /?p=15700491271100 HTTP/1.1" 200 18518 "-" "Mozilla/5.0 (Linux; Android 6.0.1; Nexus 5X Build/MMB29P) AppleWebKit/537.36 (KHTML, like Gecko) Chrome/150.0.7871.186 Mobile Safari/537.36 (compatible; GoogleOther)" 306 **0/306330**
57.141.18.64 - - [05/Aug/2026:02:14:19 -0700] "GET /2026/07/18/exploring-the-appeal-of-mostbet-oferuje-bogaty-wybor-gier-in-2023/?fileloc=/home/l2pbkn5l6xav/tmp/webalizer/ctry_usage_202105.png&path=/home/l2pbkn5l6xav/tmp/webalizer HTTP/2.0" 200 2505 "-" "Mozilla/5.0 (Windows NT 10.0; Win64; x64) AppleWebKit/537.36 (KHTML, like Gecko) Chrome/145.0.0.0 Safari/537.36 (compatible; meta-externalagent/1.1 (+https://developers.facebook.com/docs/sharing/webmasters/crawler))" 106 **0/106337**
57.141.18.121 - - [05/Aug/2026:02:14:23 -0700] "GET /2026/07/19/slot-oyunlarinin-movzu-uzr-bolgusu-qhrmanlar-v-macra-dunyasi/?fileloc=/home/l2pbkn5l6xav/public_html/robots.txt&path=/home/l2pbkn5l6xav/public_html HTTP/2.0" 200 78 "-" "Mozilla/5.0 (Macintosh; Intel Mac OS X 10_15_7) AppleWebKit/537.36 (KHTML, like Gecko) Chrome/145.0.0.0 Safari/537.36 (compatible; meta-externalagent/1.1 (+https://developers.facebook.com/docs/sharing/webmasters/crawler))" 95 **0/95882**
57.141.18.6 - - [05/Aug/2026:02:14:26 -0700] "GET /2026/07/18/local-pipeline-compass-test-pass1-2/?fileloc=//etc/mime.types&path=//etc HTTP/2.0" 200 18986 "-" "Mozilla/5.0 (Windows NT 10.0; Win64; x64) AppleWebKit/537.36 (KHTML, like Gecko) Chrome/145.0.0.0 Safari/537.36 (compatible; meta-externalagent/1.1 (+https://developers.facebook.com/docs/sharing/webmasters/crawler))" 103 **0/103824**
66.249.72.227 - - [05/Aug/2026:02:14:27 -0700] "GET /?product/review/69890697671100 HTTP/1.1" 200 19381 "-" "Mozilla/5.0 (Linux; Android 6.0.1; Nexus 5X Build/MMB29P) AppleWebKit/537.36 (KHTML, like Gecko) Chrome/150.0.7871.186 Mobile Safari/537.36 (compatible; Googlebot/2.1; +http://www.google.com/bot.html)" 344 **0/344608**
57.141.18.74 - - [05/Aug/2026:02:14:30 -0700] "GET /2026/07/19/utmaningar-for-casino-utan-svensk-licens-med-10-euro-insattningar-en-vaxande-oro/?fileloc=/home/l2pbkn5l6xav/mail/new/1697292415.M881289P2786051.a2plcpnl0805.prod.iad2.secureserver.net,S=5422,W=5516&path=/home/l2pbkn5l6xav/mail/new HTTP/2.0" 200 4597 "-" "Mozilla/5.0 (Windows NT 10.0; Win64; x64) AppleWebKit/537.36 (KHTML, like Gecko) Chrome/145.0.0.0 Safari/537.36 (compatible; meta-externalagent/1.1 (+https://developers.facebook.com/docs/sharing/webmasters/crawler))" 115 **0/115578**
57.141.18.54 - - [05/Aug/2026:02:14:32 -0700] "GET /2026/07/18/exploring-the-appeal-of-mostbet-oferuje-bogaty-wybor-gier-in-2023/?fileloc=//lib64/libpython3.12.so.1.0&path=//lib64 HTTP/2.0" 200 2484 "-" "Mozilla/5.0 (Windows NT 10.0; Win64; x64) AppleWebKit/537.36 (KHTML, like Gecko) Chrome/145.0.0.0 Safari/537.36 (compatible; meta-externalagent/1.1 (+https://developers.facebook.com/docs/sharing/webmasters/crawler))" 114 **0/114620**
57.141.18.22 - - [05/Aug/2026:02:14:35 -0700] "GET /2026/07/18/local-pipeline-compass-test-pass1-2/?fileloc=/home/l2pbkn5l6xav/public_html/wp-admin/upgrade-functions.php&path=/home/l2pbkn5l6xav/public_html/wp-admin HTTP/2.0" 200 2686 "-" "Mozilla/5.0 (Windows NT 10.0; Win64; x64) AppleWebKit/537.36 (KHTML, like Gecko) Chrome/145.0.0.0 Safari/537.36 (compatible; meta-externalagent/1.1 (+https://developers.facebook.com/docs/sharing/webmasters/crawler))" 103 **0/103843**
57.141.18.29 - - [05/Aug/2026:02:14:39 -0700] "GET /2026/07/18/exploring-the-appeal-of-mostbet-oferuje-bogaty-wybor-gier-in-2023/?fileloc=//lib64/libenchant.so.1.6.0&path=//lib64 HTTP/2.0" 200 2483 "-" "Mozilla/5.0 (Macintosh; Intel Mac OS X 10_15_7) AppleWebKit/537.36 (KHTML, like Gecko) Chrome/145.0.0.0 Safari/537.36 (compatible; meta-externalagent/1.1 (+https://developers.facebook.com/docs/sharing/webmasters/crawler))" 114 **0/114092**
57.141.18.21 - - [05/Aug/2026:02:14:41 -0700] "GET /2026/07/18/exploring-the-appeal-of-mostbet-oferuje-bogaty-wybor-gier-in-2023/?fileloc=//lib64/libsolvext.so.1&path=//lib64 HTTP/2.0" 200 2479 "-" "Mozilla/5.0 (Windows NT 10.0; Win64; x64) AppleWebKit/537.36 (KHTML, like Gecko) Chrome/145.0.0.0 Safari/537.36 (compatible; meta-externalagent/1.1 (+https://developers.facebook.com/docs/sharing/webmasters/crawler))" 106 **0/106781**
57.141.18.113 - - [05/Aug/2026:02:14:44 -0700] "GET /2026/07/18/exploring-the-appeal-of-mostbet-oferuje-bogaty-wybor-gier-in-2023/?fileloc=//lib64/liborc-test-0.4.so.0.28.0&path=//lib64 HTTP/2.0" 200 2488 "-" "Mozilla/5.0 (Windows NT 10.0; Win64; x64) AppleWebKit/537.36 (KHTML, like Gecko) Chrome/145.0.0.0 Safari/537.36 (compatible; meta-externalagent/1.1 (+https://developers.facebook.com/docs/sharing/webmasters/crawler))" 102 **0/102759**
74.7.243.247 - - [05/Aug/2026:02:14:45 -0700] "GET /?path=//proc/719607/cwd/usr/lib/tuned/intel-sst HTTP/2.0" 200 2585 "https://focbs.com/?path=//proc/719607/cwd/usr/lib/tuned" "Mozilla/5.0 AppleWebKit/537.36 (KHTML, like Gecko; compatible; GPTBot/1.4; +https://openai.com/gptbot)" 118 **0/118831**
57.141.18.32 - - [05/Aug/2026:02:14:46 -0700] "GET /2026/07/18/exploring-the-appeal-of-mostbet-oferuje-bogaty-wybor-gier-in-2023/?fileloc=//lib64/libbz2.so.1.0.6&path=//lib64 HTTP/2.0" 200 2481 "-" "Mozilla/5.0 (Macintosh; Intel Mac OS X 10_15_7) AppleWebKit/537.36 (KHTML, like Gecko) Chrome/145.0.0.0 Safari/537.36 (compatible; meta-externalagent/1.1 (+https://developers.facebook.com/docs/sharing/webmasters/crawler))" 110 **0/110732**
57.141.18.16 - - [05/Aug/2026:02:14:49 -0700] "GET /2026/07/19/utmaningar-for-casino-utan-svensk-licens-med-10-euro-insattningar-en-vaxande-oro/?fileloc=/home/l2pbkn5l6xav/mail/new/1665116124.M42603P1939202.a2plcpnl0805.prod.iad2.secureserver.net,S=5370,W=5458&path=/home/l2pbkn5l6xav/mail/new HTTP/2.0" 200 4584 "-" "Mozilla/5.0 (Windows NT 10.0; Win64; x64) AppleWebKit/537.36 (KHTML, like Gecko) Chrome/145.0.0.0 Safari/537.36 (compatible; meta-externalagent/1.1 (+https://developers.facebook.com/docs/sharing/webmasters/crawler))" 114 **0/114867**
57.141.18.67 - - [05/Aug/2026:02:14:52 -0700] "GET /2026/07/19/utmaningar-for-casino-utan-svensk-licens-med-10-euro-insattningar-en-vaxande-oro/?fileloc=/home/l2pbkn5l6xav/mail/new/1689951582.M690167P2640372.a2plcpnl0805.prod.iad2.secureserver.net,S=3017,W=3078&path=/home/l2pbkn5l6xav/mail/new HTTP/2.0" 200 3768 "-" "Mozilla/5.0 (Windows NT 10.0; Win64; x64) AppleWebKit/537.36 (KHTML, like Gecko) Chrome/145.0.0.0 Safari/537.36 (compatible; meta-externalagent/1.1 (+https://developers.facebook.com/docs/sharing/webmasters/crawler))" 115 **0/115132**
66.249.72.227 - - [05/Aug/2026:02:14:54 -0700] "GET /categories HTTP/1.1" 200 19018 "-" "Mozilla/5.0 (Linux; Android 6.0.1; Nexus 5X Build/MMB29P) AppleWebKit/537.36 (KHTML, like Gecko) Chrome/150.0.7871.186 Mobile Safari/537.36 (compatible; Googlebot/2.1; +http://www.google.com/bot.html)" 383 **0/383257**
57.141.18.37 - - [05/Aug/2026:02:14:55 -0700] "GET /2026/07/18/local-pipeline-compass-test-pass1-2/?fileloc=/home/l2pbkn5l6xav/public_html/wp-admin/update.php&path=/home/l2pbkn5l6xav/public_html/wp-admin HTTP/2.0" 200 5154 "-" "Mozilla/5.0 (Windows NT 10.0; Win64; x64) AppleWebKit/537.36 (KHTML, like Gecko) Chrome/145.0.0.0 Safari/537.36 Edg/145.0.0.0 (compatible; meta-externalagent/1.1 (+https://developers.facebook.com/docs/sharing/webmasters/crawler))" 108 **0/108143**
66.249.72.227 - - [05/Aug/2026:02:14:57 -0700] "GET /?p=36961097271100 HTTP/1.1" 200 16408 "-" "Mozilla/5.0 (Linux; Android 6.0.1; Nexus 5X Build/MMB29P) AppleWebKit/537.36 (KHTML, like Gecko) Chrome/150.0.7871.186 Mobile Safari/537.36 (compatible; GoogleOther)" 260 **0/260528**
57.141.18.4 - - [05/Aug/2026:02:14:57 -0700] "GET /2026/07/19/mostbet-download-tez-tez-sorusulan-suallarin-cavablari/?fileloc=/home/l2pbkn5l6xav/public_html/wp-content/themes/primer/sidebar-tertiary.php&path=/home/l2pbkn5l6xav/public_html/wp-content/themes/primer HTTP/2.0" 200 2828 "-" "Mozilla/5.0 (Windows NT 10.0; Win64; x64) AppleWebKit/537.36 (KHTML, like Gecko) Chrome/145.0.0.0 Safari/537.36 (compatible; meta-externalagent/1.1 (+https://developers.facebook.com/docs/sharing/webmasters/crawler))" 104 **0/104883**
57.141.18.105 - - [05/Aug/2026:02:14:59 -0700] "GET /2026/07/18/wie-fange-ich-an-bei-sportwetten-ohne-oasis-fur-maximale-gewinne/?fileloc=//proc/sys/net/ipv4/tcp_challenge_ack_limit&path=//proc/sys/net/ipv4 HTTP/2.0" 200 2518 "-" "Mozilla/5.0 (Windows NT 10.0; Win64; x64) AppleWebKit/537.36 (KHTML, like Gecko) Chrome/145.0.0.0 Safari/537.36 (compatible; meta-externalagent/1.1 (+https://developers.facebook.com/docs/sharing/webmasters/crawler))" 105 **0/105306**
57.141.18.74 - - [05/Aug/2026:02:15:01 -0700] "GET /2026/07/18/exploring-the-appeal-of-mostbet-oferuje-bogaty-wybor-gier-in-2023/?fileloc=/home/l2pbkn5l6xav/www/wp-includes/load.php&path=/home/l2pbkn5l6xav/www/wp-includes HTTP/2.0" 200 16367 "-" "Mozilla/5.0 (Macintosh; Intel Mac OS X 10_15_7) AppleWebKit/537.36 (KHTML, like Gecko) Chrome/145.0.0.0 Safari/537.36 (compatible; meta-externalagent/1.1 (+https://developers.facebook.com/docs/sharing/webmasters/crawler))" 204 **0/204113**
57.141.18.24 - - [05/Aug/2026:02:15:03 -0700] "GET /2026/07/18/wie-fange-ich-an-bei-sportwetten-ohne-oasis-fur-maximale-gewinne/?fileloc=//lib64/python3.6/site-packages/__pycache__/unboundmodule.cpython-36.pyc&path=//lib64/python3.6/site-packages/__pycache__ HTTP/2.0" 200 2534 "-" "Mozilla/5.0 (Windows NT 10.0; Win64; x64) AppleWebKit/537.36 (KHTML, like Gecko) Chrome/145.0.0.0 Safari/537.36 (compatible; meta-externalagent/1.1 (+https://developers.facebook.com/docs/sharing/webmasters/crawler))" 114 **0/114741**
57.141.18.115 - - [05/Aug/2026:02:15:06 -0700] "GET /2026/07/18/wie-fange-ich-an-bei-sportwetten-ohne-oasis-fur-maximale-gewinne/?fileloc=//lib/.build-id/48/16359b175eee6648eaf15a8e978c55f0243878&path=//lib/.build-id/48 HTTP/2.0" 200 2520 "-" "Mozilla/5.0 (Windows NT 10.0; Win64; x64) AppleWebKit/537.36 (KHTML, like Gecko) Chrome/145.0.0.0 Safari/537.36 (compatible; meta-externalagent/1.1 (+https://developers.facebook.com/docs/sharing/webmasters/crawler))" 107 **0/107977**
57.141.18.2 - - [05/Aug/2026:02:15:08 -0700] "GET /2026/07/19/mostbet-idman-mrclrind-limitlr-qarsisini-almali-oldugunuz-umumi-shvlr/?fileloc=/home/l2pbkn5l6xav/public_html/wp-admin/media.php&path=/home/l2pbkn5l6xav/public_html/wp-admin HTTP/2.0" 200 4572 "-" "Mozilla/5.0 (X11; Linux x86_64) AppleWebKit/537.36 (KHTML, like Gecko) Chrome/145.0.0.0 Safari/537.36 (compatible; meta-externalagent/1.1 (+https://developers.facebook.com/docs/sharing/webmasters/crawler))" 128 **0/128415**
57.141.18.34 - - [05/Aug/2026:02:15:10 -0700] "GET /?path=//opt/alt/ruby27/share HTTP/2.0" 200 3034 "-" "Mozilla/5.0 (Windows NT 10.0; Win64; x64) AppleWebKit/537.36 (KHTML, like Gecko) Chrome/145.0.0.0 Safari/537.36 (compatible; meta-externalagent/1.1 (+https://developers.facebook.com/docs/sharing/webmasters/crawler))" 127 **0/127424**
57.141.18.77 - - [05/Aug/2026:02:15:12 -0700] "GET /2026/07/19/utmaningar-for-casino-utan-svensk-licens-med-10-euro-insattningar-en-vaxande-oro/?fileloc=/home/l2pbkn5l6xav/mail/new/1650187707.M680436P2064715.a2plcpnl0805.prod.iad2.secureserver.net,S=5463,W=5553&path=/home/l2pbkn5l6xav/mail/new HTTP/2.0" 200 4633 "-" "Mozilla/5.0 (Windows NT 10.0; Win64; x64) AppleWebKit/537.36 (KHTML, like Gecko) Chrome/145.0.0.0 Safari/537.36 (compatible; meta-externalagent/1.1 (+https://developers.facebook.com/docs/sharing/webmasters/crawler))" 118 **0/118472**
