74.7.243.247 - - [05/Aug/2026:01:12:06 -0700] "GET /?path=//proc/719607/root/lib/dracut/modules.d/95lunmask HTTP/2.0" 200 2592 "https://focbs.com/?path=//proc/719607/root/lib/dracut/modules.d" "Mozilla/5.0 AppleWebKit/537.36 (KHTML, like Gecko; compatible; GPTBot/1.4; +https://openai.com/gptbot)" 112 **0/112826**
74.7.243.247 - - [05/Aug/2026:01:12:06 -0700] "GET /?path=//proc/719607/root/lib/dracut/modules.d/98selinux HTTP/2.0" 200 2591 "https://focbs.com/?path=//proc/719607/root/lib/dracut/modules.d" "Mozilla/5.0 AppleWebKit/537.36 (KHTML, like Gecko; compatible; GPTBot/1.4; +https://openai.com/gptbot)" 158 **0/158159**
74.7.243.247 - - [05/Aug/2026:01:12:07 -0700] "GET /?path=//proc/719607/root/lib/dracut/modules.d/40network HTTP/2.0" 200 2592 "https://focbs.com/?path=//proc/719607/root/lib/dracut/modules.d" "Mozilla/5.0 AppleWebKit/537.36 (KHTML, like Gecko; compatible; GPTBot/1.4; +https://openai.com/gptbot)" 108 **0/108056**
57.141.18.46 - - [05/Aug/2026:01:12:07 -0700] "GET /2026/07/19/jak-aktywowac-voucher-free-spins-w-mostbet-dla-doswiadczonych-graczy/?fileloc=//lib64/libpangoxft-1.0.so.0.4200.3&path=//lib64 HTTP/2.0" 429 267 "-" "Mozilla/5.0 (Macintosh; Intel Mac OS X 10_15_7) AppleWebKit/537.36 (KHTML, like Gecko) Chrome/145.0.0.0 Safari/537.36 (compatible; meta-externalagent/1.1 (+https://developers.facebook.com/docs/sharing/webmasters/crawler))" 22 **0/22830**
74.7.243.247 - - [05/Aug/2026:01:12:07 -0700] "GET /?path=//proc/719607/root/lib/dracut/modules.d/98haveged HTTP/2.0" 200 2591 "https://focbs.com/?path=//proc/719607/root/lib/dracut/modules.d" "Mozilla/5.0 AppleWebKit/537.36 (KHTML, like Gecko; compatible; GPTBot/1.4; +https://openai.com/gptbot)" 123 **0/123465**
74.7.243.247 - - [05/Aug/2026:01:12:08 -0700] "GET /?path=//proc/719607/cwd/usr/include/event2 HTTP/2.0" 200 2577 "https://focbs.com/?path=//proc/719607/cwd/usr/include" "Mozilla/5.0 AppleWebKit/537.36 (KHTML, like Gecko; compatible; GPTBot/1.4; +https://openai.com/gptbot)" 129 **0/129275**
74.7.243.247 - - [05/Aug/2026:01:12:08 -0700] "GET /?path=//proc/719607/root/usr/include/kadm5 HTTP/2.0" 200 2575 "https://focbs.com/?path=//proc/719607/root/usr/include" "Mozilla/5.0 AppleWebKit/537.36 (KHTML, like Gecko; compatible; GPTBot/1.4; +https://openai.com/gptbot)" 118 **0/118180**
74.7.243.247 - - [05/Aug/2026:01:12:09 -0700] "GET /?path=//proc/719607/cwd/lib/firmware/mwl8k HTTP/2.0" 200 2576 "https://focbs.com/?path=//proc/719607/cwd/lib/firmware" "Mozilla/5.0 AppleWebKit/537.36 (KHTML, like Gecko; compatible; GPTBot/1.4; +https://openai.com/gptbot)" 123 **0/123536**
57.141.18.68 - - [05/Aug/2026:01:12:09 -0700] "GET /2026/07/19/jak-aktywowac-voucher-free-spins-w-mostbet-dla-doswiadczonych-graczy/?fileloc=//lib64/libcryptsetup.so.12.6.0&path=//lib64 HTTP/2.0" 429 267 "-" "Mozilla/5.0 (Windows NT 10.0; Win64; x64) AppleWebKit/537.36 (KHTML, like Gecko) Chrome/145.0.0.0 Safari/537.36 (compatible; meta-externalagent/1.1 (+https://developers.facebook.com/docs/sharing/webmasters/crawler))" 13 **0/13940**
74.7.243.247 - - [05/Aug/2026:01:12:09 -0700] "GET /?path=//proc/719607/cwd/opt/alt/tests/alt-php80-pecl-imagick_3.7.0-4.el8 HTTP/2.0" 200 2602 "https://focbs.com/?path=//proc/719607/cwd/opt/alt/tests" "Mozilla/5.0 AppleWebKit/537.36 (KHTML, like Gecko; compatible; GPTBot/1.4; +https://openai.com/gptbot)" 112 **0/112207**
74.7.243.247 - - [05/Aug/2026:01:12:10 -0700] "GET /?path=//proc/719607/cwd/opt/alt/tests/alt-php83-pecl-imagick_3.7.0-6.el8 HTTP/2.0" 200 2602 "https://focbs.com/?path=//proc/719607/cwd/opt/alt/tests" "Mozilla/5.0 AppleWebKit/537.36 (KHTML, like Gecko; compatible; GPTBot/1.4; +https://openai.com/gptbot)" 105 **0/105161**
74.7.243.247 - - [05/Aug/2026:01:12:10 -0700] "GET /?path=//proc/719607/cwd/opt/alt/tests/alt-php81-pecl-imagick_3.7.0-1.el8 HTTP/2.0" 200 2601 "https://focbs.com/?path=//proc/719607/cwd/opt/alt/tests" "Mozilla/5.0 AppleWebKit/537.36 (KHTML, like Gecko; compatible; GPTBot/1.4; +https://openai.com/gptbot)" 117 **0/117603**
74.7.243.247 - - [05/Aug/2026:01:12:11 -0700] "GET /?path=//proc/719607/cwd/opt/alt/tests/alt-php71-pecl-imagick_3.7.0-6.el8 HTTP/2.0" 200 2602 "https://focbs.com/?path=//proc/719607/cwd/opt/alt/tests" "Mozilla/5.0 AppleWebKit/537.36 (KHTML, like Gecko; compatible; GPTBot/1.4; +https://openai.com/gptbot)" 137 **0/137169**
74.7.243.247 - - [05/Aug/2026:01:12:12 -0700] "GET /?path=//proc/719607/cwd/opt/alt/tests/alt-php80-pecl-imagick_3.7.0-1.el8 HTTP/2.0" 200 2601 "https://focbs.com/?path=//proc/719607/cwd/opt/alt/tests" "Mozilla/5.0 AppleWebKit/537.36 (KHTML, like Gecko; compatible; GPTBot/1.4; +https://openai.com/gptbot)" 148 **0/148045**
57.141.18.109 - - [05/Aug/2026:01:12:12 -0700] "GET /2026/07/19/jak-aktywowac-voucher-free-spins-w-mostbet-dla-doswiadczonych-graczy/?fileloc=//lib64/libcdt.so.5&path=//lib64 HTTP/2.0" 200 2477 "-" "Mozilla/5.0 (Macintosh; Intel Mac OS X 10_15_7) AppleWebKit/537.36 (KHTML, like Gecko) Chrome/145.0.0.0 Safari/537.36 (compatible; meta-externalagent/1.1 (+https://developers.facebook.com/docs/sharing/webmasters/crawler))" 126 **0/126606**
74.7.243.247 - - [05/Aug/2026:01:12:12 -0700] "GET /?path=//proc/719607/cwd/opt/alt/tests/alt-php80-pecl-imagick_3.7.0-3.el8 HTTP/2.0" 200 2602 "https://focbs.com/?path=//proc/719607/cwd/opt/alt/tests" "Mozilla/5.0 AppleWebKit/537.36 (KHTML, like Gecko; compatible; GPTBot/1.4; +https://openai.com/gptbot)" 126 **0/126551**
74.7.243.247 - - [05/Aug/2026:01:12:13 -0700] "GET /?path=//proc/719607/cwd/opt/alt/tests/alt-php56-pecl-imagick_3.8.0-7.el8 HTTP/2.0" 200 2601 "https://focbs.com/?path=//proc/719607/cwd/opt/alt/tests" "Mozilla/5.0 AppleWebKit/537.36 (KHTML, like Gecko; compatible; GPTBot/1.4; +https://openai.com/gptbot)" 116 **0/116780**
66.249.72.227 - - [05/Aug/2026:01:12:13 -0700] "GET /?shop/sold?id=top68356165471100 HTTP/1.1" 200 18042 "-" "Mozilla/5.0 (Linux; Android 6.0.1; Nexus 5X Build/MMB29P) AppleWebKit/537.36 (KHTML, like Gecko) Chrome/150.0.7871.186 Mobile Safari/537.36 (compatible; Googlebot/2.1; +http://www.google.com/bot.html)" 318 **0/318463**
74.7.243.247 - - [05/Aug/2026:01:12:13 -0700] "GET /?path=//proc/719607/cwd/opt/alt/tests/alt-php74-pecl-imagick_3.7.0-6.el8 HTTP/2.0" 200 2602 "https://focbs.com/?path=//proc/719607/cwd/opt/alt/tests" "Mozilla/5.0 AppleWebKit/537.36 (KHTML, like Gecko; compatible; GPTBot/1.4; +https://openai.com/gptbot)" 136 **0/136983**
74.7.243.247 - - [05/Aug/2026:01:12:14 -0700] "GET /?path=//proc/719607/cwd/opt/alt/tests/alt-php56-pecl-mongodb_1.7.5-1.el8 HTTP/2.0" 200 2603 "https://focbs.com/?path=//proc/719607/cwd/opt/alt/tests" "Mozilla/5.0 AppleWebKit/537.36 (KHTML, like Gecko; compatible; GPTBot/1.4; +https://openai.com/gptbot)" 142 **0/142124**
74.7.243.247 - - [05/Aug/2026:01:12:14 -0700] "GET /?path=//proc/719607/cwd/opt/alt/tests/alt-php71-pecl-imagick_3.7.0-4.el8 HTTP/2.0" 200 2602 "https://focbs.com/?path=//proc/719607/cwd/opt/alt/tests" "Mozilla/5.0 AppleWebKit/537.36 (KHTML, like Gecko; compatible; GPTBot/1.4; +https://openai.com/gptbot)" 124 **0/124557**
74.7.243.247 - - [05/Aug/2026:01:12:15 -0700] "GET /?path=//proc/719607/cwd/opt/alt/tests/alt-php70-pecl-imagick_3.7.0-4.el8 HTTP/2.0" 200 2602 "https://focbs.com/?path=//proc/719607/cwd/opt/alt/tests" "Mozilla/5.0 AppleWebKit/537.36 (KHTML, like Gecko; compatible; GPTBot/1.4; +https://openai.com/gptbot)" 113 **0/113212**
74.7.243.247 - - [05/Aug/2026:01:12:15 -0700] "GET /?path=//proc/719607/cwd/opt/alt/tests/alt-php81-pecl-imagick_3.8.0-7.el8 HTTP/2.0" 200 2601 "https://focbs.com/?path=//proc/719607/cwd/opt/alt/tests" "Mozilla/5.0 AppleWebKit/537.36 (KHTML, like Gecko; compatible; GPTBot/1.4; +https://openai.com/gptbot)" 124 **0/124262**
57.141.18.83 - - [05/Aug/2026:01:12:16 -0700] "GET /2026/07/19/jak-aktywowac-voucher-free-spins-w-mostbet-dla-doswiadczonych-graczy/?fileloc=//lib64/libcc1.so&path=//lib64 HTTP/2.0" 200 2476 "-" "Mozilla/5.0 (Windows NT 10.0; Win64; x64) AppleWebKit/537.36 (KHTML, like Gecko) Chrome/145.0.0.0 Safari/537.36 (compatible; meta-externalagent/1.1 (+https://developers.facebook.com/docs/sharing/webmasters/crawler))" 114 **0/114031**
74.7.243.247 - - [05/Aug/2026:01:12:16 -0700] "GET /?path=//proc/719607/cwd/opt/alt/tests/alt-php72-pecl-imagick_3.7.0-1.el8 HTTP/2.0" 200 2602 "https://focbs.com/?path=//proc/719607/cwd/opt/alt/tests" "Mozilla/5.0 AppleWebKit/537.36 (KHTML, like Gecko; compatible; GPTBot/1.4; +https://openai.com/gptbot)" 110 **0/110449**
74.7.243.247 - - [05/Aug/2026:01:12:16 -0700] "GET /?path=//proc/719607/cwd/opt/alt/tests/alt-php82-pecl-imagick_3.7.0-3.el8 HTTP/2.0" 200 2602 "https://focbs.com/?path=//proc/719607/cwd/opt/alt/tests" "Mozilla/5.0 AppleWebKit/537.36 (KHTML, like Gecko; compatible; GPTBot/1.4; +https://openai.com/gptbot)" 110 **0/110282**
74.7.243.247 - - [05/Aug/2026:01:12:17 -0700] "GET /?path=//proc/719607/cwd/opt/alt/tests/alt-php56-pecl-imagick_3.7.0-6.el8 HTTP/2.0" 200 2602 "https://focbs.com/?path=//proc/719607/cwd/opt/alt/tests" "Mozilla/5.0 AppleWebKit/537.36 (KHTML, like Gecko; compatible; GPTBot/1.4; +https://openai.com/gptbot)" 128 **0/128629**
74.7.243.247 - - [05/Aug/2026:01:12:17 -0700] "GET /?path=//proc/719607/cwd/opt/alt/tests/alt-php81-pecl-imagick_3.7.0-3.el8 HTTP/2.0" 200 2602 "https://focbs.com/?path=//proc/719607/cwd/opt/alt/tests" "Mozilla/5.0 AppleWebKit/537.36 (KHTML, like Gecko; compatible; GPTBot/1.4; +https://openai.com/gptbot)" 132 **0/132593**
74.7.243.247 - - [05/Aug/2026:01:12:18 -0700] "GET /?path=//proc/719607/cwd/opt/alt/tests/alt-php74-pecl-imagick_3.7.0-1.el8 HTTP/2.0" 200 2602 "https://focbs.com/?path=//proc/719607/cwd/opt/alt/tests" "Mozilla/5.0 AppleWebKit/537.36 (KHTML, like Gecko; compatible; GPTBot/1.4; +https://openai.com/gptbot)" 143 **0/143917**
74.7.243.247 - - [05/Aug/2026:01:12:18 -0700] "GET /?path=//proc/719607/cwd/opt/alt/tests/alt-php73-pecl-imagick_3.8.0-7.el8 HTTP/2.0" 200 2601 "https://focbs.com/?path=//proc/719607/cwd/opt/alt/tests" "Mozilla/5.0 AppleWebKit/537.36 (KHTML, like Gecko; compatible; GPTBot/1.4; +https://openai.com/gptbot)" 152 **0/152500**
74.7.243.247 - - [05/Aug/2026:01:12:19 -0700] "GET /?path=//proc/719607/cwd/opt/alt/tests/alt-php74-pecl-imagick_3.8.0-7.el8 HTTP/2.0" 200 2601 "https://focbs.com/?path=//proc/719607/cwd/opt/alt/tests" "Mozilla/5.0 AppleWebKit/537.36 (KHTML, like Gecko; compatible; GPTBot/1.4; +https://openai.com/gptbot)" 128 **0/128240**
74.7.243.247 - - [05/Aug/2026:01:12:19 -0700] "GET /?path=//proc/719607/cwd/opt/alt/tests/alt-php81-pecl-imagick_3.7.0-4.el8 HTTP/2.0" 200 2602 "https://focbs.com/?path=//proc/719607/cwd/opt/alt/tests" "Mozilla/5.0 AppleWebKit/537.36 (KHTML, like Gecko; compatible; GPTBot/1.4; +https://openai.com/gptbot)" 133 **0/133528**
74.7.243.247 - - [05/Aug/2026:01:12:20 -0700] "GET /?path=//proc/719607/cwd/opt/alt/tests/alt-php72-pecl-imagick_3.7.0-3.el8 HTTP/2.0" 200 2602 "https://focbs.com/?path=//proc/719607/cwd/opt/alt/tests" "Mozilla/5.0 AppleWebKit/537.36 (KHTML, like Gecko; compatible; GPTBot/1.4; +https://openai.com/gptbot)" 148 **0/148902**
74.7.243.247 - - [05/Aug/2026:01:12:20 -0700] "GET /?path=//proc/719607/cwd/opt/alt/tests/alt-php73-pecl-imagick_3.7.0-6.el8 HTTP/2.0" 200 2602 "https://focbs.com/?path=//proc/719607/cwd/opt/alt/tests" "Mozilla/5.0 AppleWebKit/537.36 (KHTML, like Gecko; compatible; GPTBot/1.4; +https://openai.com/gptbot)" 115 **0/115246**
74.7.243.247 - - [05/Aug/2026:01:12:21 -0700] "GET /?path=//proc/719607/cwd/opt/alt/tests/alt-php83-pecl-imagick_3.7.0-1.el8 HTTP/2.0" 200 2602 "https://focbs.com/?path=//proc/719607/cwd/opt/alt/tests" "Mozilla/5.0 AppleWebKit/537.36 (KHTML, like Gecko; compatible; GPTBot/1.4; +https://openai.com/gptbot)" 119 **0/119122**
74.7.243.247 - - [05/Aug/2026:01:12:21 -0700] "GET /?path=//proc/719607/cwd/opt/alt/tests/alt-php74-pecl-imagick_3.7.0-3.el8 HTTP/2.0" 200 2602 "https://focbs.com/?path=//proc/719607/cwd/opt/alt/tests" "Mozilla/5.0 AppleWebKit/537.36 (KHTML, like Gecko; compatible; GPTBot/1.4; +https://openai.com/gptbot)" 133 **0/133963**
74.7.243.247 - - [05/Aug/2026:01:12:22 -0700] "GET /?path=//proc/719607/cwd/opt/alt/tests/alt-php71-pecl-imagick_3.8.0-7.el8 HTTP/2.0" 200 2601 "https://focbs.com/?path=//proc/719607/cwd/opt/alt/tests" "Mozilla/5.0 AppleWebKit/537.36 (KHTML, like Gecko; compatible; GPTBot/1.4; +https://openai.com/gptbot)" 124 **0/124420**
74.7.243.247 - - [05/Aug/2026:01:12:23 -0700] "GET /?path=//proc/719607/cwd/opt/alt/tests/alt-php73-pecl-imagick_3.7.0-1.el8 HTTP/2.0" 200 2602 "https://focbs.com/?path=//proc/719607/cwd/opt/alt/tests" "Mozilla/5.0 AppleWebKit/537.36 (KHTML, like Gecko; compatible; GPTBot/1.4; +https://openai.com/gptbot)" 118 **0/118775**
74.7.243.247 - - [05/Aug/2026:01:12:23 -0700] "GET /?path=//proc/719607/cwd/opt/alt/tests/alt-php82-pecl-imagick_3.7.0-6.el8 HTTP/2.0" 200 2602 "https://focbs.com/?path=//proc/719607/cwd/opt/alt/tests" "Mozilla/5.0 AppleWebKit/537.36 (KHTML, like Gecko; compatible; GPTBot/1.4; +https://openai.com/gptbot)" 117 **0/117235**
66.249.72.228 - - [05/Aug/2026:01:12:23 -0700] "GET /?shop/sold?id=top2709940471100 HTTP/1.1" 200 19639 "-" "Mozilla/5.0 (Linux; Android 6.0.1; Nexus 5X Build/MMB29P) AppleWebKit/537.36 (KHTML, like Gecko) Chrome/150.0.7871.186 Mobile Safari/537.36 (compatible; Googlebot/2.1; +http://www.google.com/bot.html)" 360 **0/360490**
74.7.243.247 - - [05/Aug/2026:01:12:24 -0700] "GET /?path=//proc/719607/cwd/opt/alt/tests/alt-php83-pecl-imagick_3.7.0-3.el8 HTTP/2.0" 200 2602 "https://focbs.com/?path=//proc/719607/cwd/opt/alt/tests" "Mozilla/5.0 AppleWebKit/537.36 (KHTML, like Gecko; compatible; GPTBot/1.4; +https://openai.com/gptbot)" 159 **0/159455**
74.7.243.247 - - [05/Aug/2026:01:12:24 -0700] "GET /?path=//proc/719607/cwd/opt/alt/tests/alt-php72-pecl-imagick_3.7.0-6.el8 HTTP/2.0" 200 2602 "https://focbs.com/?path=//proc/719607/cwd/opt/alt/tests" "Mozilla/5.0 AppleWebKit/537.36 (KHTML, like Gecko; compatible; GPTBot/1.4; +https://openai.com/gptbot)" 145 **0/145613**
74.7.243.247 - - [05/Aug/2026:01:12:25 -0700] "GET /?path=//proc/719607/cwd/opt/alt/tests/alt-php83-pecl-gearman_2.1.4-1.el8 HTTP/2.0" 200 2602 "https://focbs.com/?path=//proc/719607/cwd/opt/alt/tests" "Mozilla/5.0 AppleWebKit/537.36 (KHTML, like Gecko; compatible; GPTBot/1.4; +https://openai.com/gptbot)" 152 **0/152614**
74.7.243.247 - - [05/Aug/2026:01:12:25 -0700] "GET /?path=//proc/719607/cwd/opt/alt/tests/alt-php72-pecl-imagick_3.8.0-7.el8 HTTP/2.0" 200 2601 "https://focbs.com/?path=//proc/719607/cwd/opt/alt/tests" "Mozilla/5.0 AppleWebKit/537.36 (KHTML, like Gecko; compatible; GPTBot/1.4; +https://openai.com/gptbot)" 115 **0/115973**
74.7.243.247 - - [05/Aug/2026:01:12:26 -0700] "GET /?path=//proc/719607/cwd/opt/alt/tests/alt-php73-pecl-gearman_2.1.4-1.el8 HTTP/2.0" 200 2601 "https://focbs.com/?path=//proc/719607/cwd/opt/alt/tests" "Mozilla/5.0 AppleWebKit/537.36 (KHTML, like Gecko; compatible; GPTBot/1.4; +https://openai.com/gptbot)" 134 **0/134065**
74.7.243.247 - - [05/Aug/2026:01:12:26 -0700] "GET /?path=//proc/719607/cwd/opt/alt/tests/alt-php54-pecl-weakref_0.2.6-1.el8 HTTP/2.0" 200 2603 "https://focbs.com/?path=//proc/719607/cwd/opt/alt/tests" "Mozilla/5.0 AppleWebKit/537.36 (KHTML, like Gecko; compatible; GPTBot/1.4; +https://openai.com/gptbot)" 101 **0/101583**
74.7.243.247 - - [05/Aug/2026:01:12:27 -0700] "GET /?path=//proc/719607/cwd/opt/alt/tests/alt-php71-pecl-imagick_3.7.0-3.el8 HTTP/2.0" 200 2602 "https://focbs.com/?path=//proc/719607/cwd/opt/alt/tests" "Mozilla/5.0 AppleWebKit/537.36 (KHTML, like Gecko; compatible; GPTBot/1.4; +https://openai.com/gptbot)" 134 **0/134783**
74.7.243.247 - - [05/Aug/2026:01:12:27 -0700] "GET /?path=//proc/719607/cwd/opt/alt/tests/alt-php84-pecl-imagick_3.7.0-6.el8 HTTP/2.0" 200 2602 "https://focbs.com/?path=//proc/719607/cwd/opt/alt/tests" "Mozilla/5.0 AppleWebKit/537.36 (KHTML, like Gecko; compatible; GPTBot/1.4; +https://openai.com/gptbot)" 124 **0/124808**
74.7.243.247 - - [05/Aug/2026:01:12:28 -0700] "GET /?path=//proc/719607/cwd/opt/alt/tests/alt-php82-pecl-imagick_3.8.0-7.el8 HTTP/2.0" 200 2601 "https://focbs.com/?path=//proc/719607/cwd/opt/alt/tests" "Mozilla/5.0 AppleWebKit/537.36 (KHTML, like Gecko; compatible; GPTBot/1.4; +https://openai.com/gptbot)" 133 **0/133404**
74.7.243.247 - - [05/Aug/2026:01:12:28 -0700] "GET /?path=//proc/719607/cwd/opt/alt/tests/alt-php83-pecl-imagick_3.8.0-7.el8 HTTP/2.0" 200 2601 "https://focbs.com/?path=//proc/719607/cwd/opt/alt/tests" "Mozilla/5.0 AppleWebKit/537.36 (KHTML, like Gecko; compatible; GPTBot/1.4; +https://openai.com/gptbot)" 118 **0/118680**
74.7.243.247 - - [05/Aug/2026:01:12:29 -0700] "GET /?path=//proc/719607/cwd/opt/alt/tests/alt-php81-pecl-imagick_3.7.0-6.el8 HTTP/2.0" 200 2602 "https://focbs.com/?path=//proc/719607/cwd/opt/alt/tests" "Mozilla/5.0 AppleWebKit/537.36 (KHTML, like Gecko; compatible; GPTBot/1.4; +https://openai.com/gptbot)" 114 **0/114857**
74.7.243.247 - - [05/Aug/2026:01:12:29 -0700] "GET /?path=//proc/719607/cwd/opt/alt/tests/alt-php82-pecl-imagick_3.7.0-1.el8 HTTP/2.0" 200 2602 "https://focbs.com/?path=//proc/719607/cwd/opt/alt/tests" "Mozilla/5.0 AppleWebKit/537.36 (KHTML, like Gecko; compatible; GPTBot/1.4; +https://openai.com/gptbot)" 117 **0/117371**
74.7.243.247 - - [05/Aug/2026:01:12:30 -0700] "GET /?path=//proc/719607/cwd/opt/alt/tests/alt-php70-pecl-mongodb_1.9.2-1.el8 HTTP/2.0" 200 2603 "https://focbs.com/?path=//proc/719607/cwd/opt/alt/tests" "Mozilla/5.0 AppleWebKit/537.36 (KHTML, like Gecko; compatible; GPTBot/1.4; +https://openai.com/gptbot)" 123 **0/123909**
74.7.243.247 - - [05/Aug/2026:01:12:31 -0700] "GET /?path=//proc/719607/cwd/opt/alt/tests/alt-php83-pecl-imagick_3.7.0-4.el8 HTTP/2.0" 200 2602 "https://focbs.com/?path=//proc/719607/cwd/opt/alt/tests" "Mozilla/5.0 AppleWebKit/537.36 (KHTML, like Gecko; compatible; GPTBot/1.4; +https://openai.com/gptbot)" 110 **0/110730**
74.7.243.247 - - [05/Aug/2026:01:12:31 -0700] "GET /?path=//proc/719607/cwd/opt/alt/tests/alt-php84-pecl-imagick_3.8.0-7.el8 HTTP/2.0" 200 2601 "https://focbs.com/?path=//proc/719607/cwd/opt/alt/tests" "Mozilla/5.0 AppleWebKit/537.36 (KHTML, like Gecko; compatible; GPTBot/1.4; +https://openai.com/gptbot)" 114 **0/114612**
74.7.243.247 - - [05/Aug/2026:01:12:32 -0700] "GET /?path=//proc/719607/cwd/opt/alt/tests/alt-php73-pecl-imagick_3.7.0-4.el8 HTTP/2.0" 200 2602 "https://focbs.com/?path=//proc/719607/cwd/opt/alt/tests" "Mozilla/5.0 AppleWebKit/537.36 (KHTML, like Gecko; compatible; GPTBot/1.4; +https://openai.com/gptbot)" 124 **0/124263**
74.7.243.247 - - [05/Aug/2026:01:12:32 -0700] "GET /?path=//proc/719607/cwd/opt/alt/tests/alt-php74-pecl-imagick_3.7.0-4.el8 HTTP/2.0" 200 2602 "https://focbs.com/?path=//proc/719607/cwd/opt/alt/tests" "Mozilla/5.0 AppleWebKit/537.36 (KHTML, like Gecko; compatible; GPTBot/1.4; +https://openai.com/gptbot)" 123 **0/123614**
74.7.243.247 - - [05/Aug/2026:01:12:33 -0700] "GET /?path=//proc/719607/cwd/opt/alt/tests/alt-php56-pecl-imagick_3.7.0-3.el8 HTTP/2.0" 200 2602 "https://focbs.com/?path=//proc/719607/cwd/opt/alt/tests" "Mozilla/5.0 AppleWebKit/537.36 (KHTML, like Gecko; compatible; GPTBot/1.4; +https://openai.com/gptbot)" 110 **0/110321**
74.7.243.247 - - [05/Aug/2026:01:12:33 -0700] "GET /?path=//proc/719607/root/lib/locale/en_IE@euro HTTP/2.0" 200 2580 "https://focbs.com/?path=//proc/719607/root/lib/locale" "Mozilla/5.0 AppleWebKit/537.36 (KHTML, like Gecko; compatible; GPTBot/1.4; +https://openai.com/gptbot)" 118 **0/118386**
74.7.243.247 - - [05/Aug/2026:01:12:34 -0700] "GET /?path=//proc/719607/root/lib/locale/de_LU@euro HTTP/2.0" 200 2579 "https://focbs.com/?path=//proc/719607/root/lib/locale" "Mozilla/5.0 AppleWebKit/537.36 (KHTML, like Gecko; compatible; GPTBot/1.4; +https://openai.com/gptbot)" 118 **0/118047**
66.249.72.227 - - [05/Aug/2026:01:12:34 -0700] "GET /?product/category/view_more/12293295471100 HTTP/1.1" 200 19453 "-" "Mozilla/5.0 (Linux; Android 6.0.1; Nexus 5X Build/MMB29P) AppleWebKit/537.36 (KHTML, like Gecko) Chrome/150.0.7871.186 Mobile Safari/537.36 (compatible; Googlebot/2.1; +http://www.google.com/bot.html)" 409 **0/409144**
66.249.72.227 - - [05/Aug/2026:01:12:34 -0700] "GET /?p=19303565871100 HTTP/1.1" 200 19573 "-" "Mozilla/5.0 (Linux; Android 6.0.1; Nexus 5X Build/MMB29P) AppleWebKit/537.36 (KHTML, like Gecko) Chrome/150.0.7871.186 Mobile Safari/537.36 (compatible; Googlebot/2.1; +http://www.google.com/bot.html)" 350 **0/350671**
74.7.243.247 - - [05/Aug/2026:01:12:34 -0700] "GET /?path=//proc/719607/root/lib/locale/de_DE@euro HTTP/2.0" 200 2580 "https://focbs.com/?path=//proc/719607/root/lib/locale" "Mozilla/5.0 AppleWebKit/537.36 (KHTML, like Gecko; compatible; GPTBot/1.4; +https://openai.com/gptbot)" 111 **0/111037**
202.9.40.20 - - [05/Aug/2026:01:12:34 -0700] "GET /pt/donations/?fileloc=/home/l2pbkn5l6xav/public_html/wp-includes/l10n.php&path=/home/l2pbkn5l6xav/public_html/wp-includes HTTP/1.1" 200 13555 "https://focbs.com/pt/donations/?path=/home/l2pbkn5l6xav/public_html/wp-includes" "Mozilla/5.0 (Linux; Android 15; OPPO PCLM9) AppleWebKit/537.36 (KHTML, like Gecko) Chrome/151.0.5636.138 Mobile Safari/537.36" 113 **0/113991**
74.7.243.247 - - [05/Aug/2026:01:12:35 -0700] "GET /?path=//proc/719607/root/lib/locale/de_AT@euro HTTP/2.0" 200 2580 "https://focbs.com/?path=//proc/719607/root/lib/locale" "Mozilla/5.0 AppleWebKit/537.36 (KHTML, like Gecko; compatible; GPTBot/1.4; +https://openai.com/gptbot)" 130 **0/130395**
74.7.243.247 - - [05/Aug/2026:01:12:36 -0700] "GET /?path=//proc/719607/root/lib/locale/de_BE@euro HTTP/2.0" 200 2580 "https://focbs.com/?path=//proc/719607/root/lib/locale" "Mozilla/5.0 AppleWebKit/537.36 (KHTML, like Gecko; compatible; GPTBot/1.4; +https://openai.com/gptbot)" 123 **0/123181**
74.7.243.247 - - [05/Aug/2026:01:12:36 -0700] "GET /?path=//proc/719607/root/usr/include/linux/netfilter_arp HTTP/2.0" 200 2592 "https://focbs.com/?path=//proc/719607/root/usr/include/linux" "Mozilla/5.0 AppleWebKit/537.36 (KHTML, like Gecko; compatible; GPTBot/1.4; +https://openai.com/gptbot)" 105 **0/105994**
74.7.243.247 - - [05/Aug/2026:01:12:36 -0700] "GET /?path=//proc/719607/root/lib/tuned/latency-performance HTTP/2.0" 200 2583 "https://focbs.com/?path=//proc/719607/root/lib/tuned" "Mozilla/5.0 AppleWebKit/537.36 (KHTML, like Gecko; compatible; GPTBot/1.4; +https://openai.com/gptbot)" 129 **0/129287**
74.7.243.247 - - [05/Aug/2026:01:12:37 -0700] "GET /?path=//proc/719607/root/lib/firmware/ti-connectivity HTTP/2.0" 200 2583 "https://focbs.com/?path=//proc/719607/root/lib/firmware" "Mozilla/5.0 AppleWebKit/537.36 (KHTML, like Gecko; compatible; GPTBot/1.4; +https://openai.com/gptbot)" 121 **0/121422**
74.7.243.247 - - [05/Aug/2026:01:12:37 -0700] "GET /?path=//proc/719607/root/proc/self/root/lib/locale/en_GB.iso885915 HTTP/2.0" 200 2608 "https://focbs.com/?path=//proc/719607/root/proc/self/root/lib/locale" "Mozilla/5.0 AppleWebKit/537.36 (KHTML, like Gecko; compatible; GPTBot/1.4; +https://openai.com/gptbot)" 121 **0/121261**
74.7.243.247 - - [05/Aug/2026:01:12:38 -0700] "GET /?path=//proc/719607/root/proc/self/root/lib/locale/en_US.iso885915 HTTP/2.0" 200 2607 "https://focbs.com/?path=//proc/719607/root/proc/self/root/lib/locale" "Mozilla/5.0 AppleWebKit/537.36 (KHTML, like Gecko; compatible; GPTBot/1.4; +https://openai.com/gptbot)" 112 **0/112401**
74.7.243.247 - - [05/Aug/2026:01:12:38 -0700] "GET /?path=//proc/sys/fs/xfs HTTP/2.0" 200 3393 "https://focbs.com/?path=//proc/sys/fs" "Mozilla/5.0 AppleWebKit/537.36 (KHTML, like Gecko; compatible; GPTBot/1.4; +https://openai.com/gptbot)" 130 **0/130080**
57.141.18.63 - - [05/Aug/2026:01:12:39 -0700] "GET /2026/07/19/jak-aktywowac-voucher-free-spins-w-mostbet-dla-doswiadczonych-graczy/?fileloc=//lib64/libgcrypt.so.20.2.5&path=//lib64 HTTP/2.0" 200 2484 "-" "Mozilla/5.0 (X11; Linux x86_64) AppleWebKit/537.36 (KHTML, like Gecko) Chrome/145.0.0.0 Safari/537.36 (compatible; meta-externalagent/1.1 (+https://developers.facebook.com/docs/sharing/webmasters/crawler))" 109 **0/109947**
74.7.243.247 - - [05/Aug/2026:01:12:39 -0700] "GET /?path=//proc/719607/cwd/lib/tuned/cloudlinux-default HTTP/2.0" 200 2582 "https://focbs.com/?path=//proc/719607/cwd/lib/tuned" "Mozilla/5.0 AppleWebKit/537.36 (KHTML, like Gecko; compatible; GPTBot/1.4; +https://openai.com/gptbot)" 114 **0/114126**
74.7.243.247 - - [05/Aug/2026:01:12:39 -0700] "GET /?path=//proc/719607/cwd/opt/alt/tests/alt-php82-phpiredis_1.0.1-1.el8 HTTP/2.0" 200 2600 "https://focbs.com/?path=//proc/719607/cwd/opt/alt/tests" "Mozilla/5.0 AppleWebKit/537.36 (KHTML, like Gecko; compatible; GPTBot/1.4; +https://openai.com/gptbot)" 133 **0/133987**
74.7.243.247 - - [05/Aug/2026:01:12:40 -0700] "GET /?path=//proc/719607/cwd/opt/alt/tests/alt-php84-phpiredis_1.0.1-1.el8 HTTP/2.0" 200 2600 "https://focbs.com/?path=//proc/719607/cwd/opt/alt/tests" "Mozilla/5.0 AppleWebKit/537.36 (KHTML, like Gecko; compatible; GPTBot/1.4; +https://openai.com/gptbot)" 108 **0/108465**
74.7.243.247 - - [05/Aug/2026:01:12:41 -0700] "GET /?path=//proc/719607/root/lib/locale/C.utf8 HTTP/2.0" 200 2576 "https://focbs.com/?path=//proc/719607/root/lib/locale" "Mozilla/5.0 AppleWebKit/537.36 (KHTML, like Gecko; compatible; GPTBot/1.4; +https://openai.com/gptbot)" 132 **0/132878**
74.7.243.247 - - [05/Aug/2026:01:12:41 -0700] "GET /?path=//proc/719607/cwd/lib/systemd/ntp-units.d HTTP/2.0" 200 2577 "https://focbs.com/?path=//proc/719607/cwd/lib/systemd" "Mozilla/5.0 AppleWebKit/537.36 (KHTML, like Gecko; compatible; GPTBot/1.4; +https://openai.com/gptbot)" 109 **0/109428**
74.7.243.247 - - [05/Aug/2026:01:12:42 -0700] "GET /?path=//proc/719607/root/lib/dracut/modules.d/05nss-softokn HTTP/2.0" 200 2595 "https://focbs.com/?path=//proc/719607/root/lib/dracut/modules.d" "Mozilla/5.0 AppleWebKit/537.36 (KHTML, like Gecko; compatible; GPTBot/1.4; +https://openai.com/gptbot)" 116 **0/116732**
74.7.243.247 - - [05/Aug/2026:01:12:42 -0700] "GET /?fileloc=//proc/719607/root/proc/self/root/lib/.build-id/b7/abd2637c8c16c7a2630a2c030f576d15728bcf&path=//proc/719607/root/proc/self/root/lib/.build-id/b7 HTTP/2.0" 200 2569 "https://focbs.com/?path=//proc/719607/root/proc/self/root/lib/.build-id/b7" "Mozilla/5.0 AppleWebKit/537.36 (KHTML, like Gecko; compatible; GPTBot/1.4; +https://openai.com/gptbot)" 115 **0/115735**
74.7.243.247 - - [05/Aug/2026:01:12:43 -0700] "GET /?fileloc=//proc/719607/root/proc/self/root/lib/.build-id/56/d875c51f12e7bc6896d6f36ccf8602899f38f9&path=//proc/719607/root/proc/self/root/lib/.build-id/56 HTTP/2.0" 200 2573 "https://focbs.com/?path=//proc/719607/root/proc/self/root/lib/.build-id/56" "Mozilla/5.0 AppleWebKit/537.36 (KHTML, like Gecko; compatible; GPTBot/1.4; +https://openai.com/gptbot)" 121 **0/121706**
74.7.243.247 - - [05/Aug/2026:01:12:43 -0700] "GET /?fileloc=//proc/719607/root/proc/self/root/lib/.build-id/08/b3262009e2b7a80116d9ed7b0ee40faebba0b7&path=//proc/719607/root/proc/self/root/lib/.build-id/08 HTTP/2.0" 200 2571 "https://focbs.com/?path=//proc/719607/root/proc/self/root/lib/.build-id/08" "Mozilla/5.0 AppleWebKit/537.36 (KHTML, like Gecko; compatible; GPTBot/1.4; +https://openai.com/gptbot)" 113 **0/113002**
74.7.243.247 - - [05/Aug/2026:01:12:44 -0700] "GET /?fileloc=//proc/719607/root/proc/self/root/lib/.build-id/15/e85cb5f2077c2dbb813a0c979c81716c8a11ec&path=//proc/719607/root/proc/self/root/lib/.build-id/15 HTTP/2.0" 200 2571 "https://focbs.com/?path=//proc/719607/root/proc/self/root/lib/.build-id/15" "Mozilla/5.0 AppleWebKit/537.36 (KHTML, like Gecko; compatible; GPTBot/1.4; +https://openai.com/gptbot)" 113 **0/113078**
74.7.243.247 - - [05/Aug/2026:01:12:44 -0700] "GET /?fileloc=//proc/sys/fs/xfs/speculative_prealloc_lifetime&path=//proc/sys/fs/xfs HTTP/2.0" 200 2515 "https://focbs.com/?path=//proc/sys/fs/xfs" "Mozilla/5.0 AppleWebKit/537.36 (KHTML, like Gecko; compatible; GPTBot/1.4; +https://openai.com/gptbot)" 117 **0/117559**
74.7.243.247 - - [05/Aug/2026:01:12:45 -0700] "GET /?fileloc=//proc/sys/fs/xfs/speculative_cow_prealloc_lifetime&path=//proc/sys/fs/xfs HTTP/2.0" 200 2518 "https://focbs.com/?path=//proc/sys/fs/xfs" "Mozilla/5.0 AppleWebKit/537.36 (KHTML, like Gecko; compatible; GPTBot/1.4; +https://openai.com/gptbot)" 119 **0/119794**
74.7.243.247 - - [05/Aug/2026:01:12:45 -0700] "GET /?fileloc=//proc/719607/root/proc/self/root/lib/.build-id/9b/40beba24ea66762e3c068e8638e82c4b6ac6b6&path=//proc/719607/root/proc/self/root/lib/.build-id/9b HTTP/2.0" 200 2570 "https://focbs.com/?path=//proc/719607/root/proc/self/root/lib/.build-id/9b" "Mozilla/5.0 AppleWebKit/537.36 (KHTML, like Gecko; compatible; GPTBot/1.4; +https://openai.com/gptbot)" 109 **0/109441**
74.7.243.247 - - [05/Aug/2026:01:12:46 -0700] "GET /?fileloc=//proc/719607/root/proc/self/root/lib/.build-id/70/c23fc3f20ae59103ee77ba4869bbf6f97cf977&path=//proc/719607/root/proc/self/root/lib/.build-id/70 HTTP/2.0" 200 2570 "https://focbs.com/?path=//proc/719607/root/proc/self/root/lib/.build-id/70" "Mozilla/5.0 AppleWebKit/537.36 (KHTML, like Gecko; compatible; GPTBot/1.4; +https://openai.com/gptbot)" 104 **0/104719**
74.7.243.247 - - [05/Aug/2026:01:12:46 -0700] "GET /?path=//proc/719607/cwd/usr/lib/locale/en_GB HTTP/2.0" 200 2585 "https://focbs.com/?path=//proc/719607/cwd/usr/lib/locale" "Mozilla/5.0 AppleWebKit/537.36 (KHTML, like Gecko; compatible; GPTBot/1.4; +https://openai.com/gptbot)" 102 **0/102514**
74.7.243.247 - - [05/Aug/2026:01:12:47 -0700] "GET /?path=//proc/719607/cwd/usr/lib/locale/en_IE HTTP/2.0" 200 2585 "https://focbs.com/?path=//proc/719607/cwd/usr/lib/locale" "Mozilla/5.0 AppleWebKit/537.36 (KHTML, like Gecko; compatible; GPTBot/1.4; +https://openai.com/gptbot)" 121 **0/121319**
74.7.243.247 - - [05/Aug/2026:01:12:47 -0700] "GET /?path=//proc/719607/cwd/lib/locale/de_LU@euro HTTP/2.0" 200 2579 "https://focbs.com/?path=//proc/719607/cwd/lib/locale" "Mozilla/5.0 AppleWebKit/537.36 (KHTML, like Gecko; compatible; GPTBot/1.4; +https://openai.com/gptbot)" 108 **0/108369**
74.7.243.247 - - [05/Aug/2026:01:12:48 -0700] "GET /?path=//proc/719607/cwd/usr/lib/locale/en_ZM HTTP/2.0" 200 2584 "https://focbs.com/?path=//proc/719607/cwd/usr/lib/locale" "Mozilla/5.0 AppleWebKit/537.36 (KHTML, like Gecko; compatible; GPTBot/1.4; +https://openai.com/gptbot)" 108 **0/108662**
74.7.243.247 - - [05/Aug/2026:01:12:48 -0700] "GET /?path=//proc/719607/cwd/usr/lib/locale/en_IN HTTP/2.0" 200 2585 "https://focbs.com/?path=//proc/719607/cwd/usr/lib/locale" "Mozilla/5.0 AppleWebKit/537.36 (KHTML, like Gecko; compatible; GPTBot/1.4; +https://openai.com/gptbot)" 117 **0/117630**
74.7.243.247 - - [05/Aug/2026:01:12:49 -0700] "GET /?path=//proc/719607/cwd/usr/lib/locale/en_ZA HTTP/2.0" 200 2585 "https://focbs.com/?path=//proc/719607/cwd/usr/lib/locale" "Mozilla/5.0 AppleWebKit/537.36 (KHTML, like Gecko; compatible; GPTBot/1.4; +https://openai.com/gptbot)" 127 **0/127093**
74.7.243.247 - - [05/Aug/2026:01:12:49 -0700] "GET /?path=//proc/719607/cwd/usr/lib/locale/en_SG HTTP/2.0" 200 2585 "https://focbs.com/?path=//proc/719607/cwd/usr/lib/locale" "Mozilla/5.0 AppleWebKit/537.36 (KHTML, like Gecko; compatible; GPTBot/1.4; +https://openai.com/gptbot)" 106 **0/106094**
74.7.243.247 - - [05/Aug/2026:01:12:50 -0700] "GET /?path=//proc/719607/cwd/usr/lib/locale/en_NG HTTP/2.0" 200 2585 "https://focbs.com/?path=//proc/719607/cwd/usr/lib/locale" "Mozilla/5.0 AppleWebKit/537.36 (KHTML, like Gecko; compatible; GPTBot/1.4; +https://openai.com/gptbot)" 109 **0/109816**
74.7.243.247 - - [05/Aug/2026:01:12:51 -0700] "GET /?path=//proc/719607/cwd/usr/lib/locale/en_AG HTTP/2.0" 200 2585 "https://focbs.com/?path=//proc/719607/cwd/usr/lib/locale" "Mozilla/5.0 AppleWebKit/537.36 (KHTML, like Gecko; compatible; GPTBot/1.4; +https://openai.com/gptbot)" 110 **0/110142**
74.7.243.247 - - [05/Aug/2026:01:12:51 -0700] "GET /?path=//proc/719607/cwd/usr/lib/locale/en_CA HTTP/2.0" 200 2585 "https://focbs.com/?path=//proc/719607/cwd/usr/lib/locale" "Mozilla/5.0 AppleWebKit/537.36 (KHTML, like Gecko; compatible; GPTBot/1.4; +https://openai.com/gptbot)" 112 **0/112814**
74.7.243.247 - - [05/Aug/2026:01:12:52 -0700] "GET /?path=//proc/719607/cwd/lib/locale/de_DE@euro HTTP/2.0" 200 2580 "https://focbs.com/?path=//proc/719607/cwd/lib/locale" "Mozilla/5.0 AppleWebKit/537.36 (KHTML, like Gecko; compatible; GPTBot/1.4; +https://openai.com/gptbot)" 124 **0/124016**
74.7.243.247 - - [05/Aug/2026:01:12:52 -0700] "GET /?path=//proc/719607/cwd/usr/lib/locale/en_BW HTTP/2.0" 200 2585 "https://focbs.com/?path=//proc/719607/cwd/usr/lib/locale" "Mozilla/5.0 AppleWebKit/537.36 (KHTML, like Gecko; compatible; GPTBot/1.4; +https://openai.com/gptbot)" 113 **0/113937**
74.7.243.247 - - [05/Aug/2026:01:12:53 -0700] "GET /?path=//proc/719607/cwd/lib/locale/de_AT@euro HTTP/2.0" 200 2580 "https://focbs.com/?path=//proc/719607/cwd/lib/locale" "Mozilla/5.0 AppleWebKit/537.36 (KHTML, like Gecko; compatible; GPTBot/1.4; +https://openai.com/gptbot)" 118 **0/118296**
74.7.243.247 - - [05/Aug/2026:01:12:53 -0700] "GET /?path=//proc/719607/cwd/usr/lib/locale/en_US HTTP/2.0" 200 2584 "https://focbs.com/?path=//proc/719607/cwd/usr/lib/locale" "Mozilla/5.0 AppleWebKit/537.36 (KHTML, like Gecko; compatible; GPTBot/1.4; +https://openai.com/gptbot)" 109 **0/109891**
74.7.243.247 - - [05/Aug/2026:01:12:54 -0700] "GET /?path=//proc/719607/cwd/usr/lib/locale/en_DK HTTP/2.0" 200 2585 "https://focbs.com/?path=//proc/719607/cwd/usr/lib/locale" "Mozilla/5.0 AppleWebKit/537.36 (KHTML, like Gecko; compatible; GPTBot/1.4; +https://openai.com/gptbot)" 102 **0/102658**
74.7.243.247 - - [05/Aug/2026:01:12:54 -0700] "GET /?path=//proc/719607/cwd/usr/lib/locale/en_AU HTTP/2.0" 200 2585 "https://focbs.com/?path=//proc/719607/cwd/usr/lib/locale" "Mozilla/5.0 AppleWebKit/537.36 (KHTML, like Gecko; compatible; GPTBot/1.4; +https://openai.com/gptbot)" 104 **0/104196**
74.7.243.247 - - [05/Aug/2026:01:12:55 -0700] "GET /?path=//proc/719607/cwd/usr/lib/locale/en_HK HTTP/2.0" 200 2585 "https://focbs.com/?path=//proc/719607/cwd/usr/lib/locale" "Mozilla/5.0 AppleWebKit/537.36 (KHTML, like Gecko; compatible; GPTBot/1.4; +https://openai.com/gptbot)" 99 **0/99933**
74.7.243.247 - - [05/Aug/2026:01:12:55 -0700] "GET /?path=//proc/719607/cwd/usr/lib/locale/en_PH HTTP/2.0" 200 2584 "https://focbs.com/?path=//proc/719607/cwd/usr/lib/locale" "Mozilla/5.0 AppleWebKit/537.36 (KHTML, like Gecko; compatible; GPTBot/1.4; +https://openai.com/gptbot)" 107 **0/107083**
74.7.243.247 - - [05/Aug/2026:01:12:56 -0700] "GET /?path=//proc/719607/cwd/usr/lib/locale/en_NZ HTTP/2.0" 200 2584 "https://focbs.com/?path=//proc/719607/cwd/usr/lib/locale" "Mozilla/5.0 AppleWebKit/537.36 (KHTML, like Gecko; compatible; GPTBot/1.4; +https://openai.com/gptbot)" 115 **0/115012**
74.7.243.247 - - [05/Aug/2026:01:12:56 -0700] "GET /?path=//proc/719607/cwd/usr/lib/locale/en_IL HTTP/2.0" 200 2585 "https://focbs.com/?path=//proc/719607/cwd/usr/lib/locale" "Mozilla/5.0 AppleWebKit/537.36 (KHTML, like Gecko; compatible; GPTBot/1.4; +https://openai.com/gptbot)" 110 **0/110393**
74.7.243.247 - - [05/Aug/2026:01:12:57 -0700] "GET /?path=//proc/719607/cwd/lib/locale/de_BE@euro HTTP/2.0" 200 2580 "https://focbs.com/?path=//proc/719607/cwd/lib/locale" "Mozilla/5.0 AppleWebKit/537.36 (KHTML, like Gecko; compatible; GPTBot/1.4; +https://openai.com/gptbot)" 102 **0/102732**
74.7.243.247 - - [05/Aug/2026:01:12:57 -0700] "GET /?path=//proc/719607/cwd/usr/lib/locale/en_ZW HTTP/2.0" 200 2585 "https://focbs.com/?path=//proc/719607/cwd/usr/lib/locale" "Mozilla/5.0 AppleWebKit/537.36 (KHTML, like Gecko; compatible; GPTBot/1.4; +https://openai.com/gptbot)" 104 **0/104137**
74.7.243.247 - - [05/Aug/2026:01:12:58 -0700] "GET /?path=//proc/719607/root/proc/self/root/lib/systemd/system/graphical.target.wants HTTP/2.0" 200 2613 "https://focbs.com/?path=//proc/719607/root/proc/self/root/lib/systemd/system" "Mozilla/5.0 AppleWebKit/537.36 (KHTML, like Gecko; compatible; GPTBot/1.4; +https://openai.com/gptbot)" 109 **0/109138**
74.7.243.247 - - [05/Aug/2026:01:12:58 -0700] "GET /?path=//proc/719607/root/lib/dracut/modules.d/98ecryptfs HTTP/2.0" 200 2593 "https://focbs.com/?path=//proc/719607/root/lib/dracut/modules.d" "Mozilla/5.0 AppleWebKit/537.36 (KHTML, like Gecko; compatible; GPTBot/1.4; +https://openai.com/gptbot)" 106 **0/106482**
57.141.18.23 - - [05/Aug/2026:01:12:59 -0700] "GET /2026/07/19/jak-aktywowac-voucher-free-spins-w-mostbet-dla-doswiadczonych-graczy/?fileloc=//lib64/libdrm_intel.so.1.0.0&path=//lib64 HTTP/2.0" 200 2485 "-" "Mozilla/5.0 (Macintosh; Intel Mac OS X 10_15_7) AppleWebKit/537.36 (KHTML, like Gecko) Chrome/145.0.0.0 Safari/537.36 (compatible; meta-externalagent/1.1 (+https://developers.facebook.com/docs/sharing/webmasters/crawler))" 133 **0/133527**
74.7.243.247 - - [05/Aug/2026:01:12:59 -0700] "GET /?path=//proc/719607/root/lib/dracut/modules.d/95terminfo HTTP/2.0" 200 2590 "https://focbs.com/?path=//proc/719607/root/lib/dracut/modules.d" "Mozilla/5.0 AppleWebKit/537.36 (KHTML, like Gecko; compatible; GPTBot/1.4; +https://openai.com/gptbot)" 120 **0/120517**
66.249.72.227 - - [05/Aug/2026:01:12:59 -0700] "GET /?product/review/14259784071100 HTTP/1.1" 200 19575 "-" "Mozilla/5.0 (Linux; Android 6.0.1; Nexus 5X Build/MMB29P) AppleWebKit/537.36 (KHTML, like Gecko) Chrome/150.0.7871.186 Mobile Safari/537.36 (compatible; Googlebot/2.1; +http://www.google.com/bot.html)" 351 **0/351631**
74.7.243.247 - - [05/Aug/2026:01:13:00 -0700] "GET /?path=//proc/719607/root/lib/dracut/modules.d/80lvmmerge HTTP/2.0" 200 2592 "https://focbs.com/?path=//proc/719607/root/lib/dracut/modules.d" "Mozilla/5.0 AppleWebKit/537.36 (KHTML, like Gecko; compatible; GPTBot/1.4; +https://openai.com/gptbot)" 116 **0/116046**
74.7.243.247 - - [05/Aug/2026:01:13:00 -0700] "GET /?path=//proc/719607/root/proc/self/root/lib/dracut/modules.d/98syslog HTTP/2.0" 200 2613 "https://focbs.com/?path=//proc/719607/root/proc/self/root/lib/dracut/modules.d" "Mozilla/5.0 AppleWebKit/537.36 (KHTML, like Gecko; compatible; GPTBot/1.4; +https://openai.com/gptbot)" 115 **0/115729**
74.7.243.247 - - [05/Aug/2026:01:13:00 -0700] "GET /?path=//proc/719607/root/proc/self/root/lib/dracut/modules.d/99kdumpbase HTTP/2.0" 200 2615 "https://focbs.com/?path=//proc/719607/root/proc/self/root/lib/dracut/modules.d" "Mozilla/5.0 AppleWebKit/537.36 (KHTML, like Gecko; compatible; GPTBot/1.4; +https://openai.com/gptbot)" 109 **0/109410**
74.7.243.247 - - [05/Aug/2026:01:13:01 -0700] "GET /?path=//proc/719607/root/proc/self/root/lib/dracut/modules.d/50plymouth HTTP/2.0" 200 2615 "https://focbs.com/?path=//proc/719607/root/proc/self/root/lib/dracut/modules.d" "Mozilla/5.0 AppleWebKit/537.36 (KHTML, like Gecko; compatible; GPTBot/1.4; +https://openai.com/gptbot)" 115 **0/115934**
74.7.243.247 - - [05/Aug/2026:01:13:02 -0700] "GET /?path=//proc/719607/root/proc/self/root/lib/dracut/modules.d/98ecryptfs HTTP/2.0" 200 2615 "https://focbs.com/?path=//proc/719607/root/proc/self/root/lib/dracut/modules.d" "Mozilla/5.0 AppleWebKit/537.36 (KHTML, like Gecko; compatible; GPTBot/1.4; +https://openai.com/gptbot)" 143 **0/143088**
74.7.243.247 - - [05/Aug/2026:01:13:02 -0700] "GET /?path=//proc/719607/root/proc/self/root/lib/dracut/modules.d/04watchdog HTTP/2.0" 200 2615 "https://focbs.com/?path=//proc/719607/root/proc/self/root/lib/dracut/modules.d" "Mozilla/5.0 AppleWebKit/537.36 (KHTML, like Gecko; compatible; GPTBot/1.4; +https://openai.com/gptbot)" 150 **0/150506**
74.7.243.247 - - [05/Aug/2026:01:13:03 -0700] "GET /?path=//proc/719607/root/proc/self/root/lib/dracut/modules.d/95virtfs HTTP/2.0" 200 2613 "https://focbs.com/?path=//proc/719607/root/proc/self/root/lib/dracut/modules.d" "Mozilla/5.0 AppleWebKit/537.36 (KHTML, like Gecko; compatible; GPTBot/1.4; +https://openai.com/gptbot)" 126 **0/126642**
74.7.243.247 - - [05/Aug/2026:01:13:03 -0700] "GET /?path=//proc/719607/root/proc/self/root/lib/dracut/modules.d/95terminfo HTTP/2.0" 200 2612 "https://focbs.com/?path=//proc/719607/root/proc/self/root/lib/dracut/modules.d" "Mozilla/5.0 AppleWebKit/537.36 (KHTML, like Gecko; compatible; GPTBot/1.4; +https://openai.com/gptbot)" 111 **0/111073**
74.7.243.247 - - [05/Aug/2026:01:13:04 -0700] "GET /?path=//proc/719607/root/proc/self/root/lib/dracut/modules.d/99earlykdump HTTP/2.0" 200 2616 "https://focbs.com/?path=//proc/719607/root/proc/self/root/lib/dracut/modules.d" "Mozilla/5.0 AppleWebKit/537.36 (KHTML, like Gecko; compatible; GPTBot/1.4; +https://openai.com/gptbot)" 119 **0/119015**
74.7.243.247 - - [05/Aug/2026:01:13:04 -0700] "GET /?path=//proc/719607/root/proc/self/root/lib/dracut/modules.d/30convertfs HTTP/2.0" 200 2615 "https://focbs.com/?path=//proc/719607/root/proc/self/root/lib/dracut/modules.d" "Mozilla/5.0 AppleWebKit/537.36 (KHTML, like Gecko; compatible; GPTBot/1.4; +https://openai.com/gptbot)" 122 **0/122354**
74.7.243.247 - - [05/Aug/2026:01:13:05 -0700] "GET /?path=//proc/719607/root/proc/self/root/lib/dracut/modules.d/99shutdown HTTP/2.0" 200 2615 "https://focbs.com/?path=//proc/719607/root/proc/self/root/lib/dracut/modules.d" "Mozilla/5.0 AppleWebKit/537.36 (KHTML, like Gecko; compatible; GPTBot/1.4; +https://openai.com/gptbot)" 116 **0/116095**
74.7.243.247 - - [05/Aug/2026:01:13:05 -0700] "GET /?fileloc=//proc/devices&path=//proc HTTP/2.0" 200 2472 "https://focbs.com/?path=//proc" "Mozilla/5.0 AppleWebKit/537.36 (KHTML, like Gecko; compatible; GPTBot/1.4; +https://openai.com/gptbot)" 123 **0/123232**
74.7.243.247 - - [05/Aug/2026:01:13:06 -0700] "GET /?fileloc=//proc/cmdline&path=//proc HTTP/2.0" 200 2690 "https://focbs.com/?path=//proc" "Mozilla/5.0 AppleWebKit/537.36 (KHTML, like Gecko; compatible; GPTBot/1.4; +https://openai.com/gptbot)" 114 **0/114446**
74.7.243.247 - - [05/Aug/2026:01:13:06 -0700] "GET /?fileloc=//proc/version&path=//proc HTTP/2.0" 200 2550 "https://focbs.com/?path=//proc" "Mozilla/5.0 AppleWebKit/537.36 (KHTML, like Gecko; compatible; GPTBot/1.4; +https://openai.com/gptbot)" 119 **0/119354**
74.7.243.247 - - [05/Aug/2026:01:13:07 -0700] "GET /?fileloc=//proc/meminfo&path=//proc HTTP/2.0" 200 3016 "https://focbs.com/?path=//proc" "Mozilla/5.0 AppleWebKit/537.36 (KHTML, like Gecko; compatible; GPTBot/1.4; +https://openai.com/gptbot)" 110 **0/110969**
74.7.243.247 - - [05/Aug/2026:01:13:07 -0700] "GET /?fileloc=//proc/loadavg&path=//proc HTTP/2.0" 200 2497 "https://focbs.com/?path=//proc" "Mozilla/5.0 AppleWebKit/537.36 (KHTML, like Gecko; compatible; GPTBot/1.4; +https://openai.com/gptbot)" 108 **0/108826**
74.7.243.247 - - [05/Aug/2026:01:13:08 -0700] "GET /?path=//proc/719607/root/proc/self/root/opt/cpanel/ea-wappspector/vendor/mikey179 HTTP/2.0" 200 2624 "https://focbs.com/?path=//proc/719607/root/proc/self/root/opt/cpanel/ea-wappspector/vendor" "Mozilla/5.0 AppleWebKit/537.36 (KHTML, like Gecko; compatible; GPTBot/1.4; +https://openai.com/gptbot)" 114 **0/114658**
74.7.243.247 - - [05/Aug/2026:01:13:08 -0700] "GET /?path=//proc/719607/cwd/lib/firmware/wfx HTTP/2.0" 200 2575 "https://focbs.com/?path=//proc/719607/cwd/lib/firmware" "Mozilla/5.0 AppleWebKit/537.36 (KHTML, like Gecko; compatible; GPTBot/1.4; +https://openai.com/gptbot)" 113 **0/113523**
74.7.243.247 - - [05/Aug/2026:01:13:09 -0700] "GET /?path=//proc/719607/cwd/usr/include/rdma HTTP/2.0" 200 2574 "https://focbs.com/?path=//proc/719607/cwd/usr/include" "Mozilla/5.0 AppleWebKit/537.36 (KHTML, like Gecko; compatible; GPTBot/1.4; +https://openai.com/gptbot)" 105 **0/105529**
74.7.243.247 - - [05/Aug/2026:01:13:09 -0700] "GET /?path=//proc/719607/cwd/lib/firmware/amd HTTP/2.0" 200 2573 "https://focbs.com/?path=//proc/719607/cwd/lib/firmware" "Mozilla/5.0 AppleWebKit/537.36 (KHTML, like Gecko; compatible; GPTBot/1.4; +https://openai.com/gptbot)" 111 **0/111830**
66.249.72.228 - - [05/Aug/2026:01:13:09 -0700] "GET /?productSearch/pictureSearch?id=30895943471100 HTTP/1.1" 200 19353 "-" "Mozilla/5.0 (Linux; Android 6.0.1; Nexus 5X Build/MMB29P) AppleWebKit/537.36 (KHTML, like Gecko) Chrome/150.0.7871.186 Mobile Safari/537.36 (compatible; Googlebot/2.1; +http://www.google.com/bot.html)" 385 **0/385393**
74.7.243.247 - - [05/Aug/2026:01:13:10 -0700] "GET /?path=//proc/719607/cwd/lib/firmware/rsi HTTP/2.0" 200 2574 "https://focbs.com/?path=//proc/719607/cwd/lib/firmware" "Mozilla/5.0 AppleWebKit/537.36 (KHTML, like Gecko; compatible; GPTBot/1.4; +https://openai.com/gptbot)" 108 **0/108185**
66.249.72.227 - - [05/Aug/2026:01:13:10 -0700] "GET /?p=41467477271100 HTTP/1.1" 200 18387 "-" "Mozilla/5.0 (Linux; Android 6.0.1; Nexus 5X Build/MMB29P) AppleWebKit/537.36 (KHTML, like Gecko) Chrome/150.0.7871.186 Mobile Safari/537.36 (compatible; Googlebot/2.1; +http://www.google.com/bot.html)" 315 **0/315509**
74.7.243.247 - - [05/Aug/2026:01:13:10 -0700] "GET /?path=//proc/719607/root/usr/include/xen HTTP/2.0" 200 2574 "https://focbs.com/?path=//proc/719607/root/usr/include" "Mozilla/5.0 AppleWebKit/537.36 (KHTML, like Gecko; compatible; GPTBot/1.4; +https://openai.com/gptbot)" 109 **0/109941**
216.73.216.114 - - [05/Aug/2026:01:13:11 -0700] "GET /?fileloc=%2F%2Flib%2F.build-id%2F56%2F75cabc4db2f8770e265942a75665516261838c&path=%2F%2Flib%2F.build-id%2F56 HTTP/2.0" 200 2521 "-" "Mozilla/5.0 AppleWebKit/537.36 (KHTML, like Gecko; compatible; ClaudeBot/1.0; +claudebot@anthropic.com)" 125 **0/125838**
74.7.243.247 - - [05/Aug/2026:01:13:11 -0700] "GET /?path=//proc/719607/root/usr/include/xcb HTTP/2.0" 200 2574 "https://focbs.com/?path=//proc/719607/root/usr/include" "Mozilla/5.0 AppleWebKit/537.36 (KHTML, like Gecko; compatible; GPTBot/1.4; +https://openai.com/gptbot)" 109 **0/109784**
74.7.243.247 - - [05/Aug/2026:01:13:12 -0700] "GET /?path=//proc/719607/cwd/usr/include/perf HTTP/2.0" 200 2575 "https://focbs.com/?path=//proc/719607/cwd/usr/include" "Mozilla/5.0 AppleWebKit/537.36 (KHTML, like Gecko; compatible; GPTBot/1.4; +https://openai.com/gptbot)" 108 **0/108048**
66.249.72.229 - - [05/Aug/2026:01:13:12 -0700] "GET /?p=60099565471100 HTTP/1.1" 200 15847 "-" "Mozilla/5.0 (Linux; Android 6.0.1; Nexus 5X Build/MMB29P) AppleWebKit/537.36 (KHTML, like Gecko) Chrome/150.0.7871.186 Mobile Safari/537.36 (compatible; Googlebot/2.1; +http://www.google.com/bot.html)" 250 **0/250976**
74.7.243.247 - - [05/Aug/2026:01:13:12 -0700] "GET /?path=//proc/719607/cwd/lib/firmware/yam HTTP/2.0" 200 2574 "https://focbs.com/?path=//proc/719607/cwd/lib/firmware" "Mozilla/5.0 AppleWebKit/537.36 (KHTML, like Gecko; compatible; GPTBot/1.4; +https://openai.com/gptbot)" 116 **0/116016**
74.7.243.247 - - [05/Aug/2026:01:13:13 -0700] "GET /?path=//proc/719607/root/usr/libexec/awk HTTP/2.0" 200 2574 "https://focbs.com/?path=//proc/719607/root/usr/libexec" "Mozilla/5.0 AppleWebKit/537.36 (KHTML, like Gecko; compatible; GPTBot/1.4; +https://openai.com/gptbot)" 121 **0/121020**
216.73.216.114 - - [05/Aug/2026:01:13:13 -0700] "GET /?fileloc=%2Fhome%2Fl2pbkn5l6xav%2Fwww%2Fwp-content%2Flanguages%2Fpt_BR-68f2cec7514bf8563c723a4d675fcfe6.json&path=%2Fhome%2Fl2pbkn5l6xav%2Fwww%2Fwp-content%2Flanguages HTTP/2.0" 200 3149 "-" "Mozilla/5.0 AppleWebKit/537.36 (KHTML, like Gecko; compatible; ClaudeBot/1.0; +claudebot@anthropic.com)" 113 **0/113252**
74.7.243.247 - - [05/Aug/2026:01:13:13 -0700] "GET /?path=//proc/719607/cwd/lib/firmware/cis HTTP/2.0" 200 2575 "https://focbs.com/?path=//proc/719607/cwd/lib/firmware" "Mozilla/5.0 AppleWebKit/537.36 (KHTML, like Gecko; compatible; GPTBot/1.4; +https://openai.com/gptbot)" 111 **0/111504**
74.7.243.247 - - [05/Aug/2026:01:13:14 -0700] "GET /?path=//proc/719607/cwd/usr/include/webp HTTP/2.0" 200 2575 "https://focbs.com/?path=//proc/719607/cwd/usr/include" "Mozilla/5.0 AppleWebKit/537.36 (KHTML, like Gecko; compatible; GPTBot/1.4; +https://openai.com/gptbot)" 114 **0/114821**
57.141.18.55 - - [05/Aug/2026:01:13:14 -0700] "GET /2026/07/19/jak-aktywowac-voucher-free-spins-w-mostbet-dla-doswiadczonych-graczy/?fileloc=//lib64/libarchive.so.13&path=//lib64 HTTP/2.0" 200 2481 "-" "Mozilla/5.0 (Macintosh; Intel Mac OS X 10_15_7) AppleWebKit/537.36 (KHTML, like Gecko) Chrome/145.0.0.0 Safari/537.36 (compatible; meta-externalagent/1.1 (+https://developers.facebook.com/docs/sharing/webmasters/crawler))" 116 **0/116338**
74.7.243.247 - - [05/Aug/2026:01:13:14 -0700] "GET /?path=//proc/719607/root/usr/include/nfs HTTP/2.0" 200 2574 "https://focbs.com/?path=//proc/719607/root/usr/include" "Mozilla/5.0 AppleWebKit/537.36 (KHTML, like Gecko; compatible; GPTBot/1.4; +https://openai.com/gptbot)" 110 **0/110704**
74.7.243.247 - - [05/Aug/2026:01:13:15 -0700] "GET /?path=//proc/719607/cwd/usr/include/misc HTTP/2.0" 200 2574 "https://focbs.com/?path=//proc/719607/cwd/usr/include" "Mozilla/5.0 AppleWebKit/537.36 (KHTML, like Gecko; compatible; GPTBot/1.4; +https://openai.com/gptbot)" 112 **0/112481**
74.7.243.247 - - [05/Aug/2026:01:13:15 -0700] "GET /?path=//proc/719607/root/usr/include/gdb HTTP/2.0" 200 2574 "https://focbs.com/?path=//proc/719607/root/usr/include" "Mozilla/5.0 AppleWebKit/537.36 (KHTML, like Gecko; compatible; GPTBot/1.4; +https://openai.com/gptbot)" 109 **0/109702**
74.7.243.247 - - [05/Aug/2026:01:13:16 -0700] "GET /?path=//proc/719607/cwd/lib/firmware/imx HTTP/2.0" 200 2574 "https://focbs.com/?path=//proc/719607/cwd/lib/firmware" "Mozilla/5.0 AppleWebKit/537.36 (KHTML, like Gecko; compatible; GPTBot/1.4; +https://openai.com/gptbot)" 108 **0/108342**
74.7.243.247 - - [05/Aug/2026:01:13:16 -0700] "GET /?path=//proc/719607/cwd/var/run/sepermit HTTP/2.0" 200 2574 "https://focbs.com/?path=//proc/719607/cwd/var/run" "Mozilla/5.0 AppleWebKit/537.36 (KHTML, like Gecko; compatible; GPTBot/1.4; +https://openai.com/gptbot)" 109 **0/109502**
74.7.243.247 - - [05/Aug/2026:01:13:17 -0700] "GET /?path=//proc/719607/root/usr/include/asm HTTP/2.0" 200 2573 "https://focbs.com/?path=//proc/719607/root/usr/include" "Mozilla/5.0 AppleWebKit/537.36 (KHTML, like Gecko; compatible; GPTBot/1.4; +https://openai.com/gptbot)" 139 **0/139434**
