74.7.243.247 - - [05/Aug/2026:01:27:52 -0700] "GET /?path=//proc/719607/cwd/usr/lib/.build-id/70 HTTP/2.0" 200 2582 "https://focbs.com/?path=//proc/719607/cwd/usr/lib/.build-id" "Mozilla/5.0 AppleWebKit/537.36 (KHTML, like Gecko; compatible; GPTBot/1.4; +https://openai.com/gptbot)" 112 **0/112976**
79.137.64.41 - - [05/Aug/2026:01:27:52 -0700] "GET /robots.txt HTTP/1.1" 200 7018 "-" "Mozilla/5.0 (compatible; MJ12bot/v1.4.8; http://mj12bot.com/)" 3 **0/3589**
57.141.18.113 - - [05/Aug/2026:01:27:52 -0700] "GET /2026/07/19/utmaningar-for-casino-utan-svensk-licens-med-10-euro-insattningar-en-vaxande-oro/?fileloc=/home/l2pbkn5l6xav/mail/new/1689991578.M443429P1015719.a2plcpnl0805.prod.iad2.secureserver.net,S=2953,W=3014&path=/home/l2pbkn5l6xav/mail/new HTTP/2.0" 429 267 "-" "Mozilla/5.0 (Windows NT 10.0; Win64; x64) AppleWebKit/537.36 (KHTML, like Gecko) Chrome/145.0.0.0 Safari/537.36 (compatible; meta-externalagent/1.1 (+https://developers.facebook.com/docs/sharing/webmasters/crawler))" 13 **0/13923**
57.141.18.82 - - [05/Aug/2026:01:27:52 -0700] "GET /2026/07/18/exploring-the-appeal-of-mostbet-oferuje-bogaty-wybor-gier-in-2023/?fileloc=/home/l2pbkn5l6xav/public_html/wp-includes/images/smilies/mrgreen.png&path=/home/l2pbkn5l6xav/public_html/wp-includes/images/smilies HTTP/2.0" 429 267 "-" "Mozilla/5.0 (Macintosh; Intel Mac OS X 10_15_7) AppleWebKit/537.36 (KHTML, like Gecko) Chrome/145.0.0.0 Safari/537.36 (compatible; meta-externalagent/1.1 (+https://developers.facebook.com/docs/sharing/webmasters/crawler))" 11 **0/11074**
74.7.243.247 - - [05/Aug/2026:01:27:52 -0700] "GET /?path=//proc/719607/root/lib/.build-id/50 HTTP/2.0" 200 2575 "https://focbs.com/?path=//proc/719607/root/lib/.build-id" "Mozilla/5.0 AppleWebKit/537.36 (KHTML, like Gecko; compatible; GPTBot/1.4; +https://openai.com/gptbot)" 106 **0/106289**
74.7.243.247 - - [05/Aug/2026:01:27:53 -0700] "GET /?path=//proc/719607/root/lib/.build-id/94 HTTP/2.0" 200 2575 "https://focbs.com/?path=//proc/719607/root/lib/.build-id" "Mozilla/5.0 AppleWebKit/537.36 (KHTML, like Gecko; compatible; GPTBot/1.4; +https://openai.com/gptbot)" 103 **0/103648**
57.141.18.18 - - [05/Aug/2026:01:27:53 -0700] "GET /2026/07/18/wie-fange-ich-an-bei-sportwetten-ohne-oasis-fur-maximale-gewinne/?fileloc=/home/l2pbkn5l6xav/mail/new/1577265220.M796709P96684.a2plcpnl0805.prod.iad2.secureserver.net,S=10410,W=10597&path=/home/l2pbkn5l6xav/mail/new HTTP/2.0" 429 267 "-" "Mozilla/5.0 (Macintosh; Intel Mac OS X 10_15_7) AppleWebKit/537.36 (KHTML, like Gecko) Chrome/145.0.0.0 Safari/537.36 (compatible; meta-externalagent/1.1 (+https://developers.facebook.com/docs/sharing/webmasters/crawler))" 15 **0/15084**
74.7.243.247 - - [05/Aug/2026:01:27:53 -0700] "GET /?path=//proc/719607/root/lib/.build-id/80 HTTP/2.0" 200 2576 "https://focbs.com/?path=//proc/719607/root/lib/.build-id" "Mozilla/5.0 AppleWebKit/537.36 (KHTML, like Gecko; compatible; GPTBot/1.4; +https://openai.com/gptbot)" 107 **0/107349**
57.141.18.48 - - [05/Aug/2026:01:27:53 -0700] "GET /2026/07/18/wie-fange-ich-an-bei-sportwetten-ohne-oasis-fur-maximale-gewinne/?fileloc=/home/l2pbkn5l6xav/mail/new/1745101042.M803656P2854585.p3plzcpnl504740.prod.phx3.secureserver.net,S=5742,W=5839&path=/home/l2pbkn5l6xav/mail/new HTTP/2.0" 429 267 "-" "Mozilla/5.0 (Windows NT 10.0; Win64; x64) AppleWebKit/537.36 (KHTML, like Gecko) Chrome/145.0.0.0 Safari/537.36 (compatible; meta-externalagent/1.1 (+https://developers.facebook.com/docs/sharing/webmasters/crawler))" 12 **0/12777**
74.7.243.247 - - [05/Aug/2026:01:27:54 -0700] "GET /?path=//proc/719607/root/lib/.build-id/40 HTTP/2.0" 200 2575 "https://focbs.com/?path=//proc/719607/root/lib/.build-id" "Mozilla/5.0 AppleWebKit/537.36 (KHTML, like Gecko; compatible; GPTBot/1.4; +https://openai.com/gptbot)" 124 **0/124295**
79.137.64.41 - - [05/Aug/2026:01:27:54 -0700] "GET /?p=22706647271100 HTTP/1.1" 200 7039 "-" "Mozilla/5.0 (compatible; MJ12bot/v1.4.8; http://mj12bot.com/)" 3 **0/3434**
57.141.18.12 - - [05/Aug/2026:01:27:54 -0700] "GET /2026/07/18/wie-fange-ich-an-bei-sportwetten-ohne-oasis-fur-maximale-gewinne/?fileloc=/home/l2pbkn5l6xav/mail/new/1645711773.M289672P3127886.a2plcpnl0805.prod.iad2.secureserver.net,S=5238,W=5326&path=/home/l2pbkn5l6xav/mail/new HTTP/2.0" 429 267 "-" "Mozilla/5.0 (Macintosh; Intel Mac OS X 10_15_7) AppleWebKit/537.36 (KHTML, like Gecko) Chrome/145.0.0.0 Safari/537.36 (compatible; meta-externalagent/1.1 (+https://developers.facebook.com/docs/sharing/webmasters/crawler))" 10 **0/10948**
74.7.243.247 - - [05/Aug/2026:01:27:54 -0700] "GET /?path=//proc/719607/root/lib/.build-id/44 HTTP/2.0" 200 2575 "https://focbs.com/?path=//proc/719607/root/lib/.build-id" "Mozilla/5.0 AppleWebKit/537.36 (KHTML, like Gecko; compatible; GPTBot/1.4; +https://openai.com/gptbot)" 110 **0/110617**
74.7.243.247 - - [05/Aug/2026:01:27:55 -0700] "GET /?path=//proc/719607/root/lib/.build-id/39 HTTP/2.0" 200 2575 "https://focbs.com/?path=//proc/719607/root/lib/.build-id" "Mozilla/5.0 AppleWebKit/537.36 (KHTML, like Gecko; compatible; GPTBot/1.4; +https://openai.com/gptbot)" 109 **0/109803**
57.141.18.125 - - [05/Aug/2026:01:27:55 -0700] "GET /2026/07/18/wie-fange-ich-an-bei-sportwetten-ohne-oasis-fur-maximale-gewinne/?fileloc=/home/l2pbkn5l6xav/mail/new/1660921231.M200529P565486.a2plcpnl0805.prod.iad2.secureserver.net,S=5279,W=5367&path=/home/l2pbkn5l6xav/mail/new HTTP/2.0" 429 267 "-" "Mozilla/5.0 (Windows NT 10.0; Win64; x64) AppleWebKit/537.36 (KHTML, like Gecko) Chrome/145.0.0.0 Safari/537.36 (compatible; meta-externalagent/1.1 (+https://developers.facebook.com/docs/sharing/webmasters/crawler))" 15 **0/15802**
74.7.243.247 - - [05/Aug/2026:01:27:55 -0700] "GET /?path=//proc/719607/root/lib/.build-id/64 HTTP/2.0" 200 2576 "https://focbs.com/?path=//proc/719607/root/lib/.build-id" "Mozilla/5.0 AppleWebKit/537.36 (KHTML, like Gecko; compatible; GPTBot/1.4; +https://openai.com/gptbot)" 101 **0/101872**
57.141.18.45 - - [05/Aug/2026:01:27:56 -0700] "GET /2026/07/18/wie-fange-ich-an-bei-sportwetten-ohne-oasis-fur-maximale-gewinne/?fileloc=/home/l2pbkn5l6xav/mail/new/1756119088.M741755P932822.p3plzcpnl504740.prod.phx3.secureserver.net,S=4809,W=4903&path=/home/l2pbkn5l6xav/mail/new HTTP/2.0" 429 267 "-" "Mozilla/5.0 (Windows NT 10.0; Win64; x64) AppleWebKit/537.36 (KHTML, like Gecko) Chrome/145.0.0.0 Safari/537.36 (compatible; meta-externalagent/1.1 (+https://developers.facebook.com/docs/sharing/webmasters/crawler))" 12 **0/12195**
74.7.243.247 - - [05/Aug/2026:01:27:56 -0700] "GET /?path=//proc/719607/root/lib/.build-id/14 HTTP/2.0" 200 2575 "https://focbs.com/?path=//proc/719607/root/lib/.build-id" "Mozilla/5.0 AppleWebKit/537.36 (KHTML, like Gecko; compatible; GPTBot/1.4; +https://openai.com/gptbot)" 103 **0/103888**
57.141.18.107 - - [05/Aug/2026:01:27:56 -0700] "GET /2026/07/18/wie-fange-ich-an-bei-sportwetten-ohne-oasis-fur-maximale-gewinne/?fileloc=/home/l2pbkn5l6xav/mail/new/1749417376.M404581P2852328.p3plzcpnl504740.prod.phx3.secureserver.net,S=4692,W=4782&path=/home/l2pbkn5l6xav/mail/new HTTP/2.0" 429 267 "-" "Mozilla/5.0 (Windows NT 10.0; Win64; x64) AppleWebKit/537.36 (KHTML, like Gecko) Chrome/145.0.0.0 Safari/537.36 (compatible; meta-externalagent/1.1 (+https://developers.facebook.com/docs/sharing/webmasters/crawler))" 14 **0/14176**
74.7.243.247 - - [05/Aug/2026:01:27:56 -0700] "GET /?path=//proc/719607/cwd/usr/lib/.build-id/60 HTTP/2.0" 200 2584 "https://focbs.com/?path=//proc/719607/cwd/usr/lib/.build-id" "Mozilla/5.0 AppleWebKit/537.36 (KHTML, like Gecko; compatible; GPTBot/1.4; +https://openai.com/gptbot)" 127 **0/127418**
74.7.243.247 - - [05/Aug/2026:01:27:57 -0700] "GET /?path=//proc/719607/root/lib/.build-id/87 HTTP/2.0" 200 2574 "https://focbs.com/?path=//proc/719607/root/lib/.build-id" "Mozilla/5.0 AppleWebKit/537.36 (KHTML, like Gecko; compatible; GPTBot/1.4; +https://openai.com/gptbot)" 120 **0/120846**
74.7.243.247 - - [05/Aug/2026:01:27:57 -0700] "GET /?path=//proc/719607/cwd/usr/lib/.build-id/17 HTTP/2.0" 200 2583 "https://focbs.com/?path=//proc/719607/cwd/usr/lib/.build-id" "Mozilla/5.0 AppleWebKit/537.36 (KHTML, like Gecko; compatible; GPTBot/1.4; +https://openai.com/gptbot)" 104 **0/104425**
74.7.243.247 - - [05/Aug/2026:01:27:58 -0700] "GET /?path=//proc/719607/root/lib/.build-id/86 HTTP/2.0" 200 2575 "https://focbs.com/?path=//proc/719607/root/lib/.build-id" "Mozilla/5.0 AppleWebKit/537.36 (KHTML, like Gecko; compatible; GPTBot/1.4; +https://openai.com/gptbot)" 107 **0/107478**
57.141.18.59 - - [05/Aug/2026:01:27:58 -0700] "GET /2026/07/18/wie-fange-ich-an-bei-sportwetten-ohne-oasis-fur-maximale-gewinne/?fileloc=/home/l2pbkn5l6xav/mail/new/1692984628.M451994P2941215.a2plcpnl0805.prod.iad2.secureserver.net,S=7190,W=7322&path=/home/l2pbkn5l6xav/mail/new HTTP/2.0" 429 267 "-" "Mozilla/5.0 (Macintosh; Intel Mac OS X 10_15_7) AppleWebKit/537.36 (KHTML, like Gecko) Chrome/145.0.0.0 Safari/537.36 (compatible; meta-externalagent/1.1 (+https://developers.facebook.com/docs/sharing/webmasters/crawler))" 11 **0/11184**
74.7.243.247 - - [05/Aug/2026:01:27:58 -0700] "GET /?path=//proc/719607/root/lib/.build-id/59 HTTP/2.0" 200 2575 "https://focbs.com/?path=//proc/719607/root/lib/.build-id" "Mozilla/5.0 AppleWebKit/537.36 (KHTML, like Gecko; compatible; GPTBot/1.4; +https://openai.com/gptbot)" 104 **0/104149**
57.141.18.48 - - [05/Aug/2026:01:27:59 -0700] "GET /2026/07/18/wie-fange-ich-an-bei-sportwetten-ohne-oasis-fur-maximale-gewinne/?fileloc=/home/l2pbkn5l6xav/mail/new/1696274427.M181536P2386229.a2plcpnl0805.prod.iad2.secureserver.net,S=6330,W=6429&path=/home/l2pbkn5l6xav/mail/new HTTP/2.0" 429 267 "-" "Mozilla/5.0 (Windows NT 10.0; Win64; x64) AppleWebKit/537.36 (KHTML, like Gecko) Chrome/145.0.0.0 Safari/537.36 (compatible; meta-externalagent/1.1 (+https://developers.facebook.com/docs/sharing/webmasters/crawler))" 12 **0/12056**
74.7.243.247 - - [05/Aug/2026:01:27:59 -0700] "GET /?path=//proc/719607/root/lib/.build-id/04 HTTP/2.0" 200 2575 "https://focbs.com/?path=//proc/719607/root/lib/.build-id" "Mozilla/5.0 AppleWebKit/537.36 (KHTML, like Gecko; compatible; GPTBot/1.4; +https://openai.com/gptbot)" 104 **0/104601**
74.7.243.247 - - [05/Aug/2026:01:27:59 -0700] "GET /?path=//proc/719607/root/lib/.build-id/46 HTTP/2.0" 200 2575 "https://focbs.com/?path=//proc/719607/root/lib/.build-id" "Mozilla/5.0 AppleWebKit/537.36 (KHTML, like Gecko; compatible; GPTBot/1.4; +https://openai.com/gptbot)" 113 **0/113821**
74.7.243.247 - - [05/Aug/2026:01:28:00 -0700] "GET /?path=//proc/719607/cwd/usr/lib/.build-id/97 HTTP/2.0" 200 2583 "https://focbs.com/?path=//proc/719607/cwd/usr/lib/.build-id" "Mozilla/5.0 AppleWebKit/537.36 (KHTML, like Gecko; compatible; GPTBot/1.4; +https://openai.com/gptbot)" 133 **0/133018**
74.7.243.247 - - [05/Aug/2026:01:28:00 -0700] "GET /?path=//proc/719607/cwd/usr/lib/.build-id/96 HTTP/2.0" 200 2584 "https://focbs.com/?path=//proc/719607/cwd/usr/lib/.build-id" "Mozilla/5.0 AppleWebKit/537.36 (KHTML, like Gecko; compatible; GPTBot/1.4; +https://openai.com/gptbot)" 105 **0/105353**
74.7.243.247 - - [05/Aug/2026:01:28:01 -0700] "GET /?path=//proc/719607/root/lib/.build-id/08 HTTP/2.0" 200 2575 "https://focbs.com/?path=//proc/719607/root/lib/.build-id" "Mozilla/5.0 AppleWebKit/537.36 (KHTML, like Gecko; compatible; GPTBot/1.4; +https://openai.com/gptbot)" 118 **0/118878**
74.7.243.247 - - [05/Aug/2026:01:28:02 -0700] "GET /?path=//proc/719607/cwd/usr/lib/.build-id/77 HTTP/2.0" 200 2581 "https://focbs.com/?path=//proc/719607/cwd/usr/lib/.build-id" "Mozilla/5.0 AppleWebKit/537.36 (KHTML, like Gecko; compatible; GPTBot/1.4; +https://openai.com/gptbot)" 120 **0/120791**
57.141.18.19 - - [05/Aug/2026:01:28:02 -0700] "GET /2026/07/18/wie-fange-ich-an-bei-sportwetten-ohne-oasis-fur-maximale-gewinne/?fileloc=/home/l2pbkn5l6xav/mail/new/1690646311.M2391P596673.a2plcpnl0805.prod.iad2.secureserver.net,S=5938,W=6034&path=/home/l2pbkn5l6xav/mail/new HTTP/2.0" 429 267 "-" "Mozilla/5.0 (Windows NT 10.0; Win64; x64) AppleWebKit/537.36 (KHTML, like Gecko) Chrome/145.0.0.0 Safari/537.36 (compatible; meta-externalagent/1.1 (+https://developers.facebook.com/docs/sharing/webmasters/crawler))" 16 **0/16648**
74.7.243.247 - - [05/Aug/2026:01:28:02 -0700] "GET /?path=//proc/719607/cwd/usr/lib/.build-id/11 HTTP/2.0" 200 2584 "https://focbs.com/?path=//proc/719607/cwd/usr/lib/.build-id" "Mozilla/5.0 AppleWebKit/537.36 (KHTML, like Gecko; compatible; GPTBot/1.4; +https://openai.com/gptbot)" 120 **0/120685**
74.7.243.247 - - [05/Aug/2026:01:28:03 -0700] "GET /?path=//proc/719607/root/lib/.build-id/47 HTTP/2.0" 200 2574 "https://focbs.com/?path=//proc/719607/root/lib/.build-id" "Mozilla/5.0 AppleWebKit/537.36 (KHTML, like Gecko; compatible; GPTBot/1.4; +https://openai.com/gptbot)" 129 **0/129520**
57.141.18.22 - - [05/Aug/2026:01:28:03 -0700] "GET /2026/07/18/wie-fange-ich-an-bei-sportwetten-ohne-oasis-fur-maximale-gewinne/?fileloc=/home/l2pbkn5l6xav/mail/new/1756396705.M70670P2311307.p3plzcpnl504740.prod.phx3.secureserver.net,S=4877,W=4971&path=/home/l2pbkn5l6xav/mail/new HTTP/2.0" 429 267 "-" "Mozilla/5.0 (Windows NT 10.0; Win64; x64) AppleWebKit/537.36 (KHTML, like Gecko) Chrome/145.0.0.0 Safari/537.36 (compatible; meta-externalagent/1.1 (+https://developers.facebook.com/docs/sharing/webmasters/crawler))" 22 **0/22520**
74.7.243.247 - - [05/Aug/2026:01:28:03 -0700] "GET /?path=//proc/719607/root/lib/.build-id/81 HTTP/2.0" 200 2575 "https://focbs.com/?path=//proc/719607/root/lib/.build-id" "Mozilla/5.0 AppleWebKit/537.36 (KHTML, like Gecko; compatible; GPTBot/1.4; +https://openai.com/gptbot)" 123 **0/123343**
74.7.243.247 - - [05/Aug/2026:01:28:04 -0700] "GET /?path=//proc/719607/root/lib/.build-id/75 HTTP/2.0" 200 2574 "https://focbs.com/?path=//proc/719607/root/lib/.build-id" "Mozilla/5.0 AppleWebKit/537.36 (KHTML, like Gecko; compatible; GPTBot/1.4; +https://openai.com/gptbot)" 114 **0/114230**
74.7.243.247 - - [05/Aug/2026:01:28:04 -0700] "GET /?path=//proc/719607/root/lib/.build-id/73 HTTP/2.0" 200 2574 "https://focbs.com/?path=//proc/719607/root/lib/.build-id" "Mozilla/5.0 AppleWebKit/537.36 (KHTML, like Gecko; compatible; GPTBot/1.4; +https://openai.com/gptbot)" 120 **0/120120**
74.7.243.247 - - [05/Aug/2026:01:28:05 -0700] "GET /?path=//proc/719607/root/lib/.build-id/51 HTTP/2.0" 200 2575 "https://focbs.com/?path=//proc/719607/root/lib/.build-id" "Mozilla/5.0 AppleWebKit/537.36 (KHTML, like Gecko; compatible; GPTBot/1.4; +https://openai.com/gptbot)" 112 **0/112122**
74.7.243.247 - - [05/Aug/2026:01:28:05 -0700] "GET /?path=//proc/719607/root/lib/.build-id/95 HTTP/2.0" 200 2575 "https://focbs.com/?path=//proc/719607/root/lib/.build-id" "Mozilla/5.0 AppleWebKit/537.36 (KHTML, like Gecko; compatible; GPTBot/1.4; +https://openai.com/gptbot)" 132 **0/132660**
74.7.243.247 - - [05/Aug/2026:01:28:06 -0700] "GET /?path=//proc/719607/root/lib/.build-id/18 HTTP/2.0" 200 2575 "https://focbs.com/?path=//proc/719607/root/lib/.build-id" "Mozilla/5.0 AppleWebKit/537.36 (KHTML, like Gecko; compatible; GPTBot/1.4; +https://openai.com/gptbot)" 127 **0/127117**
47.79.13.102 - - [05/Aug/2026:01:28:06 -0700] "GET /?p=42405727271100 HTTP/1.1" 200 3983 "https://focbs.com/" "Mozilla/5.0 (Macintosh; Intel Mac OS X 10_15_7) AppleWebKit/537.36 (KHTML, like Gecko) Chrome/134.0.0.0 Safari/537.36" 123 **0/123120**
74.7.243.247 - - [05/Aug/2026:01:28:06 -0700] "GET /?path=//proc/719607/root/lib/.build-id/05 HTTP/2.0" 200 2575 "https://focbs.com/?path=//proc/719607/root/lib/.build-id" "Mozilla/5.0 AppleWebKit/537.36 (KHTML, like Gecko; compatible; GPTBot/1.4; +https://openai.com/gptbot)" 118 **0/118361**
74.7.243.247 - - [05/Aug/2026:01:28:07 -0700] "GET /?path=//proc/719607/root/lib/.build-id/29 HTTP/2.0" 200 2575 "https://focbs.com/?path=//proc/719607/root/lib/.build-id" "Mozilla/5.0 AppleWebKit/537.36 (KHTML, like Gecko; compatible; GPTBot/1.4; +https://openai.com/gptbot)" 116 **0/116603**
57.141.18.105 - - [05/Aug/2026:01:28:07 -0700] "GET /2026/07/18/wie-fange-ich-an-bei-sportwetten-ohne-oasis-fur-maximale-gewinne/?fileloc=/home/l2pbkn5l6xav/mail/new/1690158644.M789356P2034494.a2plcpnl0805.prod.iad2.secureserver.net,S=5230,W=5320&path=/home/l2pbkn5l6xav/mail/new HTTP/2.0" 429 267 "-" "Mozilla/5.0 (Windows NT 10.0; Win64; x64) AppleWebKit/537.36 (KHTML, like Gecko) Chrome/145.0.0.0 Safari/537.36 Edg/145.0.0.0 (compatible; meta-externalagent/1.1 (+https://developers.facebook.com/docs/sharing/webmasters/crawler))" 23 **0/23505**
74.7.243.247 - - [05/Aug/2026:01:28:07 -0700] "GET /?path=//proc/719607/root/lib/.build-id/33 HTTP/2.0" 200 2575 "https://focbs.com/?path=//proc/719607/root/lib/.build-id" "Mozilla/5.0 AppleWebKit/537.36 (KHTML, like Gecko; compatible; GPTBot/1.4; +https://openai.com/gptbot)" 112 **0/112197**
74.7.243.247 - - [05/Aug/2026:01:28:08 -0700] "GET /?path=//proc/719607/cwd/usr/lib/.build-id/00 HTTP/2.0" 200 2584 "https://focbs.com/?path=//proc/719607/cwd/usr/lib/.build-id" "Mozilla/5.0 AppleWebKit/537.36 (KHTML, like Gecko; compatible; GPTBot/1.4; +https://openai.com/gptbot)" 110 **0/110002**
57.141.18.70 - - [05/Aug/2026:01:28:08 -0700] "GET /2026/07/18/wie-fange-ich-an-bei-sportwetten-ohne-oasis-fur-maximale-gewinne/?fileloc=/home/l2pbkn5l6xav/mail/new/1714521944.M599792P1401457.a2plcpnl0805.prod.iad2.secureserver.net,S=6174,W=6275&path=/home/l2pbkn5l6xav/mail/new HTTP/2.0" 429 267 "-" "Mozilla/5.0 (Windows NT 10.0; Win64; x64) AppleWebKit/537.36 (KHTML, like Gecko) Chrome/145.0.0.0 Safari/537.36 (compatible; meta-externalagent/1.1 (+https://developers.facebook.com/docs/sharing/webmasters/crawler))" 11 **0/11233**
74.7.243.247 - - [05/Aug/2026:01:28:08 -0700] "GET /?path=//proc/719607/root/lib/.build-id/74 HTTP/2.0" 200 2574 "https://focbs.com/?path=//proc/719607/root/lib/.build-id" "Mozilla/5.0 AppleWebKit/537.36 (KHTML, like Gecko; compatible; GPTBot/1.4; +https://openai.com/gptbot)" 105 **0/105803**
74.7.243.247 - - [05/Aug/2026:01:28:09 -0700] "GET /?path=//proc/719607/root/lib/.build-id/55 HTTP/2.0" 200 2575 "https://focbs.com/?path=//proc/719607/root/lib/.build-id" "Mozilla/5.0 AppleWebKit/537.36 (KHTML, like Gecko; compatible; GPTBot/1.4; +https://openai.com/gptbot)" 103 **0/103838**
74.7.243.247 - - [05/Aug/2026:01:28:09 -0700] "GET /?path=//proc/719607/root/lib/.build-id/98 HTTP/2.0" 200 2575 "https://focbs.com/?path=//proc/719607/root/lib/.build-id" "Mozilla/5.0 AppleWebKit/537.36 (KHTML, like Gecko; compatible; GPTBot/1.4; +https://openai.com/gptbot)" 106 **0/106806**
47.147.93.203 - - [05/Aug/2026:01:28:10 -0700] "GET /?product/category/view_more/8135110471100 HTTP/2.0" 301 - "https://www.google.com/" "Mozilla/5.0 (Macintosh; Intel Mac OS X 10_15_7) AppleWebKit/537.36 (KHTML, like Gecko) Chrome/116.0.0.0 Safari/537.36" 94 **0/94796**
74.7.243.247 - - [05/Aug/2026:01:28:10 -0700] "GET /?path=//proc/719607/root/var/cache/man/zh_CN HTTP/2.0" 200 2585 "https://focbs.com/?path=//proc/719607/root/var/cache/man" "Mozilla/5.0 AppleWebKit/537.36 (KHTML, like Gecko; compatible; GPTBot/1.4; +https://openai.com/gptbot)" 110 **0/110126**
74.7.243.247 - - [05/Aug/2026:01:28:11 -0700] "GET /?path=//proc/719607/root/var/cache/man/zh_TW HTTP/2.0" 200 2584 "https://focbs.com/?path=//proc/719607/root/var/cache/man" "Mozilla/5.0 AppleWebKit/537.36 (KHTML, like Gecko; compatible; GPTBot/1.4; +https://openai.com/gptbot)" 110 **0/110242**
74.7.243.247 - - [05/Aug/2026:01:28:11 -0700] "GET /?fileloc=//proc/719607/cwd/bin/ptx&path=//proc/719607/cwd/bin HTTP/2.0" 200 2503 "https://focbs.com/?path=//proc/719607/cwd/bin" "Mozilla/5.0 AppleWebKit/537.36 (KHTML, like Gecko; compatible; GPTBot/1.4; +https://openai.com/gptbot)" 104 **0/104640**
74.7.243.247 - - [05/Aug/2026:01:28:12 -0700] "GET /?fileloc=//proc/719607/cwd/bin/vdir&path=//proc/719607/cwd/bin HTTP/2.0" 200 2503 "https://focbs.com/?path=//proc/719607/cwd/bin" "Mozilla/5.0 AppleWebKit/537.36 (KHTML, like Gecko; compatible; GPTBot/1.4; +https://openai.com/gptbot)" 115 **0/115814**
74.7.243.247 - - [05/Aug/2026:01:28:12 -0700] "GET /?path=//proc/719607/cwd/usr/lib/locale/de_LU@euro HTTP/2.0" 200 2589 "https://focbs.com/?path=//proc/719607/cwd/usr/lib/locale" "Mozilla/5.0 AppleWebKit/537.36 (KHTML, like Gecko; compatible; GPTBot/1.4; +https://openai.com/gptbot)" 109 **0/109932**
74.7.243.247 - - [05/Aug/2026:01:28:13 -0700] "GET /?path=//proc/719607/cwd/usr/lib/locale/de_DE@euro HTTP/2.0" 200 2589 "https://focbs.com/?path=//proc/719607/cwd/usr/lib/locale" "Mozilla/5.0 AppleWebKit/537.36 (KHTML, like Gecko; compatible; GPTBot/1.4; +https://openai.com/gptbot)" 113 **0/113636**
57.141.18.34 - - [05/Aug/2026:01:28:13 -0700] "GET /2026/07/18/wie-fange-ich-an-bei-sportwetten-ohne-oasis-fur-maximale-gewinne/?fileloc=/home/l2pbkn5l6xav/mail/new/1696821137.M114959P2044680.a2plcpnl0805.prod.iad2.secureserver.net,S=5395,W=5489&path=/home/l2pbkn5l6xav/mail/new HTTP/2.0" 429 267 "-" "Mozilla/5.0 (Windows NT 10.0; Win64; x64) AppleWebKit/537.36 (KHTML, like Gecko) Chrome/145.0.0.0 Safari/537.36 (compatible; meta-externalagent/1.1 (+https://developers.facebook.com/docs/sharing/webmasters/crawler))" 10 **0/10123**
74.7.243.247 - - [05/Aug/2026:01:28:13 -0700] "GET /?path=//proc/719607/cwd/usr/lib/locale/de_BE@euro HTTP/2.0" 200 2589 "https://focbs.com/?path=//proc/719607/cwd/usr/lib/locale" "Mozilla/5.0 AppleWebKit/537.36 (KHTML, like Gecko; compatible; GPTBot/1.4; +https://openai.com/gptbot)" 110 **0/110434**
74.7.243.247 - - [05/Aug/2026:01:28:14 -0700] "GET /?path=//proc/719607/cwd/usr/lib/locale/de_AT@euro HTTP/2.0" 200 2589 "https://focbs.com/?path=//proc/719607/cwd/usr/lib/locale" "Mozilla/5.0 AppleWebKit/537.36 (KHTML, like Gecko; compatible; GPTBot/1.4; +https://openai.com/gptbot)" 126 **0/126494**
57.141.18.23 - - [05/Aug/2026:01:28:14 -0700] "GET /2026/07/18/wie-fange-ich-an-bei-sportwetten-ohne-oasis-fur-maximale-gewinne/?fileloc=/home/l2pbkn5l6xav/mail/new/1713292904.M377667P3817444.a2plcpnl0805.prod.iad2.secureserver.net,S=3713,W=3781&path=/home/l2pbkn5l6xav/mail/new HTTP/2.0" 429 267 "-" "Mozilla/5.0 (Windows NT 10.0; Win64; x64) AppleWebKit/537.36 (KHTML, like Gecko) Chrome/145.0.0.0 Safari/537.36 (compatible; meta-externalagent/1.1 (+https://developers.facebook.com/docs/sharing/webmasters/crawler))" 16 **0/16334**
74.7.243.247 - - [05/Aug/2026:01:28:14 -0700] "GET /?fileloc=//proc/sys/fs/enforce_symlinksifowner&path=//proc/sys/fs HTTP/2.0" 200 2500 "https://focbs.com/?path=//proc/sys/fs" "Mozilla/5.0 AppleWebKit/537.36 (KHTML, like Gecko; compatible; GPTBot/1.4; +https://openai.com/gptbot)" 109 **0/109037**
74.7.243.247 - - [05/Aug/2026:01:28:15 -0700] "GET /?path=//proc/719607/cwd/usr/lib/tuned/network-throughput HTTP/2.0" 200 2592 "https://focbs.com/?path=//proc/719607/cwd/usr/lib/tuned" "Mozilla/5.0 AppleWebKit/537.36 (KHTML, like Gecko; compatible; GPTBot/1.4; +https://openai.com/gptbot)" 114 **0/114234**
74.7.243.247 - - [05/Aug/2026:01:28:15 -0700] "GET /?path=//proc/719607/root/proc/self/root/lib/systemd/system/runlevel1.target.wants HTTP/2.0" 200 2614 "https://focbs.com/?path=//proc/719607/root/proc/self/root/lib/systemd/system" "Mozilla/5.0 AppleWebKit/537.36 (KHTML, like Gecko; compatible; GPTBot/1.4; +https://openai.com/gptbot)" 112 **0/112030**
74.7.243.247 - - [05/Aug/2026:01:28:16 -0700] "GET /?path=//proc/719607/cwd/opt/alt/krb5/usr/etc/crypto-policies/back-ends HTTP/2.0" 200 2622 "https://focbs.com/?path=//proc/719607/cwd/opt/alt/krb5/usr/etc/crypto-policies" "Mozilla/5.0 AppleWebKit/537.36 (KHTML, like Gecko; compatible; GPTBot/1.4; +https://openai.com/gptbot)" 110 **0/110471**
74.7.243.247 - - [05/Aug/2026:01:28:16 -0700] "GET /?path=//proc/719607/root/lib/dracut/modules.d/97biosdevname HTTP/2.0" 200 2594 "https://focbs.com/?path=//proc/719607/root/lib/dracut/modules.d" "Mozilla/5.0 AppleWebKit/537.36 (KHTML, like Gecko; compatible; GPTBot/1.4; +https://openai.com/gptbot)" 109 **0/109234**
66.249.72.227 - - [05/Aug/2026:01:28:16 -0700] "GET /?p=46785645071100 HTTP/1.1" 200 18464 "-" "Mozilla/5.0 (Linux; Android 6.0.1; Nexus 5X Build/MMB29P) AppleWebKit/537.36 (KHTML, like Gecko) Chrome/150.0.7871.186 Mobile Safari/537.36 (compatible; Googlebot/2.1; +http://www.google.com/bot.html)" 329 **0/329470**
74.7.243.247 - - [05/Aug/2026:01:28:17 -0700] "GET /?path=//proc/719607/cwd/lib/locale/de_BE.utf8 HTTP/2.0" 200 2580 "https://focbs.com/?path=//proc/719607/cwd/lib/locale" "Mozilla/5.0 AppleWebKit/537.36 (KHTML, like Gecko; compatible; GPTBot/1.4; +https://openai.com/gptbot)" 108 **0/108880**
74.7.243.247 - - [05/Aug/2026:01:28:17 -0700] "GET /?path=//proc/719607/cwd/lib/locale/de_LU.utf8 HTTP/2.0" 200 2580 "https://focbs.com/?path=//proc/719607/cwd/lib/locale" "Mozilla/5.0 AppleWebKit/537.36 (KHTML, like Gecko; compatible; GPTBot/1.4; +https://openai.com/gptbot)" 107 **0/107803**
74.7.243.247 - - [05/Aug/2026:01:28:18 -0700] "GET /?path=//proc/719607/cwd/lib/locale/de_LI.utf8 HTTP/2.0" 200 2580 "https://focbs.com/?path=//proc/719607/cwd/lib/locale" "Mozilla/5.0 AppleWebKit/537.36 (KHTML, like Gecko; compatible; GPTBot/1.4; +https://openai.com/gptbot)" 112 **0/112809**
74.7.243.247 - - [05/Aug/2026:01:28:18 -0700] "GET /?path=//proc/719607/cwd/lib/locale/de_DE.utf8 HTTP/2.0" 200 2580 "https://focbs.com/?path=//proc/719607/cwd/lib/locale" "Mozilla/5.0 AppleWebKit/537.36 (KHTML, like Gecko; compatible; GPTBot/1.4; +https://openai.com/gptbot)" 113 **0/113989**
74.7.243.247 - - [05/Aug/2026:01:28:19 -0700] "GET /?path=//proc/719607/cwd/lib/locale/de_IT.utf8 HTTP/2.0" 200 2580 "https://focbs.com/?path=//proc/719607/cwd/lib/locale" "Mozilla/5.0 AppleWebKit/537.36 (KHTML, like Gecko; compatible; GPTBot/1.4; +https://openai.com/gptbot)" 100 **0/100994**
74.7.243.247 - - [05/Aug/2026:01:28:19 -0700] "GET /?path=//proc/719607/cwd/lib/locale/de_CH.utf8 HTTP/2.0" 200 2580 "https://focbs.com/?path=//proc/719607/cwd/lib/locale" "Mozilla/5.0 AppleWebKit/537.36 (KHTML, like Gecko; compatible; GPTBot/1.4; +https://openai.com/gptbot)" 114 **0/114186**
57.141.18.35 - - [05/Aug/2026:01:28:20 -0700] "GET /2026/07/19/utmaningar-for-casino-utan-svensk-licens-med-10-euro-insattningar-en-vaxande-oro/?fileloc=/home/l2pbkn5l6xav/mail/new/1663083112.M423994P2692036.a2plcpnl0805.prod.iad2.secureserver.net,S=5265,W=5353&path=/home/l2pbkn5l6xav/mail/new HTTP/2.0" 429 267 "-" "Mozilla/5.0 (Macintosh; Intel Mac OS X 10_15_7) AppleWebKit/537.36 (KHTML, like Gecko) Chrome/145.0.0.0 Safari/537.36 (compatible; meta-externalagent/1.1 (+https://developers.facebook.com/docs/sharing/webmasters/crawler))" 11 **0/11218**
74.7.243.247 - - [05/Aug/2026:01:28:20 -0700] "GET /?path=//proc/719607/cwd/lib/locale/de_AT.utf8 HTTP/2.0" 200 2580 "https://focbs.com/?path=//proc/719607/cwd/lib/locale" "Mozilla/5.0 AppleWebKit/537.36 (KHTML, like Gecko; compatible; GPTBot/1.4; +https://openai.com/gptbot)" 104 **0/104138**
74.7.243.247 - - [05/Aug/2026:01:28:20 -0700] "GET /?fileloc=//proc/sys/fs/protected_regular&path=//proc/sys/fs HTTP/2.0" 200 2495 "https://focbs.com/?path=//proc/sys/fs" "Mozilla/5.0 AppleWebKit/537.36 (KHTML, like Gecko; compatible; GPTBot/1.4; +https://openai.com/gptbot)" 105 **0/105459**
74.7.243.247 - - [05/Aug/2026:01:28:21 -0700] "GET /?fileloc=//proc/sys/fs/protected_symlinks&path=//proc/sys/fs HTTP/2.0" 200 2495 "https://focbs.com/?path=//proc/sys/fs" "Mozilla/5.0 AppleWebKit/537.36 (KHTML, like Gecko; compatible; GPTBot/1.4; +https://openai.com/gptbot)" 105 **0/105072**
57.141.18.88 - - [05/Aug/2026:01:28:21 -0700] "GET /2026/07/19/jak-aktywowac-voucher-free-spins-w-mostbet-dla-doswiadczonych-graczy/?fileloc=//lib64/libunwind-coredump.so.0.0.0&path=//lib64 HTTP/2.0" 429 267 "-" "Mozilla/5.0 (Windows NT 10.0; Win64; x64) AppleWebKit/537.36 (KHTML, like Gecko) Chrome/145.0.0.0 Safari/537.36 (compatible; meta-externalagent/1.1 (+https://developers.facebook.com/docs/sharing/webmasters/crawler))" 15 **0/15665**
74.7.243.247 - - [05/Aug/2026:01:28:22 -0700] "GET /?path=//proc/719607/cwd/lib64 HTTP/2.0" 200 2556 "https://focbs.com/?path=//proc/719607/cwd" "Mozilla/5.0 AppleWebKit/537.36 (KHTML, like Gecko; compatible; GPTBot/1.4; +https://openai.com/gptbot)" 105 **0/105825**
74.7.243.247 - - [05/Aug/2026:01:28:22 -0700] "GET /?path=//proc/719607/root/lib/.build-id/28 HTTP/2.0" 200 2575 "https://focbs.com/?path=//proc/719607/root/lib/.build-id" "Mozilla/5.0 AppleWebKit/537.36 (KHTML, like Gecko; compatible; GPTBot/1.4; +https://openai.com/gptbot)" 110 **0/110794**
74.7.243.247 - - [05/Aug/2026:01:28:23 -0700] "GET /?path=//proc/719607/root/lib/.build-id/34 HTTP/2.0" 200 2576 "https://focbs.com/?path=//proc/719607/root/lib/.build-id" "Mozilla/5.0 AppleWebKit/537.36 (KHTML, like Gecko; compatible; GPTBot/1.4; +https://openai.com/gptbot)" 106 **0/106805**
74.7.243.247 - - [05/Aug/2026:01:28:23 -0700] "GET /?path=//proc/719607/cwd/usr/lib/.build-id/73 HTTP/2.0" 200 2582 "https://focbs.com/?path=//proc/719607/cwd/usr/lib/.build-id" "Mozilla/5.0 AppleWebKit/537.36 (KHTML, like Gecko; compatible; GPTBot/1.4; +https://openai.com/gptbot)" 122 **0/122532**
74.7.243.247 - - [05/Aug/2026:01:28:24 -0700] "GET /?path=//proc/719607/cwd/usr/lib/.build-id/75 HTTP/2.0" 200 2582 "https://focbs.com/?path=//proc/719607/cwd/usr/lib/.build-id" "Mozilla/5.0 AppleWebKit/537.36 (KHTML, like Gecko; compatible; GPTBot/1.4; +https://openai.com/gptbot)" 128 **0/128587**
74.7.243.247 - - [05/Aug/2026:01:28:24 -0700] "GET /?path=//proc/719607/root/lib/.build-id/23 HTTP/2.0" 200 2575 "https://focbs.com/?path=//proc/719607/root/lib/.build-id" "Mozilla/5.0 AppleWebKit/537.36 (KHTML, like Gecko; compatible; GPTBot/1.4; +https://openai.com/gptbot)" 109 **0/109246**
74.7.243.247 - - [05/Aug/2026:01:28:25 -0700] "GET /?path=//proc/719607/root/lib/.build-id/24 HTTP/2.0" 200 2575 "https://focbs.com/?path=//proc/719607/root/lib/.build-id" "Mozilla/5.0 AppleWebKit/537.36 (KHTML, like Gecko; compatible; GPTBot/1.4; +https://openai.com/gptbot)" 107 **0/107503**
74.7.243.247 - - [05/Aug/2026:01:28:25 -0700] "GET /?path=//proc/719607/root/lib/.build-id/35 HTTP/2.0" 200 2575 "https://focbs.com/?path=//proc/719607/root/lib/.build-id" "Mozilla/5.0 AppleWebKit/537.36 (KHTML, like Gecko; compatible; GPTBot/1.4; +https://openai.com/gptbot)" 121 **0/121598**
74.7.243.247 - - [05/Aug/2026:01:28:26 -0700] "GET /?path=//proc/719607/cwd/usr/lib/.build-id/27 HTTP/2.0" 200 2583 "https://focbs.com/?path=//proc/719607/cwd/usr/lib/.build-id" "Mozilla/5.0 AppleWebKit/537.36 (KHTML, like Gecko; compatible; GPTBot/1.4; +https://openai.com/gptbot)" 106 **0/106160**
74.7.243.247 - - [05/Aug/2026:01:28:26 -0700] "GET /?path=//proc/719607/root/lib/.build-id/38 HTTP/2.0" 200 2575 "https://focbs.com/?path=//proc/719607/root/lib/.build-id" "Mozilla/5.0 AppleWebKit/537.36 (KHTML, like Gecko; compatible; GPTBot/1.4; +https://openai.com/gptbot)" 103 **0/103543**
74.7.243.247 - - [05/Aug/2026:01:28:27 -0700] "GET /?path=//proc/719607/cwd/usr/lib/.build-id/72 HTTP/2.0" 200 2582 "https://focbs.com/?path=//proc/719607/cwd/usr/lib/.build-id" "Mozilla/5.0 AppleWebKit/537.36 (KHTML, like Gecko; compatible; GPTBot/1.4; +https://openai.com/gptbot)" 118 **0/118946**
74.7.243.247 - - [05/Aug/2026:01:28:27 -0700] "GET /?path=//proc/719607/root/lib/.build-id/48 HTTP/2.0" 200 2575 "https://focbs.com/?path=//proc/719607/root/lib/.build-id" "Mozilla/5.0 AppleWebKit/537.36 (KHTML, like Gecko; compatible; GPTBot/1.4; +https://openai.com/gptbot)" 109 **0/109703**
74.7.243.247 - - [05/Aug/2026:01:28:28 -0700] "GET /?path=//proc/719607/root/lib/.build-id/42 HTTP/2.0" 200 2575 "https://focbs.com/?path=//proc/719607/root/lib/.build-id" "Mozilla/5.0 AppleWebKit/537.36 (KHTML, like Gecko; compatible; GPTBot/1.4; +https://openai.com/gptbot)" 104 **0/104426**
57.141.18.89 - - [05/Aug/2026:01:28:28 -0700] "GET /2026/07/19/jak-aktywowac-voucher-free-spins-w-mostbet-dla-doswiadczonych-graczy/?fileloc=//lib64/libHalf.so.12&path=//lib64 HTTP/2.0" 429 267 "-" "Mozilla/5.0 (Macintosh; Intel Mac OS X 10_15_7) AppleWebKit/537.36 (KHTML, like Gecko) Chrome/145.0.0.0 Safari/537.36 (compatible; meta-externalagent/1.1 (+https://developers.facebook.com/docs/sharing/webmasters/crawler))" 11 **0/11231**
74.7.243.247 - - [05/Aug/2026:01:28:28 -0700] "GET /?path=//proc/719607/root/lib/.build-id/58 HTTP/2.0" 200 2575 "https://focbs.com/?path=//proc/719607/root/lib/.build-id" "Mozilla/5.0 AppleWebKit/537.36 (KHTML, like Gecko; compatible; GPTBot/1.4; +https://openai.com/gptbot)" 101 **0/101206**
74.7.243.247 - - [05/Aug/2026:01:28:29 -0700] "GET /?path=//proc/719607/root/lib/.build-id/82 HTTP/2.0" 200 2575 "https://focbs.com/?path=//proc/719607/root/lib/.build-id" "Mozilla/5.0 AppleWebKit/537.36 (KHTML, like Gecko; compatible; GPTBot/1.4; +https://openai.com/gptbot)" 104 **0/104911**
74.7.243.247 - - [05/Aug/2026:01:28:29 -0700] "GET /?path=//proc/719607/cwd/usr/lib/.build-id/47 HTTP/2.0" 200 2583 "https://focbs.com/?path=//proc/719607/cwd/usr/lib/.build-id" "Mozilla/5.0 AppleWebKit/537.36 (KHTML, like Gecko; compatible; GPTBot/1.4; +https://openai.com/gptbot)" 117 **0/117016**
57.141.18.84 - - [05/Aug/2026:01:28:30 -0700] "GET /2026/07/19/utmaningar-for-casino-utan-svensk-licens-med-10-euro-insattningar-en-vaxande-oro/?fileloc=/home/l2pbkn5l6xav/mail/new/1650239471.M245958P932511.a2plcpnl0805.prod.iad2.secureserver.net,S=5318,W=5406&path=/home/l2pbkn5l6xav/mail/new HTTP/2.0" 429 267 "-" "Mozilla/5.0 (Windows NT 10.0; Win64; x64) AppleWebKit/537.36 (KHTML, like Gecko) Chrome/145.0.0.0 Safari/537.36 (compatible; meta-externalagent/1.1 (+https://developers.facebook.com/docs/sharing/webmasters/crawler))" 13 **0/13992**
74.7.243.247 - - [05/Aug/2026:01:28:30 -0700] "GET /?path=//proc/719607/cwd/usr/lib/.build-id/78 HTTP/2.0" 200 2582 "https://focbs.com/?path=//proc/719607/cwd/usr/lib/.build-id" "Mozilla/5.0 AppleWebKit/537.36 (KHTML, like Gecko; compatible; GPTBot/1.4; +https://openai.com/gptbot)" 127 **0/127122**
74.7.243.247 - - [05/Aug/2026:01:28:30 -0700] "GET /?path=//proc/719607/cwd/usr/lib/.build-id/87 HTTP/2.0" 200 2583 "https://focbs.com/?path=//proc/719607/cwd/usr/lib/.build-id" "Mozilla/5.0 AppleWebKit/537.36 (KHTML, like Gecko; compatible; GPTBot/1.4; +https://openai.com/gptbot)" 104 **0/104714**
57.141.18.111 - - [05/Aug/2026:01:28:31 -0700] "GET /2026/07/19/utmaningar-for-casino-utan-svensk-licens-med-10-euro-insattningar-en-vaxande-oro/?fileloc=/home/l2pbkn5l6xav/mail/new/1661094048.M916556P2884651.a2plcpnl0805.prod.iad2.secureserver.net,S=5182,W=5270&path=/home/l2pbkn5l6xav/mail/new HTTP/2.0" 429 267 "-" "Mozilla/5.0 (Windows NT 10.0; Win64; x64) AppleWebKit/537.36 (KHTML, like Gecko) Chrome/145.0.0.0 Safari/537.36 (compatible; meta-externalagent/1.1 (+https://developers.facebook.com/docs/sharing/webmasters/crawler))" 17 **0/17002**
74.7.243.247 - - [05/Aug/2026:01:28:31 -0700] "GET /?path=//proc/719607/root/lib/.build-id/85 HTTP/2.0" 200 2575 "https://focbs.com/?path=//proc/719607/root/lib/.build-id" "Mozilla/5.0 AppleWebKit/537.36 (KHTML, like Gecko; compatible; GPTBot/1.4; +https://openai.com/gptbot)" 105 **0/105558**
74.7.243.247 - - [05/Aug/2026:01:28:32 -0700] "GET /?path=//proc/719607/root/lib/.build-id/52 HTTP/2.0" 200 2575 "https://focbs.com/?path=//proc/719607/root/lib/.build-id" "Mozilla/5.0 AppleWebKit/537.36 (KHTML, like Gecko; compatible; GPTBot/1.4; +https://openai.com/gptbot)" 103 **0/103235**
74.7.243.247 - - [05/Aug/2026:01:28:32 -0700] "GET /?path=//proc/719607/root/lib/.build-id/32 HTTP/2.0" 200 2575 "https://focbs.com/?path=//proc/719607/root/lib/.build-id" "Mozilla/5.0 AppleWebKit/537.36 (KHTML, like Gecko; compatible; GPTBot/1.4; +https://openai.com/gptbot)" 116 **0/116695**
74.7.243.247 - - [05/Aug/2026:01:28:33 -0700] "GET /?path=//proc/719607/root/lib/.build-id/83 HTTP/2.0" 200 2575 "https://focbs.com/?path=//proc/719607/root/lib/.build-id" "Mozilla/5.0 AppleWebKit/537.36 (KHTML, like Gecko; compatible; GPTBot/1.4; +https://openai.com/gptbot)" 107 **0/107455**
74.7.243.247 - - [05/Aug/2026:01:28:33 -0700] "GET /?path=//proc/719607/root/lib/.build-id/25 HTTP/2.0" 200 2575 "https://focbs.com/?path=//proc/719607/root/lib/.build-id" "Mozilla/5.0 AppleWebKit/537.36 (KHTML, like Gecko; compatible; GPTBot/1.4; +https://openai.com/gptbot)" 110 **0/110157**
74.7.243.247 - - [05/Aug/2026:01:28:34 -0700] "GET /?path=//proc/719607/cwd/usr/lib/.build-id/37 HTTP/2.0" 200 2583 "https://focbs.com/?path=//proc/719607/cwd/usr/lib/.build-id" "Mozilla/5.0 AppleWebKit/537.36 (KHTML, like Gecko; compatible; GPTBot/1.4; +https://openai.com/gptbot)" 101 **0/101637**
66.249.72.228 - - [05/Aug/2026:01:28:34 -0700] "GET /?p=54952951471100 HTTP/1.1" 200 19537 "-" "Mozilla/5.0 (Linux; Android 6.0.1; Nexus 5X Build/MMB29P) AppleWebKit/537.36 (KHTML, like Gecko) Chrome/150.0.7871.186 Mobile Safari/537.36 (compatible; Googlebot/2.1; +http://www.google.com/bot.html)" 328 **0/328134**
74.7.243.247 - - [05/Aug/2026:01:28:34 -0700] "GET /?path=//proc/719607/root/lib/.build-id/45 HTTP/2.0" 200 2575 "https://focbs.com/?path=//proc/719607/root/lib/.build-id" "Mozilla/5.0 AppleWebKit/537.36 (KHTML, like Gecko; compatible; GPTBot/1.4; +https://openai.com/gptbot)" 102 **0/102953**
74.7.243.247 - - [05/Aug/2026:01:28:35 -0700] "GET /?path=//proc/719607/root/lib/.build-id/53 HTTP/2.0" 200 2575 "https://focbs.com/?path=//proc/719607/root/lib/.build-id" "Mozilla/5.0 AppleWebKit/537.36 (KHTML, like Gecko; compatible; GPTBot/1.4; +https://openai.com/gptbot)" 102 **0/102465**
74.7.243.247 - - [05/Aug/2026:01:28:35 -0700] "GET /?path=//proc/719607/cwd/usr/lib/.build-id/74 HTTP/2.0" 200 2582 "https://focbs.com/?path=//proc/719607/cwd/usr/lib/.build-id" "Mozilla/5.0 AppleWebKit/537.36 (KHTML, like Gecko; compatible; GPTBot/1.4; +https://openai.com/gptbot)" 100 **0/100056**
216.73.216.114 - - [05/Aug/2026:01:28:35 -0700] "GET /?fileloc=%2F%2Fusr%2Flib%2Ffirmware%2Fcirrus%2Fcs35l56-b0-dsp1-misc-104315f4.wmfw&path=%2F%2Fusr%2Flib%2Ffirmware%2Fcirrus HTTP/2.0" 200 2526 "-" "Mozilla/5.0 AppleWebKit/537.36 (KHTML, like Gecko; compatible; ClaudeBot/1.0; +claudebot@anthropic.com)" 122 **0/122148**
74.7.243.247 - - [05/Aug/2026:01:28:36 -0700] "GET /?path=//proc/719607/root/lib/.build-id/84 HTTP/2.0" 200 2575 "https://focbs.com/?path=//proc/719607/root/lib/.build-id" "Mozilla/5.0 AppleWebKit/537.36 (KHTML, like Gecko; compatible; GPTBot/1.4; +https://openai.com/gptbot)" 123 **0/123378**
74.7.243.247 - - [05/Aug/2026:01:28:36 -0700] "GET /?path=//proc/719607/cwd/usr/lib/.build-id/57 HTTP/2.0" 200 2583 "https://focbs.com/?path=//proc/719607/cwd/usr/lib/.build-id" "Mozilla/5.0 AppleWebKit/537.36 (KHTML, like Gecko; compatible; GPTBot/1.4; +https://openai.com/gptbot)" 103 **0/103997**
74.7.243.247 - - [05/Aug/2026:01:28:37 -0700] "GET /?path=//proc/719607/root/lib/.build-id/43 HTTP/2.0" 200 2575 "https://focbs.com/?path=//proc/719607/root/lib/.build-id" "Mozilla/5.0 AppleWebKit/537.36 (KHTML, like Gecko; compatible; GPTBot/1.4; +https://openai.com/gptbot)" 103 **0/103194**
74.7.243.247 - - [05/Aug/2026:01:28:37 -0700] "GET /?path=//proc/719607/root/lib/.build-id/54 HTTP/2.0" 200 2575 "https://focbs.com/?path=//proc/719607/root/lib/.build-id" "Mozilla/5.0 AppleWebKit/537.36 (KHTML, like Gecko; compatible; GPTBot/1.4; +https://openai.com/gptbot)" 99 **0/99165**
74.7.243.247 - - [05/Aug/2026:01:28:38 -0700] "GET /?path=//proc/719607/root/lib/modprobe.d HTTP/2.0" 200 2567 "https://focbs.com/?path=//proc/719607/root/lib" "Mozilla/5.0 AppleWebKit/537.36 (KHTML, like Gecko; compatible; GPTBot/1.4; +https://openai.com/gptbot)" 110 **0/110139**
74.7.243.247 - - [05/Aug/2026:01:28:38 -0700] "GET /?path=//proc/719607/cwd/opt/alt/openssl HTTP/2.0" 200 2573 "https://focbs.com/?path=//proc/719607/cwd/opt/alt" "Mozilla/5.0 AppleWebKit/537.36 (KHTML, like Gecko; compatible; GPTBot/1.4; +https://openai.com/gptbot)" 116 **0/116948**
74.7.243.247 - - [05/Aug/2026:01:28:39 -0700] "GET /?fileloc=//proc/719607/cwd/opt/alt/tests/alt-php80-pecl-eio_3.1.3-3.el8/tests/eio_chown_variation.phpt&path=//proc/719607/cwd/opt/alt/tests/alt-php80-pecl-eio_3.1.3-3.el8/tests HTTP/2.0" 200 2567 "https://focbs.com/?path=//proc/719607/cwd/opt/alt/tests/alt-php80-pecl-eio_3.1.3-3.el8/tests" "Mozilla/5.0 AppleWebKit/537.36 (KHTML, like Gecko; compatible; GPTBot/1.4; +https://openai.com/gptbot)" 114 **0/114214**
74.7.243.247 - - [05/Aug/2026:01:28:39 -0700] "GET /?path=//proc/719607/cwd/opt/alt/tests/alt-php56-pecl-propro_1.0.2-1.el8/tests HTTP/2.0" 200 2606 "https://focbs.com/?path=//proc/719607/cwd/opt/alt/tests/alt-php56-pecl-propro_1.0.2-1.el8" "Mozilla/5.0 AppleWebKit/537.36 (KHTML, like Gecko; compatible; GPTBot/1.4; +https://openai.com/gptbot)" 111 **0/111558**
74.7.243.247 - - [05/Aug/2026:01:28:40 -0700] "GET /?path=//proc/719607/root/proc/self/root/lib/dracut/modules.d/80lvmthinpool-monitor HTTP/2.0" 200 2622 "https://focbs.com/?path=//proc/719607/root/proc/self/root/lib/dracut/modules.d" "Mozilla/5.0 AppleWebKit/537.36 (KHTML, like Gecko; compatible; GPTBot/1.4; +https://openai.com/gptbot)" 107 **0/107852**
216.73.216.114 - - [05/Aug/2026:01:28:40 -0700] "GET /?fileloc=%2F%2Fusr%2Fshare%2Fman%2Fman3%2FTest%3A%3ABuilder%3A%3AIO%3A%3AScalar.3pm.gz&path=%2F%2Fusr%2Fshare%2Fman%2Fman3 HTTP/2.0" 200 2521 "-" "Mozilla/5.0 AppleWebKit/537.36 (KHTML, like Gecko; compatible; ClaudeBot/1.0; +claudebot@anthropic.com)" 120 **0/120230**
74.7.243.247 - - [05/Aug/2026:01:28:41 -0700] "GET /?path=//proc/719607/root/lib/firmware/qcom/venus-5.2 HTTP/2.0" 200 2590 "https://focbs.com/?path=//proc/719607/root/lib/firmware/qcom" "Mozilla/5.0 AppleWebKit/537.36 (KHTML, like Gecko; compatible; GPTBot/1.4; +https://openai.com/gptbot)" 112 **0/112235**
66.249.72.227 - - [05/Aug/2026:01:28:40 -0700] "GET /?productSearch/pictureSearch?id=44292930271100 HTTP/1.1" 200 19754 "-" "Mozilla/5.0 (Linux; Android 6.0.1; Nexus 5X Build/MMB29P) AppleWebKit/537.36 (KHTML, like Gecko) Chrome/150.0.7871.186 Mobile Safari/537.36 (compatible; Googlebot/2.1; +http://www.google.com/bot.html)" 337 **0/337762**
74.7.243.247 - - [05/Aug/2026:01:28:41 -0700] "GET /?path=//proc/719607/root/lib/firmware/qcom/venus-4.2 HTTP/2.0" 200 2590 "https://focbs.com/?path=//proc/719607/root/lib/firmware/qcom" "Mozilla/5.0 AppleWebKit/537.36 (KHTML, like Gecko; compatible; GPTBot/1.4; +https://openai.com/gptbot)" 103 **0/103826**
57.141.18.120 - - [05/Aug/2026:01:28:41 -0700] "GET /2026/07/19/utmaningar-for-casino-utan-svensk-licens-med-10-euro-insattningar-en-vaxande-oro/?fileloc=/home/l2pbkn5l6xav/mail/new/1624606531.M672114P1892671.a2plcpnl0805.prod.iad2.secureserver.net,S=10154,W=10362&path=/home/l2pbkn5l6xav/mail/new HTTP/2.0" 429 267 "-" "Mozilla/5.0 (Windows NT 10.0; Win64; x64) AppleWebKit/537.36 (KHTML, like Gecko) Chrome/145.0.0.0 Safari/537.36 (compatible; meta-externalagent/1.1 (+https://developers.facebook.com/docs/sharing/webmasters/crawler))" 12 **0/12821**
66.249.72.227 - - [05/Aug/2026:01:28:41 -0700] "GET /?productSearch/pictureSearch?id=67693330071100 HTTP/1.1" 200 18428 "-" "Mozilla/5.0 (compatible; Googlebot/2.1; +http://www.google.com/bot.html)" 316 **0/316503**
74.7.243.247 - - [05/Aug/2026:01:28:42 -0700] "GET /?path=//proc/719607/root/lib/firmware/qcom/venus-5.4 HTTP/2.0" 200 2590 "https://focbs.com/?path=//proc/719607/root/lib/firmware/qcom" "Mozilla/5.0 AppleWebKit/537.36 (KHTML, like Gecko; compatible; GPTBot/1.4; +https://openai.com/gptbot)" 109 **0/109981**
74.7.243.247 - - [05/Aug/2026:01:28:42 -0700] "GET /?path=//proc/719607/cwd/usr/lib/locale/en_AU.utf8 HTTP/2.0" 200 2589 "https://focbs.com/?path=//proc/719607/cwd/usr/lib/locale" "Mozilla/5.0 AppleWebKit/537.36 (KHTML, like Gecko; compatible; GPTBot/1.4; +https://openai.com/gptbot)" 107 **0/107119**
74.7.243.247 - - [05/Aug/2026:01:28:43 -0700] "GET /?path=//proc/719607/cwd/usr/lib/locale/en_SG.utf8 HTTP/2.0" 200 2589 "https://focbs.com/?path=//proc/719607/cwd/usr/lib/locale" "Mozilla/5.0 AppleWebKit/537.36 (KHTML, like Gecko; compatible; GPTBot/1.4; +https://openai.com/gptbot)" 113 **0/113762**
74.7.243.247 - - [05/Aug/2026:01:28:43 -0700] "GET /?path=//proc/719607/cwd/usr/lib/locale/en_BW.utf8 HTTP/2.0" 200 2589 "https://focbs.com/?path=//proc/719607/cwd/usr/lib/locale" "Mozilla/5.0 AppleWebKit/537.36 (KHTML, like Gecko; compatible; GPTBot/1.4; +https://openai.com/gptbot)" 110 **0/110489**
57.141.18.87 - - [05/Aug/2026:01:28:44 -0700] "GET /2026/07/19/utmaningar-for-casino-utan-svensk-licens-med-10-euro-insattningar-en-vaxande-oro/?fileloc=/home/l2pbkn5l6xav/mail/new/1689001878.M584823P3508955.a2plcpnl0805.prod.iad2.secureserver.net,S=5199,W=5289&path=/home/l2pbkn5l6xav/mail/new HTTP/2.0" 429 267 "-" "Mozilla/5.0 (Macintosh; Intel Mac OS X 10_15_7) AppleWebKit/537.36 (KHTML, like Gecko) Chrome/145.0.0.0 Safari/537.36 (compatible; meta-externalagent/1.1 (+https://developers.facebook.com/docs/sharing/webmasters/crawler))" 10 **0/10469**
74.7.243.247 - - [05/Aug/2026:01:28:44 -0700] "GET /?path=//proc/719607/cwd/usr/lib/locale/en_PH.utf8 HTTP/2.0" 200 2589 "https://focbs.com/?path=//proc/719607/cwd/usr/lib/locale" "Mozilla/5.0 AppleWebKit/537.36 (KHTML, like Gecko; compatible; GPTBot/1.4; +https://openai.com/gptbot)" 108 **0/108572**
74.7.243.247 - - [05/Aug/2026:01:28:44 -0700] "GET /?path=//proc/719607/cwd/usr/lib/locale/en_ZA.utf8 HTTP/2.0" 200 2589 "https://focbs.com/?path=//proc/719607/cwd/usr/lib/locale" "Mozilla/5.0 AppleWebKit/537.36 (KHTML, like Gecko; compatible; GPTBot/1.4; +https://openai.com/gptbot)" 138 **0/138077**
57.141.18.94 - - [05/Aug/2026:01:28:44 -0700] "GET /2026/07/19/utmaningar-for-casino-utan-svensk-licens-med-10-euro-insattningar-en-vaxande-oro/?fileloc=/home/l2pbkn5l6xav/mail/new/1663522092.M627201P3023195.a2plcpnl0805.prod.iad2.secureserver.net,S=5262,W=5350&path=/home/l2pbkn5l6xav/mail/new HTTP/2.0" 429 267 "-" "Mozilla/5.0 (Windows NT 10.0; Win64; x64) AppleWebKit/537.36 (KHTML, like Gecko) Chrome/145.0.0.0 Safari/537.36 (compatible; meta-externalagent/1.1 (+https://developers.facebook.com/docs/sharing/webmasters/crawler))" 26 **0/26439**
74.7.243.247 - - [05/Aug/2026:01:28:45 -0700] "GET /?path=//proc/719607/cwd/usr/lib/locale/en_GB.utf8 HTTP/2.0" 200 2590 "https://focbs.com/?path=//proc/719607/cwd/usr/lib/locale" "Mozilla/5.0 AppleWebKit/537.36 (KHTML, like Gecko; compatible; GPTBot/1.4; +https://openai.com/gptbot)" 138 **0/138284**
74.7.243.247 - - [05/Aug/2026:01:28:45 -0700] "GET /?path=//proc/719607/cwd/usr/lib/locale/en_IE.utf8 HTTP/2.0" 200 2589 "https://focbs.com/?path=//proc/719607/cwd/usr/lib/locale" "Mozilla/5.0 AppleWebKit/537.36 (KHTML, like Gecko; compatible; GPTBot/1.4; +https://openai.com/gptbot)" 133 **0/133910**
216.73.216.114 - - [05/Aug/2026:01:28:45 -0700] "GET /?fileloc=%2F%2Flib%2Ffirmware%2Fcirrus%2Fcs35l54-b0-dsp1-misc-103c8e1a.wmfw&path=%2F%2Flib%2Ffirmware%2Fcirrus HTTP/2.0" 200 2517 "-" "Mozilla/5.0 AppleWebKit/537.36 (KHTML, like Gecko; compatible; ClaudeBot/1.0; +claudebot@anthropic.com)" 123 **0/123244**
74.7.243.247 - - [05/Aug/2026:01:28:46 -0700] "GET /?path=//proc/719607/cwd/usr/lib/locale/en_HK.utf8 HTTP/2.0" 200 2589 "https://focbs.com/?path=//proc/719607/cwd/usr/lib/locale" "Mozilla/5.0 AppleWebKit/537.36 (KHTML, like Gecko; compatible; GPTBot/1.4; +https://openai.com/gptbot)" 106 **0/106978**
74.7.243.247 - - [05/Aug/2026:01:28:46 -0700] "GET /?path=//proc/719607/cwd/usr/lib/locale/en_ZW.utf8 HTTP/2.0" 200 2589 "https://focbs.com/?path=//proc/719607/cwd/usr/lib/locale" "Mozilla/5.0 AppleWebKit/537.36 (KHTML, like Gecko; compatible; GPTBot/1.4; +https://openai.com/gptbot)" 135 **0/135088**
74.7.243.247 - - [05/Aug/2026:01:28:47 -0700] "GET /?path=//proc/719607/cwd/usr/lib/locale/en_NZ.utf8 HTTP/2.0" 200 2589 "https://focbs.com/?path=//proc/719607/cwd/usr/lib/locale" "Mozilla/5.0 AppleWebKit/537.36 (KHTML, like Gecko; compatible; GPTBot/1.4; +https://openai.com/gptbot)" 105 **0/105766**
74.7.243.247 - - [05/Aug/2026:01:28:47 -0700] "GET /?path=//proc/719607/cwd/usr/lib/locale/en_CA.utf8 HTTP/2.0" 200 2589 "https://focbs.com/?path=//proc/719607/cwd/usr/lib/locale" "Mozilla/5.0 AppleWebKit/537.36 (KHTML, like Gecko; compatible; GPTBot/1.4; +https://openai.com/gptbot)" 106 **0/106033**
74.7.243.247 - - [05/Aug/2026:01:28:48 -0700] "GET /?path=//proc/719607/cwd/usr/lib/locale/en_SC.utf8 HTTP/2.0" 200 2589 "https://focbs.com/?path=//proc/719607/cwd/usr/lib/locale" "Mozilla/5.0 AppleWebKit/537.36 (KHTML, like Gecko; compatible; GPTBot/1.4; +https://openai.com/gptbot)" 109 **0/109797**
74.7.243.247 - - [05/Aug/2026:01:28:48 -0700] "GET /?path=//proc/719607/cwd/usr/lib/locale/en_DK.utf8 HTTP/2.0" 429 267 "https://focbs.com/?path=//proc/719607/cwd/usr/lib/locale" "Mozilla/5.0 AppleWebKit/537.36 (KHTML, like Gecko; compatible; GPTBot/1.4; +https://openai.com/gptbot)" 11 **0/11495**
66.249.72.227 - - [05/Aug/2026:01:28:48 -0700] "GET /men-clothing HTTP/1.1" 200 18690 "-" "Mozilla/5.0 (Linux; Android 6.0.1; Nexus 5X Build/MMB29P) AppleWebKit/537.36 (KHTML, like Gecko) Chrome/150.0.7871.186 Mobile Safari/537.36 (compatible; Googlebot/2.1; +http://www.google.com/bot.html)" 333 **0/333743**
74.7.243.247 - - [05/Aug/2026:01:28:49 -0700] "GET /?path=//proc/719607/cwd/usr/lib/locale/en_US.utf8 HTTP/2.0" 429 267 "https://focbs.com/?path=//proc/719607/cwd/usr/lib/locale" "Mozilla/5.0 AppleWebKit/537.36 (KHTML, like Gecko; compatible; GPTBot/1.4; +https://openai.com/gptbot)" 13 **0/13095**
74.7.243.247 - - [05/Aug/2026:01:28:50 -0700] "GET /?path=//proc/719607/cwd/lib/firmware/ath6k HTTP/2.0" 429 267 "https://focbs.com/?path=//proc/719607/cwd/lib/firmware" "Mozilla/5.0 AppleWebKit/537.36 (KHTML, like Gecko; compatible; GPTBot/1.4; +https://openai.com/gptbot)" 11 **0/11303**
216.73.216.114 - - [05/Aug/2026:01:28:50 -0700] "GET /?fileloc=%2F%2Fusr%2Flib%2Ffirmware%2Fcirrus%2Fcs35l57-b2-dsp1-misc-17aa3821-spkid0-ampl.bin&path=%2F%2Fusr%2Flib%2Ffirmware%2Fcirrus HTTP/2.0" 200 2533 "-" "Mozilla/5.0 AppleWebKit/537.36 (KHTML, like Gecko; compatible; ClaudeBot/1.0; +claudebot@anthropic.com)" 123 **0/123982**
