66.249.72.227 - - [05/Aug/2026:02:09:36 -0700] "GET /?productSearch/pictureSearch?id=13235798871100 HTTP/1.1" 200 19604 "-" "Mozilla/5.0 (Linux; Android 6.0.1; Nexus 5X Build/MMB29P) AppleWebKit/537.36 (KHTML, like Gecko) Chrome/151.0.7922.71 Mobile Safari/537.36 (compatible; Googlebot/2.1; +http://www.google.com/bot.html)" 401 **0/401268**
66.249.72.227 - - [05/Aug/2026:02:09:36 -0700] "GET /?shop/sold?id=top63798272071100 HTTP/1.1" 200 18356 "-" "Mozilla/5.0 (Linux; Android 6.0.1; Nexus 5X Build/MMB29P) AppleWebKit/537.36 (KHTML, like Gecko) Chrome/151.0.7922.71 Mobile Safari/537.36 (compatible; Googlebot/2.1; +http://www.google.com/bot.html)" 303 **0/303582**
66.249.72.227 - - [05/Aug/2026:02:09:37 -0700] "GET /?p=36305462071100 HTTP/1.1" 200 17708 "-" "Mozilla/5.0 (Linux; Android 6.0.1; Nexus 5X Build/MMB29P) AppleWebKit/537.36 (KHTML, like Gecko) Chrome/151.0.7922.71 Mobile Safari/537.36 (compatible; Googlebot/2.1; +http://www.google.com/bot.html)" 315 **0/315302**
66.249.72.227 - - [05/Aug/2026:02:09:37 -0700] "GET /?p=21486477471100 HTTP/1.1" 200 18456 "-" "Mozilla/5.0 (Linux; Android 6.0.1; Nexus 5X Build/MMB29P) AppleWebKit/537.36 (KHTML, like Gecko) Chrome/151.0.7922.71 Mobile Safari/537.36 (compatible; Googlebot/2.1; +http://www.google.com/bot.html)" 330 **0/330946**
66.249.72.228 - - [05/Aug/2026:02:09:38 -0700] "GET /?product/category/view_more/30419368071100 HTTP/1.1" 200 19065 "-" "Mozilla/5.0 (Linux; Android 6.0.1; Nexus 5X Build/MMB29P) AppleWebKit/537.36 (KHTML, like Gecko) Chrome/151.0.7922.71 Mobile Safari/537.36 (compatible; Googlebot/2.1; +http://www.google.com/bot.html)" 325 **0/325598**
66.249.72.227 - - [05/Aug/2026:02:09:38 -0700] "GET /?productSearch/pictureSearch?id=58229737471100 HTTP/1.1" 200 19727 "-" "Mozilla/5.0 (Linux; Android 6.0.1; Nexus 5X Build/MMB29P) AppleWebKit/537.36 (KHTML, like Gecko) Chrome/151.0.7922.71 Mobile Safari/537.36 (compatible; Googlebot/2.1; +http://www.google.com/bot.html)" 332 **0/332653**
66.249.72.227 - - [05/Aug/2026:02:09:39 -0700] "GET /?p=8674986471100 HTTP/1.1" 200 19292 "-" "Mozilla/5.0 (Linux; Android 6.0.1; Nexus 5X Build/MMB29P) AppleWebKit/537.36 (KHTML, like Gecko) Chrome/151.0.7922.71 Mobile Safari/537.36 (compatible; Googlebot/2.1; +http://www.google.com/bot.html)" 371 **0/371572**
57.141.18.37 - - [05/Aug/2026:02:09:39 -0700] "GET /2026/07/19/jak-aktywowac-voucher-free-spins-w-mostbet-dla-doswiadczonych-graczy/?fileloc=//lib64/libgdbm_compat.so.4.0.0&path=//lib64 HTTP/2.0" 429 267 "-" "Mozilla/5.0 (Windows NT 10.0; Win64; x64) AppleWebKit/537.36 (KHTML, like Gecko) Chrome/145.0.0.0 Safari/537.36 (compatible; meta-externalagent/1.1 (+https://developers.facebook.com/docs/sharing/webmasters/crawler))" 10 **0/10060**
66.249.72.228 - - [05/Aug/2026:02:09:39 -0700] "GET /?p=30238084271100 HTTP/1.1" 200 19526 "-" "Mozilla/5.0 (Linux; Android 6.0.1; Nexus 5X Build/MMB29P) AppleWebKit/537.36 (KHTML, like Gecko) Chrome/151.0.7922.71 Mobile Safari/537.36 (compatible; Googlebot/2.1; +http://www.google.com/bot.html)" 349 **0/349184**
74.7.243.247 - - [05/Aug/2026:02:09:40 -0700] "GET /?path=//proc/719607/root/proc/self/root/lib/systemd/system/kexec.target.wants HTTP/2.0" 200 2611 "https://focbs.com/?path=//proc/719607/root/proc/self/root/lib/systemd/system" "Mozilla/5.0 AppleWebKit/537.36 (KHTML, like Gecko; compatible; GPTBot/1.4; +https://openai.com/gptbot)" 116 **0/116304**
66.249.72.228 - - [05/Aug/2026:02:09:40 -0700] "GET /?p=66665981071100 HTTP/1.1" 200 18194 "-" "Mozilla/5.0 (Linux; Android 6.0.1; Nexus 5X Build/MMB29P) AppleWebKit/537.36 (KHTML, like Gecko) Chrome/151.0.7922.71 Mobile Safari/537.36 (compatible; Googlebot/2.1; +http://www.google.com/bot.html)" 303 **0/303869**
66.249.72.227 - - [05/Aug/2026:02:09:40 -0700] "GET /?p=65688727671100 HTTP/1.1" 200 18332 "-" "Mozilla/5.0 (Linux; Android 6.0.1; Nexus 5X Build/MMB29P) AppleWebKit/537.36 (KHTML, like Gecko) Chrome/150.0.7871.186 Mobile Safari/537.36 (compatible; Googlebot/2.1; +http://www.google.com/bot.html)" 309 **0/309272**
216.73.216.114 - - [05/Aug/2026:02:09:40 -0700] "GET /?fileloc=%2F%2Flib%2Flocale%2FC.utf8%2FLC_CTYPE&path=%2F%2Flib%2Flocale%2FC.utf8 HTTP/2.0" 200 2497 "-" "Mozilla/5.0 AppleWebKit/537.36 (KHTML, like Gecko; compatible; ClaudeBot/1.0; +claudebot@anthropic.com)" 108 **0/108649**
66.249.72.228 - - [05/Aug/2026:02:09:40 -0700] "GET /?p=44183120271100 HTTP/1.1" 200 18946 "-" "Mozilla/5.0 (Linux; Android 6.0.1; Nexus 5X Build/MMB29P) AppleWebKit/537.36 (KHTML, like Gecko) Chrome/151.0.7922.71 Mobile Safari/537.36 (compatible; Googlebot/2.1; +http://www.google.com/bot.html)" 345 **0/345415**
57.141.18.124 - - [05/Aug/2026:02:09:41 -0700] "GET /2026/07/18/exploring-the-appeal-of-mostbet-oferuje-bogaty-wybor-gier-in-2023/?fileloc=//lib64/libsgutils2.so.2&path=//lib64 HTTP/2.0" 429 267 "-" "Mozilla/5.0 (Windows NT 10.0; Win64; x64) AppleWebKit/537.36 (KHTML, like Gecko) Chrome/145.0.0.0 Safari/537.36 (compatible; meta-externalagent/1.1 (+https://developers.facebook.com/docs/sharing/webmasters/crawler))" 16 **0/16589**
66.249.72.228 - - [05/Aug/2026:02:09:41 -0700] "GET /?product/review/20507973071100 HTTP/1.1" 200 18066 "-" "Mozilla/5.0 (Linux; Android 6.0.1; Nexus 5X Build/MMB29P) AppleWebKit/537.36 (KHTML, like Gecko) Chrome/151.0.7922.71 Mobile Safari/537.36 (compatible; Googlebot/2.1; +http://www.google.com/bot.html)" 333 **0/333135**
66.249.72.227 - - [05/Aug/2026:02:09:41 -0700] "GET /?shop/sold?id=top65424377471100 HTTP/1.1" 200 18460 "-" "Mozilla/5.0 (compatible; Googlebot/2.1; +http://www.google.com/bot.html)" 320 **0/320600**
66.249.72.228 - - [05/Aug/2026:02:09:41 -0700] "GET /?p=42631880271100 HTTP/1.1" 200 18057 "-" "Mozilla/5.0 (Linux; Android 6.0.1; Nexus 5X Build/MMB29P) AppleWebKit/537.36 (KHTML, like Gecko) Chrome/151.0.7922.71 Mobile Safari/537.36 (compatible; Googlebot/2.1; +http://www.google.com/bot.html)" 297 **0/297702**
66.249.72.227 - - [05/Aug/2026:02:09:42 -0700] "GET /?product/review/58880396471100 HTTP/1.1" 200 18280 "-" "Mozilla/5.0 (Linux; Android 6.0.1; Nexus 5X Build/MMB29P) AppleWebKit/537.36 (KHTML, like Gecko) Chrome/151.0.7922.71 Mobile Safari/537.36 (compatible; Googlebot/2.1; +http://www.google.com/bot.html)" 347 **0/347679**
57.141.18.34 - - [05/Aug/2026:02:09:42 -0700] "GET /2026/07/18/wie-fange-ich-an-bei-sportwetten-ohne-oasis-fur-maximale-gewinne/?fileloc=/home/l2pbkn5l6xav/mail/new/1777721145.M120679P853552.p3plzcpnl504740.prod.phx3.secureserver.net,S=6487,W=6591&path=/home/l2pbkn5l6xav/mail/new HTTP/2.0" 429 267 "-" "Mozilla/5.0 (Macintosh; Intel Mac OS X 10_15_7) AppleWebKit/537.36 (KHTML, like Gecko) Chrome/145.0.0.0 Safari/537.36 (compatible; meta-externalagent/1.1 (+https://developers.facebook.com/docs/sharing/webmasters/crawler))" 9 **0/9784**
66.249.72.228 - - [05/Aug/2026:02:09:42 -0700] "GET /?p=27509041671100 HTTP/1.1" 200 19171 "-" "Mozilla/5.0 (Linux; Android 6.0.1; Nexus 5X Build/MMB29P) AppleWebKit/537.36 (KHTML, like Gecko) Chrome/151.0.7922.71 Mobile Safari/537.36 (compatible; Googlebot/2.1; +http://www.google.com/bot.html)" 365 **0/365672**
66.249.72.227 - - [05/Aug/2026:02:09:43 -0700] "GET /?product/category/view_more/25681692071100 HTTP/1.1" 200 18236 "-" "Mozilla/5.0 (Linux; Android 6.0.1; Nexus 5X Build/MMB29P) AppleWebKit/537.36 (KHTML, like Gecko) Chrome/151.0.7922.71 Mobile Safari/537.36 (compatible; Googlebot/2.1; +http://www.google.com/bot.html)" 327 **0/327333**
74.7.243.247 - - [05/Aug/2026:02:09:44 -0700] "GET /?path=//proc/719607/cwd/opt/alt/libgd/lib64 HTTP/2.0" 200 2582 "https://focbs.com/?path=//proc/719607/cwd/opt/alt/libgd" "Mozilla/5.0 AppleWebKit/537.36 (KHTML, like Gecko; compatible; GPTBot/1.4; +https://openai.com/gptbot)" 112 **0/112996**
66.249.72.228 - - [05/Aug/2026:02:09:44 -0700] "GET /?p=13967439271100 HTTP/1.1" 200 18373 "-" "Mozilla/5.0 (Linux; Android 6.0.1; Nexus 5X Build/MMB29P) AppleWebKit/537.36 (KHTML, like Gecko) Chrome/151.0.7922.71 Mobile Safari/537.36 (compatible; Googlebot/2.1; +http://www.google.com/bot.html)" 314 **0/314186**
66.249.72.227 - - [05/Aug/2026:02:09:44 -0700] "GET /?product/category/view_more/69256551871100 HTTP/1.1" 200 18291 "-" "Mozilla/5.0 (Linux; Android 6.0.1; Nexus 5X Build/MMB29P) AppleWebKit/537.36 (KHTML, like Gecko) Chrome/151.0.7922.71 Mobile Safari/537.36 (compatible; Googlebot/2.1; +http://www.google.com/bot.html)" 306 **0/306983**
66.249.72.227 - - [05/Aug/2026:02:09:45 -0700] "GET /?p=31118704871100 HTTP/1.1" 200 20211 "-" "Mozilla/5.0 (Linux; Android 6.0.1; Nexus 5X Build/MMB29P) AppleWebKit/537.36 (KHTML, like Gecko) Chrome/151.0.7922.71 Mobile Safari/537.36 (compatible; Googlebot/2.1; +http://www.google.com/bot.html)" 328 **0/328890**
216.73.216.114 - - [05/Aug/2026:02:09:45 -0700] "GET /?fileloc=%2F%2Fusr%2Fshare%2Fman%2Fman1%2Fwatch.1.gz&path=%2F%2Fusr%2Fshare%2Fman%2Fman1 HTTP/2.0" 200 2502 "-" "Mozilla/5.0 AppleWebKit/537.36 (KHTML, like Gecko; compatible; ClaudeBot/1.0; +claudebot@anthropic.com)" 115 **0/115197**
74.7.243.247 - - [05/Aug/2026:02:09:47 -0700] "GET /?path=//proc/719607/root/proc/self/root/usr/lib64 HTTP/2.0" 200 2585 "https://focbs.com/?path=//proc/719607/root/proc/self/root/usr" "Mozilla/5.0 AppleWebKit/537.36 (KHTML, like Gecko; compatible; GPTBot/1.4; +https://openai.com/gptbot)" 112 **0/112625**
57.141.18.118 - - [05/Aug/2026:02:09:50 -0700] "GET /2026/07/18/wie-fange-ich-an-bei-sportwetten-ohne-oasis-fur-maximale-gewinne/?fileloc=/home/l2pbkn5l6xav/mail/new/1663609309.M179681P597016.a2plcpnl0805.prod.iad2.secureserver.net,S=5160,W=5248&path=/home/l2pbkn5l6xav/mail/new HTTP/2.0" 429 267 "-" "Mozilla/5.0 (Macintosh; Intel Mac OS X 10_15_7) AppleWebKit/537.36 (KHTML, like Gecko) Chrome/145.0.0.0 Safari/537.36 (compatible; meta-externalagent/1.1 (+https://developers.facebook.com/docs/sharing/webmasters/crawler))" 16 **0/16695**
216.73.216.114 - - [05/Aug/2026:02:09:50 -0700] "GET /?fileloc=%2F%2Fusr%2Fshare%2Fman%2Fman3%2FEVP_aria_128_ctr.3ssl.gz&path=%2F%2Fusr%2Fshare%2Fman%2Fman3 HTTP/2.0" 200 2515 "-" "Mozilla/5.0 AppleWebKit/537.36 (KHTML, like Gecko; compatible; ClaudeBot/1.0; +claudebot@anthropic.com)" 122 **0/122243**
74.7.243.247 - - [05/Aug/2026:02:09:51 -0700] "GET /?path=//proc/719607/root/proc/self/root/lib/firmware/nvidia/tegra194 HTTP/2.0" 200 2612 "https://focbs.com/?path=//proc/719607/root/proc/self/root/lib/firmware/nvidia" "Mozilla/5.0 AppleWebKit/537.36 (KHTML, like Gecko; compatible; GPTBot/1.4; +https://openai.com/gptbot)" 107 **0/107228**
57.141.18.5 - - [05/Aug/2026:02:09:52 -0700] "GET /2026/07/18/wie-fange-ich-an-bei-sportwetten-ohne-oasis-fur-maximale-gewinne/?fileloc=/home/l2pbkn5l6xav/mail/new/1714008825.M858558P944394.a2plcpnl0805.prod.iad2.secureserver.net,S=5831,W=5937&path=/home/l2pbkn5l6xav/mail/new HTTP/2.0" 429 267 "-" "Mozilla/5.0 (Windows NT 10.0; Win64; x64) AppleWebKit/537.36 (KHTML, like Gecko) Chrome/145.0.0.0 Safari/537.36 (compatible; meta-externalagent/1.1 (+https://developers.facebook.com/docs/sharing/webmasters/crawler))" 9 **0/9291**
57.141.18.12 - - [05/Aug/2026:02:09:53 -0700] "GET /2026/07/18/wie-fange-ich-an-bei-sportwetten-ohne-oasis-fur-maximale-gewinne/?fileloc=/home/l2pbkn5l6xav/mail/new/1691286033.M677910P1971342.a2plcpnl0805.prod.iad2.secureserver.net,S=5130,W=5220&path=/home/l2pbkn5l6xav/mail/new HTTP/2.0" 429 267 "-" "Mozilla/5.0 (Windows NT 10.0; Win64; x64) AppleWebKit/537.36 (KHTML, like Gecko) Chrome/145.0.0.0 Safari/537.36 (compatible; meta-externalagent/1.1 (+https://developers.facebook.com/docs/sharing/webmasters/crawler))" 11 **0/11588**
74.7.243.247 - - [05/Aug/2026:02:09:54 -0700] "GET /?path=//proc/719607/root/proc/self/root/lib/firmware/nvidia/tegra186 HTTP/2.0" 200 2613 "https://focbs.com/?path=//proc/719607/root/proc/self/root/lib/firmware/nvidia" "Mozilla/5.0 AppleWebKit/537.36 (KHTML, like Gecko; compatible; GPTBot/1.4; +https://openai.com/gptbot)" 109 **0/109982**
216.73.216.114 - - [05/Aug/2026:02:09:55 -0700] "GET /?fileloc=%2Fhome%2Fl2pbkn5l6xav%2Fpublic_html%2Fwp-includes%2Fcss%2Fwp-embed-template-ie.css&path=%2Fhome%2Fl2pbkn5l6xav%2Fpublic_html%2Fwp-includes%2Fcss HTTP/2.0" 200 3315 "-" "Mozilla/5.0 AppleWebKit/537.36 (KHTML, like Gecko; compatible; ClaudeBot/1.0; +claudebot@anthropic.com)" 110 **0/110629**
74.7.243.247 - - [05/Aug/2026:02:09:56 -0700] "GET /?path=//proc/719607/root/proc/self/root/lib/firmware/nvidia/tegra210 HTTP/2.0" 200 2612 "https://focbs.com/?path=//proc/719607/root/proc/self/root/lib/firmware/nvidia" "Mozilla/5.0 AppleWebKit/537.36 (KHTML, like Gecko; compatible; GPTBot/1.4; +https://openai.com/gptbot)" 104 **0/104632**
74.7.243.247 - - [05/Aug/2026:02:09:59 -0700] "GET /?fileloc=//proc/719607/root/proc/self/root/usr/libexec/git-core/git-show-ref&path=//proc/719607/root/proc/self/root/usr/libexec/git-core HTTP/2.0" 200 2552 "https://focbs.com/?path=//proc/719607/root/proc/self/root/usr/libexec/git-core" "Mozilla/5.0 AppleWebKit/537.36 (KHTML, like Gecko; compatible; GPTBot/1.4; +https://openai.com/gptbot)" 112 **0/112248**
216.73.216.114 - - [05/Aug/2026:02:10:00 -0700] "GET /?fileloc=%2F%2Fusr%2Flib%2Fudev%2Frules.d%2F61-scsi-sg3_id.rules&path=%2F%2Fusr%2Flib%2Fudev%2Frules.d HTTP/2.0" 200 3561 "-" "Mozilla/5.0 AppleWebKit/537.36 (KHTML, like Gecko; compatible; ClaudeBot/1.0; +claudebot@anthropic.com)" 109 **0/109392**
74.7.243.247 - - [05/Aug/2026:02:10:01 -0700] "GET /?path=//proc/719607/root/proc/self/root/lib/dracut/modules.d/95fcoe HTTP/2.0" 200 2611 "https://focbs.com/?path=//proc/719607/root/proc/self/root/lib/dracut/modules.d" "Mozilla/5.0 AppleWebKit/537.36 (KHTML, like Gecko; compatible; GPTBot/1.4; +https://openai.com/gptbot)" 153 **0/153682**
74.7.243.247 - - [05/Aug/2026:02:10:03 -0700] "GET /?path=//proc/719607/root/proc/self/root/lib/dracut/modules.d/90btrfs HTTP/2.0" 200 2612 "https://focbs.com/?path=//proc/719607/root/proc/self/root/lib/dracut/modules.d" "Mozilla/5.0 AppleWebKit/537.36 (KHTML, like Gecko; compatible; GPTBot/1.4; +https://openai.com/gptbot)" 160 **0/160698**
57.141.18.3 - - [05/Aug/2026:02:10:05 -0700] "GET /2026/07/18/wie-fange-ich-an-bei-sportwetten-ohne-oasis-fur-maximale-gewinne/?fileloc=/home/l2pbkn5l6xav/mail/new/1744525399.M804893P612037.p3plzcpnl504740.prod.phx3.secureserver.net,S=5265,W=5358&path=/home/l2pbkn5l6xav/mail/new HTTP/2.0" 429 267 "-" "Mozilla/5.0 (Macintosh; Intel Mac OS X 10_15_7) AppleWebKit/537.36 (KHTML, like Gecko) Chrome/145.0.0.0 Safari/537.36 (compatible; meta-externalagent/1.1 (+https://developers.facebook.com/docs/sharing/webmasters/crawler))" 29 **0/29994**
74.7.243.247 - - [05/Aug/2026:02:10:05 -0700] "GET /?path=//proc/719607/root/proc/self/root/lib/dracut/modules.d/50drm HTTP/2.0" 200 2611 "https://focbs.com/?path=//proc/719607/root/proc/self/root/lib/dracut/modules.d" "Mozilla/5.0 AppleWebKit/537.36 (KHTML, like Gecko; compatible; GPTBot/1.4; +https://openai.com/gptbot)" 164 **0/164155**
216.73.216.114 - - [05/Aug/2026:02:10:05 -0700] "GET /?fileloc=%2Fhome%2Fl2pbkn5l6xav%2Fpublic_html%2Fwp-admin%2Fcss%2Flogin-rtl.css&path=%2Fhome%2Fl2pbkn5l6xav%2Fpublic_html%2Fwp-admin%2Fcss HTTP/2.0" 200 4810 "-" "Mozilla/5.0 AppleWebKit/537.36 (KHTML, like Gecko; compatible; ClaudeBot/1.0; +claudebot@anthropic.com)" 114 **0/114539**
74.7.243.247 - - [05/Aug/2026:02:10:06 -0700] "GET /?path=//proc/719607/root/proc/self/root/lib/dracut/modules.d/01fips HTTP/2.0" 200 2612 "https://focbs.com/?path=//proc/719607/root/proc/self/root/lib/dracut/modules.d" "Mozilla/5.0 AppleWebKit/537.36 (KHTML, like Gecko; compatible; GPTBot/1.4; +https://openai.com/gptbot)" 132 **0/132324**
57.141.18.83 - - [05/Aug/2026:02:10:06 -0700] "GET /2026/07/18/wie-fange-ich-an-bei-sportwetten-ohne-oasis-fur-maximale-gewinne/?fileloc=/home/l2pbkn5l6xav/mail/new/1662697219.M860575P2211389.a2plcpnl0805.prod.iad2.secureserver.net,S=5567,W=5655&path=/home/l2pbkn5l6xav/mail/new HTTP/2.0" 429 267 "-" "Mozilla/5.0 (Macintosh; Intel Mac OS X 10_15_7) AppleWebKit/537.36 (KHTML, like Gecko) Chrome/145.0.0.0 Safari/537.36 (compatible; meta-externalagent/1.1 (+https://developers.facebook.com/docs/sharing/webmasters/crawler))" 14 **0/14313**
74.7.243.247 - - [05/Aug/2026:02:10:07 -0700] "GET /?path=//proc/719607/root/proc/self/root/opt/cpanel/ea-brotli/lib64 HTTP/2.0" 200 2611 "https://focbs.com/?path=//proc/719607/root/proc/self/root/opt/cpanel/ea-brotli" "Mozilla/5.0 AppleWebKit/537.36 (KHTML, like Gecko; compatible; GPTBot/1.4; +https://openai.com/gptbot)" 122 **0/122120**
57.141.18.101 - - [05/Aug/2026:02:10:08 -0700] "GET /2026/07/18/wie-fange-ich-an-bei-sportwetten-ohne-oasis-fur-maximale-gewinne/?fileloc=/home/l2pbkn5l6xav/mail/new/1732556515.M146370P2835445.p3plzcpnl504740.prod.phx3.secureserver.net,S=5136,W=5229&path=/home/l2pbkn5l6xav/mail/new HTTP/2.0" 429 267 "-" "Mozilla/5.0 (Windows NT 10.0; Win64; x64) AppleWebKit/537.36 (KHTML, like Gecko) Chrome/145.0.0.0 Safari/537.36 (compatible; meta-externalagent/1.1 (+https://developers.facebook.com/docs/sharing/webmasters/crawler))" 15 **0/15153**
66.249.72.228 - - [05/Aug/2026:02:10:08 -0700] "GET /?shop/sold?id=top3526843471100 HTTP/1.1" 200 19846 "-" "Mozilla/5.0 (Linux; Android 6.0.1; Nexus 5X Build/MMB29P) AppleWebKit/537.36 (KHTML, like Gecko) Chrome/150.0.7871.186 Mobile Safari/537.36 (compatible; Googlebot/2.1; +http://www.google.com/bot.html)" 342 **0/342423**
74.7.243.247 - - [05/Aug/2026:02:10:09 -0700] "GET /?path=//proc/719607/root/proc/self/root/lib/dracut/modules.d/99base HTTP/2.0" 200 2611 "https://focbs.com/?path=//proc/719607/root/proc/self/root/lib/dracut/modules.d" "Mozilla/5.0 AppleWebKit/537.36 (KHTML, like Gecko; compatible; GPTBot/1.4; +https://openai.com/gptbot)" 120 **0/120845**
57.141.18.33 - - [05/Aug/2026:02:10:10 -0700] "GET /2026/07/18/wie-fange-ich-an-bei-sportwetten-ohne-oasis-fur-maximale-gewinne/?fileloc=/home/l2pbkn5l6xav/mail/new/1701596309.M472574P2021438.a2plcpnl0805.prod.iad2.secureserver.net,S=5445,W=5539&path=/home/l2pbkn5l6xav/mail/new HTTP/2.0" 429 267 "-" "Mozilla/5.0 (Windows NT 10.0; Win64; x64) AppleWebKit/537.36 (KHTML, like Gecko) Chrome/145.0.0.0 Safari/537.36 (compatible; meta-externalagent/1.1 (+https://developers.facebook.com/docs/sharing/webmasters/crawler))" 18 **0/18580**
74.7.243.247 - - [05/Aug/2026:02:10:10 -0700] "GET /?path=//proc/719607/root/proc/self/root/lib/dracut/modules.d/00bash HTTP/2.0" 200 2612 "https://focbs.com/?path=//proc/719607/root/proc/self/root/lib/dracut/modules.d" "Mozilla/5.0 AppleWebKit/537.36 (KHTML, like Gecko; compatible; GPTBot/1.4; +https://openai.com/gptbot)" 127 **0/127735**
216.73.216.114 - - [05/Aug/2026:02:10:10 -0700] "GET /?fileloc=%2F%2Fusr%2Fshare%2Fman%2Fman3%2FEVP_CIPHER_CTX_reset.3ssl.gz&path=%2F%2Fusr%2Fshare%2Fman%2Fman3 HTTP/2.0" 200 2522 "-" "Mozilla/5.0 AppleWebKit/537.36 (KHTML, like Gecko; compatible; ClaudeBot/1.0; +claudebot@anthropic.com)" 135 **0/135972**
74.7.243.247 - - [05/Aug/2026:02:10:11 -0700] "GET /?path=//proc/719607/root/proc/self/root/lib/dracut/modules.d/90crypt HTTP/2.0" 200 2612 "https://focbs.com/?path=//proc/719607/root/proc/self/root/lib/dracut/modules.d" "Mozilla/5.0 AppleWebKit/537.36 (KHTML, like Gecko; compatible; GPTBot/1.4; +https://openai.com/gptbot)" 137 **0/137441**
57.141.18.88 - - [05/Aug/2026:02:10:12 -0700] "GET /2026/07/19/jak-aktywowac-voucher-free-spins-w-mostbet-dla-doswiadczonych-graczy/?fileloc=//lib64/libext2fs.so&path=//lib64 HTTP/2.0" 429 267 "-" "Mozilla/5.0 (Macintosh; Intel Mac OS X 10_15_7) AppleWebKit/537.36 (KHTML, like Gecko) Chrome/145.0.0.0 Safari/537.36 (compatible; meta-externalagent/1.1 (+https://developers.facebook.com/docs/sharing/webmasters/crawler))" 25 **0/25671**
74.7.243.247 - - [05/Aug/2026:02:10:12 -0700] "GET /?fileloc=//proc/irq/7/smp_affinity&path=//proc/irq/7 HTTP/2.0" 200 2498 "https://focbs.com/?path=//proc/irq/7" "Mozilla/5.0 AppleWebKit/537.36 (KHTML, like Gecko; compatible; GPTBot/1.4; +https://openai.com/gptbot)" 140 **0/140947**
74.7.243.247 - - [05/Aug/2026:02:10:13 -0700] "GET /?fileloc=//proc/irq/8/smp_affinity&path=//proc/irq/8 HTTP/2.0" 200 2498 "https://focbs.com/?path=//proc/irq/8" "Mozilla/5.0 AppleWebKit/537.36 (KHTML, like Gecko; compatible; GPTBot/1.4; +https://openai.com/gptbot)" 131 **0/131560**
74.7.243.247 - - [05/Aug/2026:02:10:13 -0700] "GET /?fileloc=//proc/irq/9/smp_affinity&path=//proc/irq/9 HTTP/2.0" 200 2498 "https://focbs.com/?path=//proc/irq/9" "Mozilla/5.0 AppleWebKit/537.36 (KHTML, like Gecko; compatible; GPTBot/1.4; +https://openai.com/gptbot)" 140 **0/140206**
74.7.243.247 - - [05/Aug/2026:02:10:14 -0700] "GET /?fileloc=//proc/irq/0/smp_affinity&path=//proc/irq/0 HTTP/2.0" 200 2498 "https://focbs.com/?path=//proc/irq/0" "Mozilla/5.0 AppleWebKit/537.36 (KHTML, like Gecko; compatible; GPTBot/1.4; +https://openai.com/gptbot)" 115 **0/115816**
57.141.18.61 - - [05/Aug/2026:02:10:14 -0700] "GET /2026/07/18/wie-fange-ich-an-bei-sportwetten-ohne-oasis-fur-maximale-gewinne/?fileloc=/home/l2pbkn5l6xav/mail/new/1662202158.M446383P170227.a2plcpnl0805.prod.iad2.secureserver.net,S=5173,W=5261&path=/home/l2pbkn5l6xav/mail/new HTTP/2.0" 429 267 "-" "Mozilla/5.0 (Windows NT 10.0; Win64; x64) AppleWebKit/537.36 (KHTML, like Gecko) Chrome/145.0.0.0 Safari/537.36 (compatible; meta-externalagent/1.1 (+https://developers.facebook.com/docs/sharing/webmasters/crawler))" 17 **0/17073**
74.7.243.247 - - [05/Aug/2026:02:10:15 -0700] "GET /?fileloc=//proc/irq/4/smp_affinity&path=//proc/irq/4 HTTP/2.0" 200 2499 "https://focbs.com/?path=//proc/irq/4" "Mozilla/5.0 AppleWebKit/537.36 (KHTML, like Gecko; compatible; GPTBot/1.4; +https://openai.com/gptbot)" 136 **0/136846**
74.7.243.247 - - [05/Aug/2026:02:10:15 -0700] "GET /?fileloc=//proc/irq/2/smp_affinity&path=//proc/irq/2 HTTP/2.0" 200 2498 "https://focbs.com/?path=//proc/irq/2" "Mozilla/5.0 AppleWebKit/537.36 (KHTML, like Gecko; compatible; GPTBot/1.4; +https://openai.com/gptbot)" 119 **0/119512**
216.73.216.114 - - [05/Aug/2026:02:10:15 -0700] "GET /?fileloc=%2F%2Fusr%2Fshare%2Fman%2Fman3%2FOTHERNAME_new.3ssl.gz&path=%2F%2Fusr%2Fshare%2Fman%2Fman3 HTTP/2.0" 200 2514 "-" "Mozilla/5.0 AppleWebKit/537.36 (KHTML, like Gecko; compatible; ClaudeBot/1.0; +claudebot@anthropic.com)" 136 **0/136286**
74.7.243.247 - - [05/Aug/2026:02:10:16 -0700] "GET /?fileloc=//proc/irq/3/smp_affinity&path=//proc/irq/3 HTTP/2.0" 200 2499 "https://focbs.com/?path=//proc/irq/3" "Mozilla/5.0 AppleWebKit/537.36 (KHTML, like Gecko; compatible; GPTBot/1.4; +https://openai.com/gptbot)" 110 **0/110628**
74.7.243.247 - - [05/Aug/2026:02:10:16 -0700] "GET /?fileloc=//proc/irq/5/smp_affinity&path=//proc/irq/5 HTTP/2.0" 200 2499 "https://focbs.com/?path=//proc/irq/5" "Mozilla/5.0 AppleWebKit/537.36 (KHTML, like Gecko; compatible; GPTBot/1.4; +https://openai.com/gptbot)" 127 **0/127258**
57.141.18.119 - - [05/Aug/2026:02:10:17 -0700] "GET /2026/07/18/wie-fange-ich-an-bei-sportwetten-ohne-oasis-fur-maximale-gewinne/?fileloc=//usr/lib64/liblve.so.0&path=//usr/lib64 HTTP/2.0" 429 267 "-" "Mozilla/5.0 (Windows NT 10.0; Win64; x64) AppleWebKit/537.36 (KHTML, like Gecko) Chrome/145.0.0.0 Safari/537.36 (compatible; meta-externalagent/1.1 (+https://developers.facebook.com/docs/sharing/webmasters/crawler))" 16 **0/16156**
74.7.243.247 - - [05/Aug/2026:02:10:17 -0700] "GET /?fileloc=//proc/irq/6/smp_affinity&path=//proc/irq/6 HTTP/2.0" 200 2499 "https://focbs.com/?path=//proc/irq/6" "Mozilla/5.0 AppleWebKit/537.36 (KHTML, like Gecko; compatible; GPTBot/1.4; +https://openai.com/gptbot)" 121 **0/121014**
74.7.243.247 - - [05/Aug/2026:02:10:17 -0700] "GET /?path=//proc/719607/cwd/lib/.build-id/76 HTTP/2.0" 200 2573 "https://focbs.com/?path=//proc/719607/cwd/lib/.build-id" "Mozilla/5.0 AppleWebKit/537.36 (KHTML, like Gecko; compatible; GPTBot/1.4; +https://openai.com/gptbot)" 111 **0/111731**
74.7.243.247 - - [05/Aug/2026:02:10:18 -0700] "GET /?path=//proc/719607/cwd/lib/.build-id/66 HTTP/2.0" 200 2575 "https://focbs.com/?path=//proc/719607/cwd/lib/.build-id" "Mozilla/5.0 AppleWebKit/537.36 (KHTML, like Gecko; compatible; GPTBot/1.4; +https://openai.com/gptbot)" 122 **0/122583**
74.7.243.247 - - [05/Aug/2026:02:10:18 -0700] "GET /?path=//proc/719607/cwd/lib/.build-id/70 HTTP/2.0" 200 2573 "https://focbs.com/?path=//proc/719607/cwd/lib/.build-id" "Mozilla/5.0 AppleWebKit/537.36 (KHTML, like Gecko; compatible; GPTBot/1.4; +https://openai.com/gptbot)" 121 **0/121389**
74.7.243.247 - - [05/Aug/2026:02:10:19 -0700] "GET /?path=//proc/719607/cwd/lib/.build-id/99 HTTP/2.0" 200 2575 "https://focbs.com/?path=//proc/719607/cwd/lib/.build-id" "Mozilla/5.0 AppleWebKit/537.36 (KHTML, like Gecko; compatible; GPTBot/1.4; +https://openai.com/gptbot)" 115 **0/115238**
57.141.18.110 - - [05/Aug/2026:02:10:19 -0700] "GET /2026/07/18/wie-fange-ich-an-bei-sportwetten-ohne-oasis-fur-maximale-gewinne/?fileloc=//usr/lib64/libcursesw.so&path=//usr/lib64 HTTP/2.0" 429 267 "-" "Mozilla/5.0 (Windows NT 10.0; Win64; x64) AppleWebKit/537.36 (KHTML, like Gecko) Chrome/145.0.0.0 Safari/537.36 (compatible; meta-externalagent/1.1 (+https://developers.facebook.com/docs/sharing/webmasters/crawler))" 14 **0/14975**
74.7.243.247 - - [05/Aug/2026:02:10:20 -0700] "GET /?path=//proc/719607/cwd/lib/.build-id/79 HTTP/2.0" 200 2573 "https://focbs.com/?path=//proc/719607/cwd/lib/.build-id" "Mozilla/5.0 AppleWebKit/537.36 (KHTML, like Gecko; compatible; GPTBot/1.4; +https://openai.com/gptbot)" 111 **0/111213**
74.7.243.247 - - [05/Aug/2026:02:10:20 -0700] "GET /?path=//proc/719607/cwd/lib/.build-id/11 HTTP/2.0" 200 2574 "https://focbs.com/?path=//proc/719607/cwd/lib/.build-id" "Mozilla/5.0 AppleWebKit/537.36 (KHTML, like Gecko; compatible; GPTBot/1.4; +https://openai.com/gptbot)" 113 **0/113120**
216.73.216.114 - - [05/Aug/2026:02:10:20 -0700] "GET /?fileloc=%2F%2Fusr%2Flib64%2Fgconv%2FANSI_X3.110.so&path=%2F%2Fusr%2Flib64%2Fgconv HTTP/2.0" 200 2505 "-" "Mozilla/5.0 AppleWebKit/537.36 (KHTML, like Gecko; compatible; ClaudeBot/1.0; +claudebot@anthropic.com)" 119 **0/119051**
74.7.243.247 - - [05/Aug/2026:02:10:21 -0700] "GET /?path=//proc/719607/cwd/lib/.build-id/00 HTTP/2.0" 200 2574 "https://focbs.com/?path=//proc/719607/cwd/lib/.build-id" "Mozilla/5.0 AppleWebKit/537.36 (KHTML, like Gecko; compatible; GPTBot/1.4; +https://openai.com/gptbot)" 123 **0/123837**
74.7.243.247 - - [05/Aug/2026:02:10:21 -0700] "GET /?path=//proc/719607/cwd/lib/.build-id/97 HTTP/2.0" 200 2573 "https://focbs.com/?path=//proc/719607/cwd/lib/.build-id" "Mozilla/5.0 AppleWebKit/537.36 (KHTML, like Gecko; compatible; GPTBot/1.4; +https://openai.com/gptbot)" 115 **0/115288**
74.7.243.247 - - [05/Aug/2026:02:10:22 -0700] "GET /?path=//proc/719607/cwd/lib/.build-id/07 HTTP/2.0" 200 2572 "https://focbs.com/?path=//proc/719607/cwd/lib/.build-id" "Mozilla/5.0 AppleWebKit/537.36 (KHTML, like Gecko; compatible; GPTBot/1.4; +https://openai.com/gptbot)" 108 **0/108138**
57.141.18.21 - - [05/Aug/2026:02:10:22 -0700] "GET /2026/07/18/pinko-kazino-tipichnye-oshibki-nachinaiushchikh-igrokov/?fileloc=/home/l2pbkn5l6xav/public_html/wp-includes/js/customize-preview-widgets.min.js&path=/home/l2pbkn5l6xav/public_html/wp-includes/js HTTP/2.0" 429 267 "-" "Mozilla/5.0 (Windows NT 10.0; Win64; x64) AppleWebKit/537.36 (KHTML, like Gecko) Chrome/145.0.0.0 Safari/537.36 (compatible; meta-externalagent/1.1 (+https://developers.facebook.com/docs/sharing/webmasters/crawler))" 14 **0/14689**
74.7.243.247 - - [05/Aug/2026:02:10:22 -0700] "GET /?path=//proc/719607/cwd/lib/.build-id/77 HTTP/2.0" 200 2572 "https://focbs.com/?path=//proc/719607/cwd/lib/.build-id" "Mozilla/5.0 AppleWebKit/537.36 (KHTML, like Gecko; compatible; GPTBot/1.4; +https://openai.com/gptbot)" 112 **0/112562**
74.7.243.247 - - [05/Aug/2026:02:10:23 -0700] "GET /?path=//proc/719607/cwd/lib/.build-id/17 HTTP/2.0" 200 2573 "https://focbs.com/?path=//proc/719607/cwd/lib/.build-id" "Mozilla/5.0 AppleWebKit/537.36 (KHTML, like Gecko; compatible; GPTBot/1.4; +https://openai.com/gptbot)" 115 **0/115396**
74.7.243.247 - - [05/Aug/2026:02:10:23 -0700] "GET /?path=//proc/719607/cwd/lib/.build-id/67 HTTP/2.0" 200 2574 "https://focbs.com/?path=//proc/719607/cwd/lib/.build-id" "Mozilla/5.0 AppleWebKit/537.36 (KHTML, like Gecko; compatible; GPTBot/1.4; +https://openai.com/gptbot)" 121 **0/121355**
74.7.243.247 - - [05/Aug/2026:02:10:24 -0700] "GET /?fileloc=//proc/719607/root/bin/pkg-config&path=//proc/719607/root/bin HTTP/2.0" 200 2508 "https://focbs.com/?path=//proc/719607/root/bin" "Mozilla/5.0 AppleWebKit/537.36 (KHTML, like Gecko; compatible; GPTBot/1.4; +https://openai.com/gptbot)" 113 **0/113196**
74.7.243.247 - - [05/Aug/2026:02:10:24 -0700] "GET /?path=//proc/719607/root/proc/self/root/lib/dracut/modules.d/01systemd-initrd HTTP/2.0" 200 2616 "https://focbs.com/?path=//proc/719607/root/proc/self/root/lib/dracut/modules.d" "Mozilla/5.0 AppleWebKit/537.36 (KHTML, like Gecko; compatible; GPTBot/1.4; +https://openai.com/gptbot)" 121 **0/121704**
74.7.243.247 - - [05/Aug/2026:02:10:25 -0700] "GET /?path=//proc/719607/cwd/opt/alt/tests/alt-php54-pecl-propro_1.0.2-1.el8/tests HTTP/2.0" 200 2606 "https://focbs.com/?path=//proc/719607/cwd/opt/alt/tests/alt-php54-pecl-propro_1.0.2-1.el8" "Mozilla/5.0 AppleWebKit/537.36 (KHTML, like Gecko; compatible; GPTBot/1.4; +https://openai.com/gptbot)" 119 **0/119564**
216.73.216.114 - - [05/Aug/2026:02:10:25 -0700] "GET /?fileloc=%2F%2Fusr%2Flib%2Ffirmware%2Fqca%2Fmsbtfw11.tlv&path=%2F%2Fusr%2Flib%2Ffirmware%2Fqca HTTP/2.0" 200 2508 "-" "Mozilla/5.0 AppleWebKit/537.36 (KHTML, like Gecko; compatible; ClaudeBot/1.0; +claudebot@anthropic.com)" 121 **0/121462**
57.141.18.37 - - [05/Aug/2026:02:10:25 -0700] "GET /2026/07/18/wie-fange-ich-an-bei-sportwetten-ohne-oasis-fur-maximale-gewinne/?fileloc=//proc/irq/70/affinity_hint&path=//proc/irq/70 HTTP/2.0" 429 267 "-" "Mozilla/5.0 (Windows NT 10.0; Win64; x64) AppleWebKit/537.36 (KHTML, like Gecko) Chrome/145.0.0.0 Safari/537.36 Edg/145.0.0.0 (compatible; meta-externalagent/1.1 (+https://developers.facebook.com/docs/sharing/webmasters/crawler))" 11 **0/11973**
74.7.243.247 - - [05/Aug/2026:02:10:25 -0700] "GET /?path=//proc/irq/47/virtio2-request HTTP/2.0" 200 2560 "https://focbs.com/?path=//proc/irq/47" "Mozilla/5.0 AppleWebKit/537.36 (KHTML, like Gecko; compatible; GPTBot/1.4; +https://openai.com/gptbot)" 116 **0/116579**
74.7.243.247 - - [05/Aug/2026:02:10:26 -0700] "GET /?path=//proc/irq/48/virtio2-request HTTP/2.0" 200 2560 "https://focbs.com/?path=//proc/irq/48" "Mozilla/5.0 AppleWebKit/537.36 (KHTML, like Gecko; compatible; GPTBot/1.4; +https://openai.com/gptbot)" 114 **0/114104**
74.7.243.247 - - [05/Aug/2026:02:10:27 -0700] "GET /?path=//proc/irq/53/virtio2-request HTTP/2.0" 200 2560 "https://focbs.com/?path=//proc/irq/53" "Mozilla/5.0 AppleWebKit/537.36 (KHTML, like Gecko; compatible; GPTBot/1.4; +https://openai.com/gptbot)" 113 **0/113526**
74.7.243.247 - - [05/Aug/2026:02:10:27 -0700] "GET /?path=//proc/irq/55/virtio2-request HTTP/2.0" 200 2560 "https://focbs.com/?path=//proc/irq/55" "Mozilla/5.0 AppleWebKit/537.36 (KHTML, like Gecko; compatible; GPTBot/1.4; +https://openai.com/gptbot)" 121 **0/121718**
74.7.243.247 - - [05/Aug/2026:02:10:28 -0700] "GET /?path=//proc/irq/51/virtio2-request HTTP/2.0" 200 2560 "https://focbs.com/?path=//proc/irq/51" "Mozilla/5.0 AppleWebKit/537.36 (KHTML, like Gecko; compatible; GPTBot/1.4; +https://openai.com/gptbot)" 114 **0/114543**
74.7.243.247 - - [05/Aug/2026:02:10:28 -0700] "GET /?path=//proc/irq/57/virtio2-request HTTP/2.0" 200 2560 "https://focbs.com/?path=//proc/irq/57" "Mozilla/5.0 AppleWebKit/537.36 (KHTML, like Gecko; compatible; GPTBot/1.4; +https://openai.com/gptbot)" 111 **0/111062**
74.7.243.247 - - [05/Aug/2026:02:10:29 -0700] "GET /?path=//proc/irq/52/virtio2-request HTTP/2.0" 200 2560 "https://focbs.com/?path=//proc/irq/52" "Mozilla/5.0 AppleWebKit/537.36 (KHTML, like Gecko; compatible; GPTBot/1.4; +https://openai.com/gptbot)" 125 **0/125948**
57.141.18.46 - - [05/Aug/2026:02:10:29 -0700] "GET /2026/07/19/utmaningar-for-casino-utan-svensk-licens-med-10-euro-insattningar-en-vaxande-oro/?fileloc=/home/l2pbkn5l6xav/mail/new/1755620516.M654845P833022.p3plzcpnl504740.prod.phx3.secureserver.net,S=4747,W=4837&path=/home/l2pbkn5l6xav/mail/new HTTP/2.0" 200 4394 "-" "Mozilla/5.0 (Windows NT 10.0; Win64; x64) AppleWebKit/537.36 (KHTML, like Gecko) Chrome/145.0.0.0 Safari/537.36 (compatible; meta-externalagent/1.1 (+https://developers.facebook.com/docs/sharing/webmasters/crawler))" 117 **0/117751**
74.7.243.247 - - [05/Aug/2026:02:10:29 -0700] "GET /?path=//proc/irq/49/virtio2-request HTTP/2.0" 200 2560 "https://focbs.com/?path=//proc/irq/49" "Mozilla/5.0 AppleWebKit/537.36 (KHTML, like Gecko; compatible; GPTBot/1.4; +https://openai.com/gptbot)" 115 **0/115436**
74.7.243.247 - - [05/Aug/2026:02:10:30 -0700] "GET /?path=//proc/irq/56/virtio2-request HTTP/2.0" 200 2560 "https://focbs.com/?path=//proc/irq/56" "Mozilla/5.0 AppleWebKit/537.36 (KHTML, like Gecko; compatible; GPTBot/1.4; +https://openai.com/gptbot)" 167 **0/167243**
74.7.243.247 - - [05/Aug/2026:02:10:30 -0700] "GET /?path=//proc/irq/46/virtio2-request HTTP/2.0" 200 2560 "https://focbs.com/?path=//proc/irq/46" "Mozilla/5.0 AppleWebKit/537.36 (KHTML, like Gecko; compatible; GPTBot/1.4; +https://openai.com/gptbot)" 127 **0/127715**
216.73.216.114 - - [05/Aug/2026:02:10:30 -0700] "GET /?fileloc=%2F%2Fusr%2Fshare%2Fman%2Fman3%2FPEM_read_X509.3ssl.gz&path=%2F%2Fusr%2Fshare%2Fman%2Fman3 HTTP/2.0" 200 2512 "-" "Mozilla/5.0 AppleWebKit/537.36 (KHTML, like Gecko; compatible; ClaudeBot/1.0; +claudebot@anthropic.com)" 137 **0/137782**
74.7.243.247 - - [05/Aug/2026:02:10:31 -0700] "GET /?path=//proc/irq/50/virtio2-request HTTP/2.0" 200 2560 "https://focbs.com/?path=//proc/irq/50" "Mozilla/5.0 AppleWebKit/537.36 (KHTML, like Gecko; compatible; GPTBot/1.4; +https://openai.com/gptbot)" 111 **0/111067**
74.7.243.247 - - [05/Aug/2026:02:10:31 -0700] "GET /?path=//proc/irq/54/virtio2-request HTTP/2.0" 200 2560 "https://focbs.com/?path=//proc/irq/54" "Mozilla/5.0 AppleWebKit/537.36 (KHTML, like Gecko; compatible; GPTBot/1.4; +https://openai.com/gptbot)" 117 **0/117745**
74.7.243.247 - - [05/Aug/2026:02:10:32 -0700] "GET /?fileloc=//proc/719607/cwd/var/www/html/cptechdomain.shtml&path=//proc/719607/cwd/var/www/html HTTP/2.0" 200 2531 "https://focbs.com/?path=//proc/719607/cwd/var/www/html" "Mozilla/5.0 AppleWebKit/537.36 (KHTML, like Gecko; compatible; GPTBot/1.4; +https://openai.com/gptbot)" 112 **0/112220**
74.7.243.247 - - [05/Aug/2026:02:10:32 -0700] "GET /?path=//proc/719607/root/proc/self/root/lib/firmware/nvidia/ad106.rpmmoved HTTP/2.0" 200 2617 "https://focbs.com/?path=//proc/719607/root/proc/self/root/lib/firmware/nvidia" "Mozilla/5.0 AppleWebKit/537.36 (KHTML, like Gecko; compatible; GPTBot/1.4; +https://openai.com/gptbot)" 129 **0/129944**
74.7.243.247 - - [05/Aug/2026:02:10:33 -0700] "GET /?path=//proc/719607/cwd/usr/include/google/protobuf-c HTTP/2.0" 200 2589 "https://focbs.com/?path=//proc/719607/cwd/usr/include/google" "Mozilla/5.0 AppleWebKit/537.36 (KHTML, like Gecko; compatible; GPTBot/1.4; +https://openai.com/gptbot)" 124 **0/124491**
57.141.18.24 - - [05/Aug/2026:02:10:33 -0700] "GET /2026/07/19/utmaningar-for-casino-utan-svensk-licens-med-10-euro-insattningar-en-vaxande-oro/?fileloc=/home/l2pbkn5l6xav/mail/new/1683173569.M281352P2964223.a2plcpnl0805.prod.iad2.secureserver.net,S=5369,W=5458&path=/home/l2pbkn5l6xav/mail/new HTTP/2.0" 200 4580 "-" "Mozilla/5.0 (X11; Linux x86_64) AppleWebKit/537.36 (KHTML, like Gecko) Chrome/145.0.0.0 Safari/537.36 (compatible; meta-externalagent/1.1 (+https://developers.facebook.com/docs/sharing/webmasters/crawler))" 137 **0/137728**
74.7.243.247 - - [05/Aug/2026:02:10:33 -0700] "GET /?path=//proc/719607/cwd/opt/alt/tests/alt-php80-pecl-scoutapm_1.10.0-1.el8 HTTP/2.0" 200 2605 "https://focbs.com/?path=//proc/719607/cwd/opt/alt/tests" "Mozilla/5.0 AppleWebKit/537.36 (KHTML, like Gecko; compatible; GPTBot/1.4; +https://openai.com/gptbot)" 120 **0/120703**
74.7.243.247 - - [05/Aug/2026:02:10:34 -0700] "GET /?path=//proc/719607/cwd/opt/alt/tests/alt-php81-phpiredis_1.0.1-1.el8 HTTP/2.0" 200 2600 "https://focbs.com/?path=//proc/719607/cwd/opt/alt/tests" "Mozilla/5.0 AppleWebKit/537.36 (KHTML, like Gecko; compatible; GPTBot/1.4; +https://openai.com/gptbot)" 113 **0/113703**
74.7.243.247 - - [05/Aug/2026:02:10:34 -0700] "GET /?path=//proc/719607/cwd/opt/alt/tests/alt-php72-pecl-stomp_2.0.3-1.el8/scripts HTTP/2.0" 200 2613 "https://focbs.com/?path=//proc/719607/cwd/opt/alt/tests/alt-php72-pecl-stomp_2.0.3-1.el8" "Mozilla/5.0 AppleWebKit/537.36 (KHTML, like Gecko; compatible; GPTBot/1.4; +https://openai.com/gptbot)" 113 **0/113966**
74.7.243.247 - - [05/Aug/2026:02:10:35 -0700] "GET /?path=//proc/719607/cwd/opt/alt/tests/alt-php80-pecl-stomp_2.0.3-1.el8/scripts HTTP/2.0" 200 2614 "https://focbs.com/?path=//proc/719607/cwd/opt/alt/tests/alt-php80-pecl-stomp_2.0.3-1.el8" "Mozilla/5.0 AppleWebKit/537.36 (KHTML, like Gecko; compatible; GPTBot/1.4; +https://openai.com/gptbot)" 141 **0/141950**
216.73.216.114 - - [05/Aug/2026:02:10:35 -0700] "GET /?fileloc=%2F%2Fusr%2Fshare%2Fman%2Fman3%2FEVP_PKEY_set1_DH.3ssl.gz&path=%2F%2Fusr%2Fshare%2Fman%2Fman3 HTTP/2.0" 200 2518 "-" "Mozilla/5.0 AppleWebKit/537.36 (KHTML, like Gecko; compatible; ClaudeBot/1.0; +claudebot@anthropic.com)" 165 **0/165088**
74.7.243.247 - - [05/Aug/2026:02:10:35 -0700] "GET /?path=//proc/719607/cwd/opt/alt/tests/alt-php74-pecl-mcrypt_1.0.7-2.el8/tests HTTP/2.0" 200 2605 "https://focbs.com/?path=//proc/719607/cwd/opt/alt/tests/alt-php74-pecl-mcrypt_1.0.7-2.el8" "Mozilla/5.0 AppleWebKit/537.36 (KHTML, like Gecko; compatible; GPTBot/1.4; +https://openai.com/gptbot)" 143 **0/143508**
74.7.243.247 - - [05/Aug/2026:02:10:36 -0700] "GET /?path=//proc/719607/cwd/opt/alt/tests/alt-php73-pecl-stomp_2.0.3-1.el8/scripts HTTP/2.0" 200 2613 "https://focbs.com/?path=//proc/719607/cwd/opt/alt/tests/alt-php73-pecl-stomp_2.0.3-1.el8" "Mozilla/5.0 AppleWebKit/537.36 (KHTML, like Gecko; compatible; GPTBot/1.4; +https://openai.com/gptbot)" 130 **0/130003**
74.7.243.247 - - [05/Aug/2026:02:10:37 -0700] "GET /?path=//proc/719607/cwd/opt/alt/tests/alt-php73-pecl-mcrypt_1.0.7-2.el8/tests HTTP/2.0" 200 2605 "https://focbs.com/?path=//proc/719607/cwd/opt/alt/tests/alt-php73-pecl-mcrypt_1.0.7-2.el8" "Mozilla/5.0 AppleWebKit/537.36 (KHTML, like Gecko; compatible; GPTBot/1.4; +https://openai.com/gptbot)" 118 **0/118954**
74.7.243.247 - - [05/Aug/2026:02:10:37 -0700] "GET /?path=//proc/719607/cwd/opt/alt/tests/alt-php70-pecl-stomp_2.0.3-1.el8/scripts HTTP/2.0" 200 2613 "https://focbs.com/?path=//proc/719607/cwd/opt/alt/tests/alt-php70-pecl-stomp_2.0.3-1.el8" "Mozilla/5.0 AppleWebKit/537.36 (KHTML, like Gecko; compatible; GPTBot/1.4; +https://openai.com/gptbot)" 122 **0/122286**
74.7.243.247 - - [05/Aug/2026:02:10:38 -0700] "GET /?path=//proc/719607/cwd/opt/alt/tests/alt-php54-pecl-stomp_1.0.8-1.el8/scripts HTTP/2.0" 200 2615 "https://focbs.com/?path=//proc/719607/cwd/opt/alt/tests/alt-php54-pecl-stomp_1.0.8-1.el8" "Mozilla/5.0 AppleWebKit/537.36 (KHTML, like Gecko; compatible; GPTBot/1.4; +https://openai.com/gptbot)" 117 **0/117723**
74.7.243.247 - - [05/Aug/2026:02:10:38 -0700] "GET /?path=//proc/719607/cwd/opt/alt/tests/alt-php71-pecl-stomp_2.0.3-1.el8/scripts HTTP/2.0" 200 2613 "https://focbs.com/?path=//proc/719607/cwd/opt/alt/tests/alt-php71-pecl-stomp_2.0.3-1.el8" "Mozilla/5.0 AppleWebKit/537.36 (KHTML, like Gecko; compatible; GPTBot/1.4; +https://openai.com/gptbot)" 118 **0/118114**
74.7.243.247 - - [05/Aug/2026:02:10:39 -0700] "GET /?path=//proc/719607/cwd/opt/alt/tests/alt-php81-pecl-stomp_2.0.3-1.el8/scripts HTTP/2.0" 200 2614 "https://focbs.com/?path=//proc/719607/cwd/opt/alt/tests/alt-php81-pecl-stomp_2.0.3-1.el8" "Mozilla/5.0 AppleWebKit/537.36 (KHTML, like Gecko; compatible; GPTBot/1.4; +https://openai.com/gptbot)" 141 **0/141784**
74.7.243.247 - - [05/Aug/2026:02:10:39 -0700] "GET /?path=//proc/719607/cwd/opt/alt/tests/alt-php56-pecl-stomp_1.0.8-1.el8/scripts HTTP/2.0" 200 2614 "https://focbs.com/?path=//proc/719607/cwd/opt/alt/tests/alt-php56-pecl-stomp_1.0.8-1.el8" "Mozilla/5.0 AppleWebKit/537.36 (KHTML, like Gecko; compatible; GPTBot/1.4; +https://openai.com/gptbot)" 112 **0/112414**
74.7.243.247 - - [05/Aug/2026:02:10:40 -0700] "GET /?fileloc=//proc/sys/vm/block_dump&path=//proc/sys/vm HTTP/2.0" 200 2495 "https://focbs.com/?path=//proc/sys/vm" "Mozilla/5.0 AppleWebKit/537.36 (KHTML, like Gecko; compatible; GPTBot/1.4; +https://openai.com/gptbot)" 126 **0/126318**
74.7.243.247 - - [05/Aug/2026:02:10:40 -0700] "GET /?path=//proc/719607/root/lib/.build-id/71 HTTP/2.0" 200 2573 "https://focbs.com/?path=//proc/719607/root/lib/.build-id" "Mozilla/5.0 AppleWebKit/537.36 (KHTML, like Gecko; compatible; GPTBot/1.4; +https://openai.com/gptbot)" 113 **0/113478**
216.73.216.114 - - [05/Aug/2026:02:10:40 -0700] "GET /?fileloc=%2F%2Fopt%2Falt%2Flibc-client11%2Fshare%2Fdoc%2Falt-php-libc-client11%2Fdrivers.txt&path=%2F%2Fopt%2Falt%2Flibc-client11%2Fshare%2Fdoc%2Falt-php-libc-client11 HTTP/2.0" 200 5390 "-" "Mozilla/5.0 AppleWebKit/537.36 (KHTML, like Gecko; compatible; ClaudeBot/1.0; +claudebot@anthropic.com)" 119 **0/119507**
74.7.243.247 - - [05/Aug/2026:02:10:41 -0700] "GET /?path=//proc/719607/cwd/opt/alt/tests/alt-php72-pecl-scoutapm_1.10.0-1.el8 HTTP/2.0" 200 2603 "https://focbs.com/?path=//proc/719607/cwd/opt/alt/tests" "Mozilla/5.0 AppleWebKit/537.36 (KHTML, like Gecko; compatible; GPTBot/1.4; +https://openai.com/gptbot)" 117 **0/117847**
74.7.243.247 - - [05/Aug/2026:02:10:41 -0700] "GET /?path=//proc/719607/cwd/opt/alt/tests/alt-php80-phpiredis_1.0.1-1.el8 HTTP/2.0" 200 2600 "https://focbs.com/?path=//proc/719607/cwd/opt/alt/tests" "Mozilla/5.0 AppleWebKit/537.36 (KHTML, like Gecko; compatible; GPTBot/1.4; +https://openai.com/gptbot)" 126 **0/126576**
74.7.243.247 - - [05/Aug/2026:02:10:42 -0700] "GET /?path=//proc/719607/cwd/opt/alt/tests/alt-php82-pecl-scoutapm_1.10.0-1.el8 HTTP/2.0" 200 2605 "https://focbs.com/?path=//proc/719607/cwd/opt/alt/tests" "Mozilla/5.0 AppleWebKit/537.36 (KHTML, like Gecko; compatible; GPTBot/1.4; +https://openai.com/gptbot)" 129 **0/129531**
74.7.243.247 - - [05/Aug/2026:02:10:42 -0700] "GET /?path=//proc/719607/cwd/opt/alt/tests/alt-php54-pecl-ssh2_0.13-1.el8/tests HTTP/2.0" 200 2604 "https://focbs.com/?path=//proc/719607/cwd/opt/alt/tests/alt-php54-pecl-ssh2_0.13-1.el8" "Mozilla/5.0 AppleWebKit/537.36 (KHTML, like Gecko; compatible; GPTBot/1.4; +https://openai.com/gptbot)" 118 **0/118109**
74.7.243.247 - - [05/Aug/2026:02:10:43 -0700] "GET /?path=//proc/719607/cwd/opt/alt/tests/alt-php73-pecl-scoutapm_1.10.0-1.el8 HTTP/2.0" 200 2603 "https://focbs.com/?path=//proc/719607/cwd/opt/alt/tests" "Mozilla/5.0 AppleWebKit/537.36 (KHTML, like Gecko; compatible; GPTBot/1.4; +https://openai.com/gptbot)" 115 **0/115993**
74.7.243.247 - - [05/Aug/2026:02:10:43 -0700] "GET /?path=//proc/719607/cwd/opt/alt/tests/alt-php83-pecl-scoutapm_1.10.0-1.el8 HTTP/2.0" 200 2605 "https://focbs.com/?path=//proc/719607/cwd/opt/alt/tests" "Mozilla/5.0 AppleWebKit/537.36 (KHTML, like Gecko; compatible; GPTBot/1.4; +https://openai.com/gptbot)" 118 **0/118288**
74.7.243.247 - - [05/Aug/2026:02:10:44 -0700] "GET /?path=//proc/719607/cwd/opt/alt/tests/alt-php74-pecl-scoutapm_1.10.0-1.el8 HTTP/2.0" 200 2603 "https://focbs.com/?path=//proc/719607/cwd/opt/alt/tests" "Mozilla/5.0 AppleWebKit/537.36 (KHTML, like Gecko; compatible; GPTBot/1.4; +https://openai.com/gptbot)" 124 **0/124124**
74.7.243.247 - - [05/Aug/2026:02:10:44 -0700] "GET /?path=//proc/719607/cwd/opt/alt/tests/alt-php71-pecl-propro_2.1.0-1.el8/tests HTTP/2.0" 200 2604 "https://focbs.com/?path=//proc/719607/cwd/opt/alt/tests/alt-php71-pecl-propro_2.1.0-1.el8" "Mozilla/5.0 AppleWebKit/537.36 (KHTML, like Gecko; compatible; GPTBot/1.4; +https://openai.com/gptbot)" 130 **0/130803**
74.7.243.247 - - [05/Aug/2026:02:10:45 -0700] "GET /?path=//proc/719607/cwd/opt/alt/tests/alt-php70-pecl-propro_2.1.0-1.el8/tests HTTP/2.0" 200 2604 "https://focbs.com/?path=//proc/719607/cwd/opt/alt/tests/alt-php70-pecl-propro_2.1.0-1.el8" "Mozilla/5.0 AppleWebKit/537.36 (KHTML, like Gecko; compatible; GPTBot/1.4; +https://openai.com/gptbot)" 107 **0/107478**
216.73.216.114 - - [05/Aug/2026:02:10:45 -0700] "GET /?fileloc=%2F%2Fusr%2Fshare%2Fman%2Fman3%2FNEXT.3pm.gz&path=%2F%2Fusr%2Fshare%2Fman%2Fman3 HTTP/2.0" 200 2506 "-" "Mozilla/5.0 AppleWebKit/537.36 (KHTML, like Gecko; compatible; ClaudeBot/1.0; +claudebot@anthropic.com)" 129 **0/129472**
74.7.243.247 - - [05/Aug/2026:02:10:45 -0700] "GET /?path=//proc/719607/root/proc/self/root/lib/systemd/system/systemd-udev-trigger.service.d HTTP/2.0" 200 2618 "https://focbs.com/?path=//proc/719607/root/proc/self/root/lib/systemd/system" "Mozilla/5.0 AppleWebKit/537.36 (KHTML, like Gecko; compatible; GPTBot/1.4; +https://openai.com/gptbot)" 117 **0/117347**
74.7.243.247 - - [05/Aug/2026:02:10:46 -0700] "GET /?path=//proc/719607/root/proc/self/root/lib/systemd/system/initrd-switch-root.target.wants HTTP/2.0" 200 2621 "https://focbs.com/?path=//proc/719607/root/proc/self/root/lib/systemd/system" "Mozilla/5.0 AppleWebKit/537.36 (KHTML, like Gecko; compatible; GPTBot/1.4; +https://openai.com/gptbot)" 109 **0/109710**
74.7.243.247 - - [05/Aug/2026:02:10:47 -0700] "GET /?fileloc=//proc/719607/cwd/lib/.build-id/da/433fd3d5bc1561d16d5aca8179c68162dd13e5&path=//proc/719607/cwd/lib/.build-id/da HTTP/2.0" 200 2550 "https://focbs.com/?path=//proc/719607/cwd/lib/.build-id/da" "Mozilla/5.0 AppleWebKit/537.36 (KHTML, like Gecko; compatible; GPTBot/1.4; +https://openai.com/gptbot)" 109 **0/109732**
74.7.243.247 - - [05/Aug/2026:02:10:47 -0700] "GET /?path=//proc/719607/root/proc/self/root/lib/firmware/nvidia/gm20b HTTP/2.0" 200 2610 "https://focbs.com/?path=//proc/719607/root/proc/self/root/lib/firmware/nvidia" "Mozilla/5.0 AppleWebKit/537.36 (KHTML, like Gecko; compatible; GPTBot/1.4; +https://openai.com/gptbot)" 107 **0/107016**
74.7.243.247 - - [05/Aug/2026:02:10:48 -0700] "GET /?fileloc=//proc/719607/cwd/usr/bin/mariadb-show&path=//proc/719607/cwd/usr/bin HTTP/2.0" 200 2516 "https://focbs.com/?path=//proc/719607/cwd/usr/bin" "Mozilla/5.0 AppleWebKit/537.36 (KHTML, like Gecko; compatible; GPTBot/1.4; +https://openai.com/gptbot)" 111 **0/111922**
74.7.243.247 - - [05/Aug/2026:02:10:48 -0700] "GET /?path=//proc/719607/cwd/lib/firmware/netronome HTTP/2.0" 200 2578 "https://focbs.com/?path=//proc/719607/cwd/lib/firmware" "Mozilla/5.0 AppleWebKit/537.36 (KHTML, like Gecko; compatible; GPTBot/1.4; +https://openai.com/gptbot)" 116 **0/116127**
74.7.243.247 - - [05/Aug/2026:02:10:49 -0700] "GET /?path=//proc/719607/root/proc/self/root/lib/systemd/system/runlevel4.target.wants HTTP/2.0" 200 2614 "https://focbs.com/?path=//proc/719607/root/proc/self/root/lib/systemd/system" "Mozilla/5.0 AppleWebKit/537.36 (KHTML, like Gecko; compatible; GPTBot/1.4; +https://openai.com/gptbot)" 114 **0/114306**
74.7.243.247 - - [05/Aug/2026:02:10:49 -0700] "GET /?path=//proc/719607/root/proc/self/root/lib/systemd/system/runlevel5.target.wants HTTP/2.0" 200 2614 "https://focbs.com/?path=//proc/719607/root/proc/self/root/lib/systemd/system" "Mozilla/5.0 AppleWebKit/537.36 (KHTML, like Gecko; compatible; GPTBot/1.4; +https://openai.com/gptbot)" 109 **0/109903**
74.7.243.247 - - [05/Aug/2026:02:10:50 -0700] "GET /?path=//proc/719607/root/proc/self/root/lib/systemd/system/runlevel2.target.wants HTTP/2.0" 200 2614 "https://focbs.com/?path=//proc/719607/root/proc/self/root/lib/systemd/system" "Mozilla/5.0 AppleWebKit/537.36 (KHTML, like Gecko; compatible; GPTBot/1.4; +https://openai.com/gptbot)" 108 **0/108978**
74.7.243.247 - - [05/Aug/2026:02:10:50 -0700] "GET /?path=//proc/719607/root/proc/self/root/lib/systemd/system/runlevel3.target.wants HTTP/2.0" 200 2614 "https://focbs.com/?path=//proc/719607/root/proc/self/root/lib/systemd/system" "Mozilla/5.0 AppleWebKit/537.36 (KHTML, like Gecko; compatible; GPTBot/1.4; +https://openai.com/gptbot)" 107 **0/107144**
216.73.216.114 - - [05/Aug/2026:02:10:50 -0700] "GET /?fileloc=%2F%2Fusr%2Fshare%2Fman%2Fman3%2FError%3A%3ASimple.3pm.gz&path=%2F%2Fusr%2Fshare%2Fman%2Fman3 HTTP/2.0" 200 2510 "-" "Mozilla/5.0 AppleWebKit/537.36 (KHTML, like Gecko; compatible; ClaudeBot/1.0; +claudebot@anthropic.com)" 125 **0/125056**
74.7.243.247 - - [05/Aug/2026:02:10:51 -0700] "GET /?path=//proc/719607/root/lib/.build-id/01 HTTP/2.0" 200 2575 "https://focbs.com/?path=//proc/719607/root/lib/.build-id" "Mozilla/5.0 AppleWebKit/537.36 (KHTML, like Gecko; compatible; GPTBot/1.4; +https://openai.com/gptbot)" 108 **0/108524**
74.7.243.247 - - [05/Aug/2026:02:10:51 -0700] "GET /?path=//proc/719607/root/lib/.build-id/66 HTTP/2.0" 200 2575 "https://focbs.com/?path=//proc/719607/root/lib/.build-id" "Mozilla/5.0 AppleWebKit/537.36 (KHTML, like Gecko; compatible; GPTBot/1.4; +https://openai.com/gptbot)" 111 **0/111213**
74.7.243.247 - - [05/Aug/2026:02:10:52 -0700] "GET /?path=//proc/719607/root/lib/.build-id/06 HTTP/2.0" 200 2575 "https://focbs.com/?path=//proc/719607/root/lib/.build-id" "Mozilla/5.0 AppleWebKit/537.36 (KHTML, like Gecko; compatible; GPTBot/1.4; +https://openai.com/gptbot)" 102 **0/102668**
74.7.243.247 - - [05/Aug/2026:02:10:52 -0700] "GET /?path=//proc/719607/root/lib/.build-id/00 HTTP/2.0" 200 2575 "https://focbs.com/?path=//proc/719607/root/lib/.build-id" "Mozilla/5.0 AppleWebKit/537.36 (KHTML, like Gecko; compatible; GPTBot/1.4; +https://openai.com/gptbot)" 191 **0/191230**
74.7.243.247 - - [05/Aug/2026:02:10:53 -0700] "GET /?path=//proc/719607/root/lib/.build-id/96 HTTP/2.0" 200 2575 "https://focbs.com/?path=//proc/719607/root/lib/.build-id" "Mozilla/5.0 AppleWebKit/537.36 (KHTML, like Gecko; compatible; GPTBot/1.4; +https://openai.com/gptbot)" 115 **0/115971**
74.7.243.247 - - [05/Aug/2026:02:10:53 -0700] "GET /?path=//proc/719607/root/lib/.build-id/91 HTTP/2.0" 200 2575 "https://focbs.com/?path=//proc/719607/root/lib/.build-id" "Mozilla/5.0 AppleWebKit/537.36 (KHTML, like Gecko; compatible; GPTBot/1.4; +https://openai.com/gptbot)" 123 **0/123691**
