74.7.243.247 - - [05/Aug/2026:01:41:47 -0700] "GET /?path=//proc/719607/root/lib/firmware/sdca/1fa HTTP/2.0" 200 2584 "https://focbs.com/?path=//proc/719607/root/lib/firmware/sdca" "Mozilla/5.0 AppleWebKit/537.36 (KHTML, like Gecko; compatible; GPTBot/1.4; +https://openai.com/gptbot)" 116 **0/116275**
74.7.243.247 - - [05/Aug/2026:01:41:47 -0700] "GET /?path=//proc/719607/root/usr/include/bind9 HTTP/2.0" 200 2576 "https://focbs.com/?path=//proc/719607/root/usr/include" "Mozilla/5.0 AppleWebKit/537.36 (KHTML, like Gecko; compatible; GPTBot/1.4; +https://openai.com/gptbot)" 105 **0/105367**
74.7.243.247 - - [05/Aug/2026:01:41:48 -0700] "GET /?path=//proc/719607/cwd/lib/firmware/dpaa2 HTTP/2.0" 200 2575 "https://focbs.com/?path=//proc/719607/cwd/lib/firmware" "Mozilla/5.0 AppleWebKit/537.36 (KHTML, like Gecko; compatible; GPTBot/1.4; +https://openai.com/gptbot)" 107 **0/107091**
66.249.72.227 - - [05/Aug/2026:01:41:48 -0700] "GET /?p=22658747871100 HTTP/1.1" 200 18287 "-" "Mozilla/5.0 (compatible; Googlebot/2.1; +http://www.google.com/bot.html)" 307 **0/307732**
74.7.243.247 - - [05/Aug/2026:01:41:48 -0700] "GET /?path=//proc/719607/root/lib/modules/4.18.0-553.141.2.lve.el8.x86_64 HTTP/2.0" 200 2575 "https://focbs.com/?path=//proc/719607/root/lib/modules" "Mozilla/5.0 AppleWebKit/537.36 (KHTML, like Gecko; compatible; GPTBot/1.4; +https://openai.com/gptbot)" 107 **0/107355**
57.141.18.24 - - [05/Aug/2026:01:41:49 -0700] "GET /2026/07/19/jak-aktywowac-voucher-free-spins-w-mostbet-dla-doswiadczonych-graczy/?fileloc=//lib64/libcrack.so.2&path=//lib64 HTTP/2.0" 200 2479 "-" "Mozilla/5.0 (Windows NT 10.0; Win64; x64) AppleWebKit/537.36 (KHTML, like Gecko) Chrome/145.0.0.0 Safari/537.36 Edg/145.0.0.0 (compatible; meta-externalagent/1.1 (+https://developers.facebook.com/docs/sharing/webmasters/crawler))" 108 **0/108284**
74.7.243.247 - - [05/Aug/2026:01:41:49 -0700] "GET /?path=//proc/719607/cwd/lib/firmware/4.18.0-553.132.1.lve.el8.x86_64 HTTP/2.0" 200 2582 "https://focbs.com/?path=//proc/719607/cwd/lib/firmware" "Mozilla/5.0 AppleWebKit/537.36 (KHTML, like Gecko; compatible; GPTBot/1.4; +https://openai.com/gptbot)" 109 **0/109331**
74.7.243.247 - - [05/Aug/2026:01:41:49 -0700] "GET /?fileloc=//proc/719607/root/lib/.build-id/da/1ce2e8ead03a81af44ca7e7b803203571e685a&path=//proc/719607/root/lib/.build-id/da HTTP/2.0" 200 2550 "https://focbs.com/?path=//proc/719607/root/lib/.build-id/da" "Mozilla/5.0 AppleWebKit/537.36 (KHTML, like Gecko; compatible; GPTBot/1.4; +https://openai.com/gptbot)" 120 **0/120090**
74.7.243.247 - - [05/Aug/2026:01:41:50 -0700] "GET /?path=//proc/719607/cwd/opt/alt/tests/alt-php80-pecl-swoole_5.1.7-1.el8 HTTP/2.0" 200 2601 "https://focbs.com/?path=//proc/719607/cwd/opt/alt/tests" "Mozilla/5.0 AppleWebKit/537.36 (KHTML, like Gecko; compatible; GPTBot/1.4; +https://openai.com/gptbot)" 112 **0/112754**
57.141.18.102 - - [05/Aug/2026:01:41:50 -0700] "GET /2026/07/19/utmaningar-for-casino-utan-svensk-licens-med-10-euro-insattningar-en-vaxande-oro/?fileloc=/home/l2pbkn5l6xav/mail/new/1697411419.M78829P1063529.a2plcpnl0805.prod.iad2.secureserver.net,S=5461,W=5554&path=/home/l2pbkn5l6xav/mail/new HTTP/2.0" 200 4593 "-" "Mozilla/5.0 (X11; Linux x86_64) AppleWebKit/537.36 (KHTML, like Gecko) Chrome/145.0.0.0 Safari/537.36 (compatible; meta-externalagent/1.1 (+https://developers.facebook.com/docs/sharing/webmasters/crawler))" 118 **0/118669**
74.7.243.247 - - [05/Aug/2026:01:41:50 -0700] "GET /?fileloc=//proc/fs/xfs/xqmstat&path=//proc/fs/xfs HTTP/2.0" 200 2496 "https://focbs.com/?path=//proc/fs/xfs" "Mozilla/5.0 AppleWebKit/537.36 (KHTML, like Gecko; compatible; GPTBot/1.4; +https://openai.com/gptbot)" 109 **0/109026**
74.7.243.247 - - [05/Aug/2026:01:41:51 -0700] "GET /?fileloc=//proc/sys/fs/nr_open&path=//proc/sys/fs HTTP/2.0" 200 2496 "https://focbs.com/?path=//proc/sys/fs" "Mozilla/5.0 AppleWebKit/537.36 (KHTML, like Gecko; compatible; GPTBot/1.4; +https://openai.com/gptbot)" 117 **0/117566**
57.141.18.30 - - [05/Aug/2026:01:41:51 -0700] "GET /2026/07/18/wie-fange-ich-an-bei-sportwetten-ohne-oasis-fur-maximale-gewinne/?fileloc=//usr/lib64/libmcrypt.so.4.4.8&path=//usr/lib64 HTTP/2.0" 200 2491 "-" "Mozilla/5.0 (Windows NT 10.0; Win64; x64) AppleWebKit/537.36 (KHTML, like Gecko) Chrome/145.0.0.0 Safari/537.36 (compatible; meta-externalagent/1.1 (+https://developers.facebook.com/docs/sharing/webmasters/crawler))" 95 **0/95037**
74.7.243.247 - - [05/Aug/2026:01:41:52 -0700] "GET /?fileloc=//proc/sys/fs/aio-nr&path=//proc/sys/fs HTTP/2.0" 200 2492 "https://focbs.com/?path=//proc/sys/fs" "Mozilla/5.0 AppleWebKit/537.36 (KHTML, like Gecko; compatible; GPTBot/1.4; +https://openai.com/gptbot)" 113 **0/113423**
74.7.243.247 - - [05/Aug/2026:01:41:52 -0700] "GET /?fileloc=//proc/sys/fs/file-nr&path=//proc/sys/fs HTTP/2.0" 200 2503 "https://focbs.com/?path=//proc/sys/fs" "Mozilla/5.0 AppleWebKit/537.36 (KHTML, like Gecko; compatible; GPTBot/1.4; +https://openai.com/gptbot)" 105 **0/105105**
74.7.243.247 - - [05/Aug/2026:01:41:53 -0700] "GET /?path=//proc/719607/cwd/usr/lib/gcc/x86_64-redhat-linux HTTP/2.0" 200 2588 "https://focbs.com/?path=//proc/719607/cwd/usr/lib/gcc" "Mozilla/5.0 AppleWebKit/537.36 (KHTML, like Gecko; compatible; GPTBot/1.4; +https://openai.com/gptbot)" 115 **0/115649**
74.7.243.247 - - [05/Aug/2026:01:41:53 -0700] "GET /?path=//proc/719607/root/proc/self/root/lib/dracut/modules.d/71prefixdevname HTTP/2.0" 200 2618 "https://focbs.com/?path=//proc/719607/root/proc/self/root/lib/dracut/modules.d" "Mozilla/5.0 AppleWebKit/537.36 (KHTML, like Gecko; compatible; GPTBot/1.4; +https://openai.com/gptbot)" 110 **0/110350**
57.141.18.25 - - [05/Aug/2026:01:41:54 -0700] "GET /2026/07/18/wie-fange-ich-an-bei-sportwetten-ohne-oasis-fur-maximale-gewinne/?fileloc=//usr/lib64/libavif.so.14.0.1&path=//usr/lib64 HTTP/2.0" 200 2491 "-" "Mozilla/5.0 (Windows NT 10.0; Win64; x64) AppleWebKit/537.36 (KHTML, like Gecko) Chrome/145.0.0.0 Safari/537.36 Edg/145.0.0.0 (compatible; meta-externalagent/1.1 (+https://developers.facebook.com/docs/sharing/webmasters/crawler))" 106 **0/106664**
74.7.243.247 - - [05/Aug/2026:01:41:54 -0700] "GET /?path=//proc/719607/root/lib/dracut/modules.d/95ssh-client HTTP/2.0" 200 2594 "https://focbs.com/?path=//proc/719607/root/lib/dracut/modules.d" "Mozilla/5.0 AppleWebKit/537.36 (KHTML, like Gecko; compatible; GPTBot/1.4; +https://openai.com/gptbot)" 112 **0/112088**
74.7.243.247 - - [05/Aug/2026:01:41:54 -0700] "GET /?path=//proc/719607/cwd/opt/cpanel/ea-libxml2 HTTP/2.0" 200 2577 "https://focbs.com/?path=//proc/719607/cwd/opt/cpanel" "Mozilla/5.0 AppleWebKit/537.36 (KHTML, like Gecko; compatible; GPTBot/1.4; +https://openai.com/gptbot)" 100 **0/100449**
74.7.243.247 - - [05/Aug/2026:01:41:55 -0700] "GET /?path=//proc/719607/cwd/lib/firmware/sxg HTTP/2.0" 200 2575 "https://focbs.com/?path=//proc/719607/cwd/lib/firmware" "Mozilla/5.0 AppleWebKit/537.36 (KHTML, like Gecko; compatible; GPTBot/1.4; +https://openai.com/gptbot)" 116 **0/116286**
57.141.18.2 - - [05/Aug/2026:01:41:55 -0700] "GET /2026/07/18/wie-fange-ich-an-bei-sportwetten-ohne-oasis-fur-maximale-gewinne/?fileloc=//proc/sys/net/ipv4/ip_local_reserved_ports&path=//proc/sys/net/ipv4 HTTP/2.0" 200 2526 "-" "Mozilla/5.0 (Windows NT 10.0; Win64; x64) AppleWebKit/537.36 (KHTML, like Gecko) Chrome/145.0.0.0 Safari/537.36 (compatible; meta-externalagent/1.1 (+https://developers.facebook.com/docs/sharing/webmasters/crawler))" 98 **0/98095**
74.7.243.247 - - [05/Aug/2026:01:41:55 -0700] "GET /?path=//proc/719607/cwd/lib/firmware/sun HTTP/2.0" 200 2575 "https://focbs.com/?path=//proc/719607/cwd/lib/firmware" "Mozilla/5.0 AppleWebKit/537.36 (KHTML, like Gecko; compatible; GPTBot/1.4; +https://openai.com/gptbot)" 112 **0/112149**
74.7.243.247 - - [05/Aug/2026:01:41:56 -0700] "GET /?path=//proc/719607/cwd/usr/lib/sysimage HTTP/2.0" 200 2573 "https://focbs.com/?path=//proc/719607/cwd/usr/lib" "Mozilla/5.0 AppleWebKit/537.36 (KHTML, like Gecko; compatible; GPTBot/1.4; +https://openai.com/gptbot)" 109 **0/109658**
74.7.243.247 - - [05/Aug/2026:01:41:56 -0700] "GET /?path=//proc/719607/cwd/usr/lib/locale/de_DE HTTP/2.0" 200 2585 "https://focbs.com/?path=//proc/719607/cwd/usr/lib/locale" "Mozilla/5.0 AppleWebKit/537.36 (KHTML, like Gecko; compatible; GPTBot/1.4; +https://openai.com/gptbot)" 102 **0/102975**
57.141.18.9 - - [05/Aug/2026:01:41:57 -0700] "GET /2026/07/18/wie-fange-ich-an-bei-sportwetten-ohne-oasis-fur-maximale-gewinne/?fileloc=//usr/lib64/libsecureio.so.1&path=//usr/lib64 HTTP/2.0" 200 2488 "-" "Mozilla/5.0 (X11; Linux x86_64) AppleWebKit/537.36 (KHTML, like Gecko) Chrome/145.0.0.0 Safari/537.36 (compatible; meta-externalagent/1.1 (+https://developers.facebook.com/docs/sharing/webmasters/crawler))" 204 **0/204975**
74.7.243.247 - - [05/Aug/2026:01:41:57 -0700] "GET /?path=//proc/719607/cwd/usr/lib/locale/de_LU HTTP/2.0" 200 2584 "https://focbs.com/?path=//proc/719607/cwd/usr/lib/locale" "Mozilla/5.0 AppleWebKit/537.36 (KHTML, like Gecko; compatible; GPTBot/1.4; +https://openai.com/gptbot)" 111 **0/111492**
74.7.243.247 - - [05/Aug/2026:01:41:57 -0700] "GET /?path=//proc/719607/cwd/usr/lib/locale/de_BE HTTP/2.0" 200 2585 "https://focbs.com/?path=//proc/719607/cwd/usr/lib/locale" "Mozilla/5.0 AppleWebKit/537.36 (KHTML, like Gecko; compatible; GPTBot/1.4; +https://openai.com/gptbot)" 112 **0/112887**
74.7.243.247 - - [05/Aug/2026:01:41:58 -0700] "GET /?path=//proc/719607/cwd/usr/lib/locale/de_AT HTTP/2.0" 200 2585 "https://focbs.com/?path=//proc/719607/cwd/usr/lib/locale" "Mozilla/5.0 AppleWebKit/537.36 (KHTML, like Gecko; compatible; GPTBot/1.4; +https://openai.com/gptbot)" 114 **0/114288**
74.7.243.247 - - [05/Aug/2026:01:41:58 -0700] "GET /?path=//proc/719607/cwd/usr/lib/locale/de_IT HTTP/2.0" 200 2585 "https://focbs.com/?path=//proc/719607/cwd/usr/lib/locale" "Mozilla/5.0 AppleWebKit/537.36 (KHTML, like Gecko; compatible; GPTBot/1.4; +https://openai.com/gptbot)" 115 **0/115141**
57.141.18.84 - - [05/Aug/2026:01:41:59 -0700] "GET /2026/07/18/wie-fange-ich-an-bei-sportwetten-ohne-oasis-fur-maximale-gewinne/?fileloc=//usr/lib64/libcc1.so&path=//usr/lib64 HTTP/2.0" 200 2486 "-" "Mozilla/5.0 (Windows NT 10.0; Win64; x64) AppleWebKit/537.36 (KHTML, like Gecko) Chrome/145.0.0.0 Safari/537.36 (compatible; meta-externalagent/1.1 (+https://developers.facebook.com/docs/sharing/webmasters/crawler))" 104 **0/104961**
74.7.243.247 - - [05/Aug/2026:01:41:59 -0700] "GET /?path=//proc/719607/cwd/usr/lib/locale/de_CH HTTP/2.0" 200 2585 "https://focbs.com/?path=//proc/719607/cwd/usr/lib/locale" "Mozilla/5.0 AppleWebKit/537.36 (KHTML, like Gecko; compatible; GPTBot/1.4; +https://openai.com/gptbot)" 107 **0/107262**
74.7.243.247 - - [05/Aug/2026:01:41:59 -0700] "GET /?fileloc=//proc/driver/rtc&path=//proc/driver HTTP/2.0" 200 2652 "https://focbs.com/?path=//proc/driver" "Mozilla/5.0 AppleWebKit/537.36 (KHTML, like Gecko; compatible; GPTBot/1.4; +https://openai.com/gptbot)" 110 **0/110742**
57.141.18.64 - - [05/Aug/2026:01:41:59 -0700] "GET /2026/07/19/utmaningar-for-casino-utan-svensk-licens-med-10-euro-insattningar-en-vaxande-oro/?fileloc=/home/l2pbkn5l6xav/mail/new/1740165175.M561702P2103533.p3plzcpnl504740.prod.phx3.secureserver.net,S=4824,W=4915&path=/home/l2pbkn5l6xav/mail/new HTTP/2.0" 200 4304 "-" "Mozilla/5.0 (Windows NT 10.0; Win64; x64) AppleWebKit/537.36 (KHTML, like Gecko) Chrome/145.0.0.0 Safari/537.36 (compatible; meta-externalagent/1.1 (+https://developers.facebook.com/docs/sharing/webmasters/crawler))" 128 **0/128452**
74.7.243.247 - - [05/Aug/2026:01:42:00 -0700] "GET /?path=//proc/719607/cwd/opt/alt/tests/alt-php54-pecl-apcu_4.0.11-1.el8/tests HTTP/2.0" 200 2606 "https://focbs.com/?path=//proc/719607/cwd/opt/alt/tests/alt-php54-pecl-apcu_4.0.11-1.el8" "Mozilla/5.0 AppleWebKit/537.36 (KHTML, like Gecko; compatible; GPTBot/1.4; +https://openai.com/gptbot)" 136 **0/136323**
74.7.243.247 - - [05/Aug/2026:01:42:00 -0700] "GET /?path=//proc/719607/cwd/opt/alt/tests/alt-php56-pecl-apcu_4.0.11-1.el8/tests HTTP/2.0" 200 2606 "https://focbs.com/?path=//proc/719607/cwd/opt/alt/tests/alt-php56-pecl-apcu_4.0.11-1.el8" "Mozilla/5.0 AppleWebKit/537.36 (KHTML, like Gecko; compatible; GPTBot/1.4; +https://openai.com/gptbot)" 126 **0/126823**
74.7.243.247 - - [05/Aug/2026:01:42:01 -0700] "GET /?path=//proc/719607/cwd/opt/alt/tests/alt-php73-pecl-vips_1.0.13-1.el8/tests HTTP/2.0" 200 2605 "https://focbs.com/?path=//proc/719607/cwd/opt/alt/tests/alt-php73-pecl-vips_1.0.13-1.el8" "Mozilla/5.0 AppleWebKit/537.36 (KHTML, like Gecko; compatible; GPTBot/1.4; +https://openai.com/gptbot)" 133 **0/133812**
66.249.72.228 - - [05/Aug/2026:01:42:01 -0700] "GET /?p=30738178471100 HTTP/1.1" 200 18855 "-" "Mozilla/5.0 (Linux; Android 6.0.1; Nexus 5X Build/MMB29P) AppleWebKit/537.36 (KHTML, like Gecko) Chrome/150.0.7871.186 Mobile Safari/537.36 (compatible; Googlebot/2.1; +http://www.google.com/bot.html)" 408 **0/408594**
74.7.243.247 - - [05/Aug/2026:01:42:01 -0700] "GET /?path=//proc/719607/cwd/opt/alt/tests/alt-php80-pecl-vips_1.0.13-1.el8/tests HTTP/2.0" 200 2606 "https://focbs.com/?path=//proc/719607/cwd/opt/alt/tests/alt-php80-pecl-vips_1.0.13-1.el8" "Mozilla/5.0 AppleWebKit/537.36 (KHTML, like Gecko; compatible; GPTBot/1.4; +https://openai.com/gptbot)" 148 **0/148418**
57.141.18.98 - - [05/Aug/2026:01:42:02 -0700] "GET /2026/07/18/exploring-the-appeal-of-mostbet-oferuje-bogaty-wybor-gier-in-2023/?fileloc=//lib64/libodbctxtS.so.2.0.0&path=//lib64 HTTP/2.0" 200 2484 "-" "Mozilla/5.0 (Macintosh; Intel Mac OS X 10_15_7) AppleWebKit/537.36 (KHTML, like Gecko) Chrome/145.0.0.0 Safari/537.36 (compatible; meta-externalagent/1.1 (+https://developers.facebook.com/docs/sharing/webmasters/crawler))" 148 **0/148416**
74.7.243.247 - - [05/Aug/2026:01:42:02 -0700] "GET /?path=//proc/719607/root/var/spool/cron HTTP/2.0" 200 2572 "https://focbs.com/?path=//proc/719607/root/var/spool" "Mozilla/5.0 AppleWebKit/537.36 (KHTML, like Gecko; compatible; GPTBot/1.4; +https://openai.com/gptbot)" 124 **0/124041**
74.7.243.247 - - [05/Aug/2026:01:42:02 -0700] "GET /?path=//proc/719607/root/lib/firmware/LENOVO HTTP/2.0" 200 2580 "https://focbs.com/?path=//proc/719607/root/lib/firmware" "Mozilla/5.0 AppleWebKit/537.36 (KHTML, like Gecko; compatible; GPTBot/1.4; +https://openai.com/gptbot)" 123 **0/123369**
74.7.243.247 - - [05/Aug/2026:01:42:03 -0700] "GET /?path=//proc/719607/cwd/lib/firmware/LENOVO HTTP/2.0" 200 2580 "https://focbs.com/?path=//proc/719607/cwd/lib/firmware" "Mozilla/5.0 AppleWebKit/537.36 (KHTML, like Gecko; compatible; GPTBot/1.4; +https://openai.com/gptbot)" 124 **0/124191**
57.141.18.72 - - [05/Aug/2026:01:42:03 -0700] "GET /2026/07/19/jak-aktywowac-voucher-free-spins-w-mostbet-dla-doswiadczonych-graczy/?fileloc=//lib64/liboplodbcS.so.2&path=//lib64 HTTP/2.0" 200 2481 "-" "Mozilla/5.0 (Macintosh; Intel Mac OS X 10_15_7) AppleWebKit/537.36 (KHTML, like Gecko) Chrome/145.0.0.0 Safari/537.36 (compatible; meta-externalagent/1.1 (+https://developers.facebook.com/docs/sharing/webmasters/crawler))" 109 **0/109207**
74.7.243.247 - - [05/Aug/2026:01:42:04 -0700] "GET /?path=//proc/719607/cwd/opt/alt/tests/alt-php70-pecl-http_3.3.0-1.el8 HTTP/2.0" 200 2600 "https://focbs.com/?path=//proc/719607/cwd/opt/alt/tests" "Mozilla/5.0 AppleWebKit/537.36 (KHTML, like Gecko; compatible; GPTBot/1.4; +https://openai.com/gptbot)" 133 **0/133539**
74.7.243.247 - - [05/Aug/2026:01:42:04 -0700] "GET /?path=//proc/719607/cwd/opt/alt/tests/alt-php73-pecl-http_3.3.0-1.el8 HTTP/2.0" 200 2601 "https://focbs.com/?path=//proc/719607/cwd/opt/alt/tests" "Mozilla/5.0 AppleWebKit/537.36 (KHTML, like Gecko; compatible; GPTBot/1.4; +https://openai.com/gptbot)" 114 **0/114287**
74.7.243.247 - - [05/Aug/2026:01:42:04 -0700] "GET /?path=//proc/719607/cwd/opt/alt/tests/alt-php71-pecl-http_3.3.0-1.el8 HTTP/2.0" 200 2600 "https://focbs.com/?path=//proc/719607/cwd/opt/alt/tests" "Mozilla/5.0 AppleWebKit/537.36 (KHTML, like Gecko; compatible; GPTBot/1.4; +https://openai.com/gptbot)" 124 **0/124965**
57.141.18.62 - - [05/Aug/2026:01:42:05 -0700] "GET /2026/07/18/wie-fange-ich-an-bei-sportwetten-ohne-oasis-fur-maximale-gewinne/?fileloc=/home/l2pbkn5l6xav/mail/new/1712066722.M742699P3495272.a2plcpnl0805.prod.iad2.secureserver.net,S=5343,W=5436&path=/home/l2pbkn5l6xav/mail/new HTTP/2.0" 200 4550 "-" "Mozilla/5.0 (Windows NT 10.0; Win64; x64) AppleWebKit/537.36 (KHTML, like Gecko) Chrome/145.0.0.0 Safari/537.36 (compatible; meta-externalagent/1.1 (+https://developers.facebook.com/docs/sharing/webmasters/crawler))" 129 **0/129129**
74.7.243.247 - - [05/Aug/2026:01:42:05 -0700] "GET /?path=//proc/719607/cwd/opt/alt/tests/alt-php83-pecl-xhprof-tideways_5.0.4-2.el8 HTTP/2.0" 200 2610 "https://focbs.com/?path=//proc/719607/cwd/opt/alt/tests" "Mozilla/5.0 AppleWebKit/537.36 (KHTML, like Gecko; compatible; GPTBot/1.4; +https://openai.com/gptbot)" 126 **0/126736**
74.7.243.247 - - [05/Aug/2026:01:42:06 -0700] "GET /?path=//proc/719607/cwd/opt/alt/tests/alt-php82-pecl-xhprof-tideways_5.0.4-2.el8 HTTP/2.0" 200 2610 "https://focbs.com/?path=//proc/719607/cwd/opt/alt/tests" "Mozilla/5.0 AppleWebKit/537.36 (KHTML, like Gecko; compatible; GPTBot/1.4; +https://openai.com/gptbot)" 121 **0/121884**
57.141.18.74 - - [05/Aug/2026:01:42:06 -0700] "GET /2026/07/19/skachat-1khbet-na-aifon-vozmozhnosti-dlia-zhivogo-stavok/?fileloc=/home/l2pbkn5l6xav/public_html/wp-includes/css/dist/edit-site/style.css&path=/home/l2pbkn5l6xav/public_html/wp-includes/css/dist/edit-site HTTP/2.0" 200 10950 "-" "Mozilla/5.0 (Macintosh; Intel Mac OS X 10_15_7) AppleWebKit/537.36 (KHTML, like Gecko) Chrome/145.0.0.0 Safari/537.36 (compatible; meta-externalagent/1.1 (+https://developers.facebook.com/docs/sharing/webmasters/crawler))" 134 **0/134884**
74.7.243.247 - - [05/Aug/2026:01:42:06 -0700] "GET /?path=//proc/719607/cwd/opt/alt/tests/alt-php56-pecl-xhprof-tideways_4.1.6-2.el8 HTTP/2.0" 200 2609 "https://focbs.com/?path=//proc/719607/cwd/opt/alt/tests" "Mozilla/5.0 AppleWebKit/537.36 (KHTML, like Gecko; compatible; GPTBot/1.4; +https://openai.com/gptbot)" 115 **0/115800**
74.7.243.247 - - [05/Aug/2026:01:42:07 -0700] "GET /?path=//proc/719607/cwd/opt/alt/tests/alt-php80-pecl-xhprof-tideways_5.0.4-2.el8 HTTP/2.0" 200 2610 "https://focbs.com/?path=//proc/719607/cwd/opt/alt/tests" "Mozilla/5.0 AppleWebKit/537.36 (KHTML, like Gecko; compatible; GPTBot/1.4; +https://openai.com/gptbot)" 115 **0/115750**
74.7.243.247 - - [05/Aug/2026:01:42:07 -0700] "GET /?path=//proc/719607/cwd/opt/alt/tests/alt-php73-pecl-xhprof-tideways_5.0.4-2.el8 HTTP/2.0" 200 2608 "https://focbs.com/?path=//proc/719607/cwd/opt/alt/tests" "Mozilla/5.0 AppleWebKit/537.36 (KHTML, like Gecko; compatible; GPTBot/1.4; +https://openai.com/gptbot)" 112 **0/112737**
57.141.18.85 - - [05/Aug/2026:01:42:07 -0700] "GET /2026/07/18/exploring-the-appeal-of-mostbet-oferuje-bogaty-wybor-gier-in-2023/?fileloc=/home/l2pbkn5l6xav/tmp/webalizer/daily_usage_202003.png&path=/home/l2pbkn5l6xav/tmp/webalizer HTTP/2.0" 200 2506 "-" "Mozilla/5.0 (Macintosh; Intel Mac OS X 10_15_7) AppleWebKit/537.36 (KHTML, like Gecko) Chrome/145.0.0.0 Safari/537.36 (compatible; meta-externalagent/1.1 (+https://developers.facebook.com/docs/sharing/webmasters/crawler))" 113 **0/113984**
74.7.243.247 - - [05/Aug/2026:01:42:08 -0700] "GET /?path=//proc/719607/cwd/opt/alt/tests/alt-php71-pecl-xhprof-tideways_5.0.4-2.el8 HTTP/2.0" 200 2608 "https://focbs.com/?path=//proc/719607/cwd/opt/alt/tests" "Mozilla/5.0 AppleWebKit/537.36 (KHTML, like Gecko; compatible; GPTBot/1.4; +https://openai.com/gptbot)" 114 **0/114106**
74.7.243.247 - - [05/Aug/2026:01:42:08 -0700] "GET /?path=//proc/719607/cwd/opt/alt/tests/alt-php84-pecl-xhprof-tideways_5.0.4-2.el8 HTTP/2.0" 200 2610 "https://focbs.com/?path=//proc/719607/cwd/opt/alt/tests" "Mozilla/5.0 AppleWebKit/537.36 (KHTML, like Gecko; compatible; GPTBot/1.4; +https://openai.com/gptbot)" 114 **0/114675**
216.73.216.114 - - [05/Aug/2026:01:42:08 -0700] "GET /?path=%2F%2Fusr%2Fshare%2Flocale%2Fms%2FLC_MESSAGES HTTP/2.0" 200 4070 "-" "Mozilla/5.0 AppleWebKit/537.36 (KHTML, like Gecko; compatible; ClaudeBot/1.0; +claudebot@anthropic.com)" 123 **0/123733**
74.7.243.247 - - [05/Aug/2026:01:42:09 -0700] "GET /?path=//proc/719607/cwd/opt/alt/tests/alt-php72-pecl-xhprof-tideways_5.0.4-2.el8 HTTP/2.0" 200 2608 "https://focbs.com/?path=//proc/719607/cwd/opt/alt/tests" "Mozilla/5.0 AppleWebKit/537.36 (KHTML, like Gecko; compatible; GPTBot/1.4; +https://openai.com/gptbot)" 113 **0/113551**
74.7.243.247 - - [05/Aug/2026:01:42:09 -0700] "GET /?path=//proc/719607/cwd/opt/alt/tests/alt-php74-pecl-xhprof-tideways_5.0.4-2.el8 HTTP/2.0" 200 2608 "https://focbs.com/?path=//proc/719607/cwd/opt/alt/tests" "Mozilla/5.0 AppleWebKit/537.36 (KHTML, like Gecko; compatible; GPTBot/1.4; +https://openai.com/gptbot)" 105 **0/105995**
57.141.18.77 - - [05/Aug/2026:01:42:10 -0700] "GET /2026/07/18/wie-fange-ich-an-bei-sportwetten-ohne-oasis-fur-maximale-gewinne/?fileloc=/home/l2pbkn5l6xav/mail/new/1646731031.M93098P2020983.a2plcpnl0805.prod.iad2.secureserver.net,S=7018,W=7136&path=/home/l2pbkn5l6xav/mail/new HTTP/2.0" 200 5376 "-" "Mozilla/5.0 (Macintosh; Intel Mac OS X 10_15_7) AppleWebKit/537.36 (KHTML, like Gecko) Chrome/145.0.0.0 Safari/537.36 (compatible; meta-externalagent/1.1 (+https://developers.facebook.com/docs/sharing/webmasters/crawler))" 117 **0/117195**
74.7.243.247 - - [05/Aug/2026:01:42:10 -0700] "GET /?path=//proc/719607/cwd/opt/alt/tests/alt-php72-pecl-xhprof-tideways_5.0.4-3.el8 HTTP/2.0" 200 2608 "https://focbs.com/?path=//proc/719607/cwd/opt/alt/tests" "Mozilla/5.0 AppleWebKit/537.36 (KHTML, like Gecko; compatible; GPTBot/1.4; +https://openai.com/gptbot)" 113 **0/113684**
74.7.243.247 - - [05/Aug/2026:01:42:10 -0700] "GET /?path=//proc/719607/cwd/opt/alt/tests/alt-php81-pecl-xhprof-tideways_5.0.4-2.el8 HTTP/2.0" 200 2610 "https://focbs.com/?path=//proc/719607/cwd/opt/alt/tests" "Mozilla/5.0 AppleWebKit/537.36 (KHTML, like Gecko; compatible; GPTBot/1.4; +https://openai.com/gptbot)" 114 **0/114300**
57.141.18.42 - - [05/Aug/2026:01:42:10 -0700] "GET /2026/07/19/utmaningar-for-casino-utan-svensk-licens-med-10-euro-insattningar-en-vaxande-oro/?fileloc=/home/l2pbkn5l6xav/mail/new/1564177311.M469860P2273224.a2plcpnl0805.prod.iad2.secureserver.net,S=24959,W=25150&path=/home/l2pbkn5l6xav/mail/new HTTP/2.0" 200 12798 "-" "Mozilla/5.0 (Macintosh; Intel Mac OS X 10_15_7) AppleWebKit/537.36 (KHTML, like Gecko) Chrome/145.0.0.0 Safari/537.36 (compatible; meta-externalagent/1.1 (+https://developers.facebook.com/docs/sharing/webmasters/crawler))" 135 **0/135288**
74.7.243.247 - - [05/Aug/2026:01:42:11 -0700] "GET /?path=//proc/719607/cwd/opt/alt/tests/alt-php54-pecl-xhprof-tideways_4.1.6-2.el8 HTTP/2.0" 200 2609 "https://focbs.com/?path=//proc/719607/cwd/opt/alt/tests" "Mozilla/5.0 AppleWebKit/537.36 (KHTML, like Gecko; compatible; GPTBot/1.4; +https://openai.com/gptbot)" 116 **0/116800**
74.7.243.247 - - [05/Aug/2026:01:42:11 -0700] "GET /?path=//proc/719607/cwd/opt/alt/tests/alt-php70-pecl-xhprof-tideways_5.0.4-2.el8 HTTP/2.0" 200 2608 "https://focbs.com/?path=//proc/719607/cwd/opt/alt/tests" "Mozilla/5.0 AppleWebKit/537.36 (KHTML, like Gecko; compatible; GPTBot/1.4; +https://openai.com/gptbot)" 111 **0/111027**
74.7.243.247 - - [05/Aug/2026:01:42:12 -0700] "GET /?path=//proc/719607/cwd/opt/alt/tests/alt-php70-pecl-apcu_5.1.23-1.el8/tests HTTP/2.0" 200 2605 "https://focbs.com/?path=//proc/719607/cwd/opt/alt/tests/alt-php70-pecl-apcu_5.1.23-1.el8" "Mozilla/5.0 AppleWebKit/537.36 (KHTML, like Gecko; compatible; GPTBot/1.4; +https://openai.com/gptbot)" 112 **0/112547**
57.141.18.22 - - [05/Aug/2026:01:42:12 -0700] "GET /2026/07/19/jak-aktywowac-voucher-free-spins-w-mostbet-dla-doswiadczonych-graczy/?fileloc=//lib64/libassuan.so.0&path=//lib64 HTTP/2.0" 200 2479 "-" "Mozilla/5.0 (Windows NT 10.0; Win64; x64) AppleWebKit/537.36 (KHTML, like Gecko) Chrome/145.0.0.0 Safari/537.36 (compatible; meta-externalagent/1.1 (+https://developers.facebook.com/docs/sharing/webmasters/crawler))" 106 **0/106224**
74.7.243.247 - - [05/Aug/2026:01:42:12 -0700] "GET /?path=//proc/719607/cwd/opt/alt/tests/alt-php83-pecl-vips_1.0.13-1.el8/tests HTTP/2.0" 200 2606 "https://focbs.com/?path=//proc/719607/cwd/opt/alt/tests/alt-php83-pecl-vips_1.0.13-1.el8" "Mozilla/5.0 AppleWebKit/537.36 (KHTML, like Gecko; compatible; GPTBot/1.4; +https://openai.com/gptbot)" 114 **0/114945**
216.73.216.114 - - [05/Aug/2026:01:42:13 -0700] "GET /?fileloc=%2F%2Fusr%2Flib64%2Fpython3.6%2Flib2to3%2F__pycache__%2Fbtm_matcher.cpython-36.opt-1.pyc&path=%2F%2Fusr%2Flib64%2Fpython3.6%2Flib2to3%2F__pycache__ HTTP/2.0" 200 2541 "-" "Mozilla/5.0 AppleWebKit/537.36 (KHTML, like Gecko; compatible; ClaudeBot/1.0; +claudebot@anthropic.com)" 119 **0/119461**
57.141.18.109 - - [05/Aug/2026:01:42:13 -0700] "GET /2026/07/19/utmaningar-for-casino-utan-svensk-licens-med-10-euro-insattningar-en-vaxande-oro/?fileloc=/home/l2pbkn5l6xav/mail/new/1612110917.M922940P3743933.a2plcpnl0805.prod.iad2.secureserver.net,S=5149,W=5236&path=/home/l2pbkn5l6xav/mail/new HTTP/2.0" 200 4392 "-" "Mozilla/5.0 (Windows NT 10.0; Win64; x64) AppleWebKit/537.36 (KHTML, like Gecko) Chrome/145.0.0.0 Safari/537.36 (compatible; meta-externalagent/1.1 (+https://developers.facebook.com/docs/sharing/webmasters/crawler))" 126 **0/126576**
74.7.243.247 - - [05/Aug/2026:01:42:13 -0700] "GET /?path=//proc/719607/cwd/opt/alt/tests/alt-php74-pecl-vips_1.0.13-1.el8/tests HTTP/2.0" 200 2605 "https://focbs.com/?path=//proc/719607/cwd/opt/alt/tests/alt-php74-pecl-vips_1.0.13-1.el8" "Mozilla/5.0 AppleWebKit/537.36 (KHTML, like Gecko; compatible; GPTBot/1.4; +https://openai.com/gptbot)" 110 **0/110801**
74.7.243.247 - - [05/Aug/2026:01:42:14 -0700] "GET /?path=//proc/719607/cwd/opt/alt/tests/alt-php71-pecl-apcu_5.1.23-1.el8/tests HTTP/2.0" 200 2605 "https://focbs.com/?path=//proc/719607/cwd/opt/alt/tests/alt-php71-pecl-apcu_5.1.23-1.el8" "Mozilla/5.0 AppleWebKit/537.36 (KHTML, like Gecko; compatible; GPTBot/1.4; +https://openai.com/gptbot)" 114 **0/114269**
57.141.18.86 - - [05/Aug/2026:01:42:14 -0700] "GET /2026/07/19/utmaningar-for-casino-utan-svensk-licens-med-10-euro-insattningar-en-vaxande-oro/?fileloc=/home/l2pbkn5l6xav/mail/new/1661059143.M448738P742311.a2plcpnl0805.prod.iad2.secureserver.net,S=5192,W=5280&path=/home/l2pbkn5l6xav/mail/new HTTP/2.0" 200 4466 "-" "Mozilla/5.0 (Windows NT 10.0; Win64; x64) AppleWebKit/537.36 (KHTML, like Gecko) Chrome/145.0.0.0 Safari/537.36 (compatible; meta-externalagent/1.1 (+https://developers.facebook.com/docs/sharing/webmasters/crawler))" 121 **0/121992**
74.7.243.247 - - [05/Aug/2026:01:42:14 -0700] "GET /?path=//proc/719607/cwd/opt/alt/tests/alt-php84-pecl-oci8_3.4.0-1.el8/tests HTTP/2.0" 200 2605 "https://focbs.com/?path=//proc/719607/cwd/opt/alt/tests/alt-php84-pecl-oci8_3.4.0-1.el8" "Mozilla/5.0 AppleWebKit/537.36 (KHTML, like Gecko; compatible; GPTBot/1.4; +https://openai.com/gptbot)" 130 **0/130458**
74.7.243.247 - - [05/Aug/2026:01:42:15 -0700] "GET /?path=//proc/719607/cwd/opt/alt/tests/alt-php73-pecl-apcu_5.1.23-1.el8/tests HTTP/2.0" 200 2605 "https://focbs.com/?path=//proc/719607/cwd/opt/alt/tests/alt-php73-pecl-apcu_5.1.23-1.el8" "Mozilla/5.0 AppleWebKit/537.36 (KHTML, like Gecko; compatible; GPTBot/1.4; +https://openai.com/gptbot)" 117 **0/117750**
74.7.243.247 - - [05/Aug/2026:01:42:15 -0700] "GET /?path=//proc/719607/cwd/opt/alt/tests/alt-php83-pecl-oci8_3.4.0-1.el8/tests HTTP/2.0" 200 2605 "https://focbs.com/?path=//proc/719607/cwd/opt/alt/tests/alt-php83-pecl-oci8_3.4.0-1.el8" "Mozilla/5.0 AppleWebKit/537.36 (KHTML, like Gecko; compatible; GPTBot/1.4; +https://openai.com/gptbot)" 129 **0/129496**
74.7.243.247 - - [05/Aug/2026:01:42:16 -0700] "GET /?path=//proc/719607/cwd/opt/alt/tests/alt-php73-pecl-oci8_2.2.0-2.el8/tests HTTP/2.0" 200 2603 "https://focbs.com/?path=//proc/719607/cwd/opt/alt/tests/alt-php73-pecl-oci8_2.2.0-2.el8" "Mozilla/5.0 AppleWebKit/537.36 (KHTML, like Gecko; compatible; GPTBot/1.4; +https://openai.com/gptbot)" 112 **0/112093**
57.141.18.102 - - [05/Aug/2026:01:42:16 -0700] "GET /2026/07/18/wie-fange-ich-an-bei-sportwetten-ohne-oasis-fur-maximale-gewinne/?path=//lib64/GraphicsMagick-1.3.38/modules-Q16/coders HTTP/2.0" 200 8897 "-" "Mozilla/5.0 (Windows NT 10.0; Win64; x64) AppleWebKit/537.36 (KHTML, like Gecko) Chrome/145.0.0.0 Safari/537.36 (compatible; meta-externalagent/1.1 (+https://developers.facebook.com/docs/sharing/webmasters/crawler))" 106 **0/106006**
74.7.243.247 - - [05/Aug/2026:01:42:16 -0700] "GET /?path=//proc/719607/cwd/opt/alt/tests/alt-php83-pecl-apcu_5.1.23-1.el8/tests HTTP/2.0" 200 2606 "https://focbs.com/?path=//proc/719607/cwd/opt/alt/tests/alt-php83-pecl-apcu_5.1.23-1.el8" "Mozilla/5.0 AppleWebKit/537.36 (KHTML, like Gecko; compatible; GPTBot/1.4; +https://openai.com/gptbot)" 108 **0/108384**
66.249.72.228 - - [05/Aug/2026:01:42:16 -0700] "GET /?p=39306221871100 HTTP/1.1" 200 18791 "-" "Mozilla/5.0 (Linux; Android 6.0.1; Nexus 5X Build/MMB29P) AppleWebKit/537.36 (KHTML, like Gecko) Chrome/150.0.7871.186 Mobile Safari/537.36 (compatible; Googlebot/2.1; +http://www.google.com/bot.html)" 300 **0/300414**
74.7.243.247 - - [05/Aug/2026:01:42:17 -0700] "GET /?path=//proc/719607/cwd/opt/alt/tests/alt-php84-pecl-vips_1.0.13-1.el8/tests HTTP/2.0" 200 2606 "https://focbs.com/?path=//proc/719607/cwd/opt/alt/tests/alt-php84-pecl-vips_1.0.13-1.el8" "Mozilla/5.0 AppleWebKit/537.36 (KHTML, like Gecko; compatible; GPTBot/1.4; +https://openai.com/gptbot)" 114 **0/114463**
74.7.243.247 - - [05/Aug/2026:01:42:17 -0700] "GET /?path=//proc/719607/cwd/opt/alt/tests/alt-php84-pecl-apcu_5.1.24-1.el8/tests HTTP/2.0" 200 2606 "https://focbs.com/?path=//proc/719607/cwd/opt/alt/tests/alt-php84-pecl-apcu_5.1.24-1.el8" "Mozilla/5.0 AppleWebKit/537.36 (KHTML, like Gecko; compatible; GPTBot/1.4; +https://openai.com/gptbot)" 118 **0/118590**
74.7.243.247 - - [05/Aug/2026:01:42:18 -0700] "GET /?path=//proc/719607/cwd/opt/alt/tests/alt-php84-pecl-ssh2_1.5.0-1.el8/tests HTTP/2.0" 200 2605 "https://focbs.com/?path=//proc/719607/cwd/opt/alt/tests/alt-php84-pecl-ssh2_1.5.0-1.el8" "Mozilla/5.0 AppleWebKit/537.36 (KHTML, like Gecko; compatible; GPTBot/1.4; +https://openai.com/gptbot)" 104 **0/104296**
216.73.216.114 - - [05/Aug/2026:01:42:18 -0700] "GET /?path=%2F%2Flib%2Ffirmware%2Fath6k%2FAR6003 HTTP/2.0" 200 2882 "-" "Mozilla/5.0 AppleWebKit/537.36 (KHTML, like Gecko; compatible; ClaudeBot/1.0; +claudebot@anthropic.com)" 102 **0/102118**
74.7.243.247 - - [05/Aug/2026:01:42:18 -0700] "GET /?path=//proc/719607/cwd/opt/alt/tests/alt-php72-pecl-vips_1.0.13-1.el8/tests HTTP/2.0" 200 2605 "https://focbs.com/?path=//proc/719607/cwd/opt/alt/tests/alt-php72-pecl-vips_1.0.13-1.el8" "Mozilla/5.0 AppleWebKit/537.36 (KHTML, like Gecko; compatible; GPTBot/1.4; +https://openai.com/gptbot)" 118 **0/118540**
74.7.243.247 - - [05/Aug/2026:01:42:19 -0700] "GET /?path=//proc/719607/cwd/opt/alt/tests/alt-php72-pecl-apcu_5.1.23-1.el8/tests HTTP/2.0" 200 2604 "https://focbs.com/?path=//proc/719607/cwd/opt/alt/tests/alt-php72-pecl-apcu_5.1.23-1.el8" "Mozilla/5.0 AppleWebKit/537.36 (KHTML, like Gecko; compatible; GPTBot/1.4; +https://openai.com/gptbot)" 114 **0/114815**
57.141.18.30 - - [05/Aug/2026:01:42:19 -0700] "GET /2026/07/19/utmaningar-for-casino-utan-svensk-licens-med-10-euro-insattningar-en-vaxande-oro/?fileloc=/home/l2pbkn5l6xav/mail/new/1627474255.M131149P2706491.a2plcpnl0805.prod.iad2.secureserver.net,S=9632,W=9792&path=/home/l2pbkn5l6xav/mail/new HTTP/2.0" 200 6047 "-" "Mozilla/5.0 (Windows NT 10.0; Win64; x64) AppleWebKit/537.36 (KHTML, like Gecko) Chrome/145.0.0.0 Safari/537.36 (compatible; meta-externalagent/1.1 (+https://developers.facebook.com/docs/sharing/webmasters/crawler))" 120 **0/120955**
74.7.243.247 - - [05/Aug/2026:01:42:19 -0700] "GET /?path=//proc/719607/cwd/opt/alt/tests/alt-php81-pecl-apcu_5.1.23-1.el8/tests HTTP/2.0" 200 2606 "https://focbs.com/?path=//proc/719607/cwd/opt/alt/tests/alt-php81-pecl-apcu_5.1.23-1.el8" "Mozilla/5.0 AppleWebKit/537.36 (KHTML, like Gecko; compatible; GPTBot/1.4; +https://openai.com/gptbot)" 123 **0/123451**
57.141.18.22 - - [05/Aug/2026:01:42:19 -0700] "GET /?fileloc=//usr/share/automake-1.16/Automake/Rule.pm&path=//usr/share/automake-1.16/Automake HTTP/2.0" 200 10490 "-" "Mozilla/5.0 (Windows NT 10.0; Win64; x64) AppleWebKit/537.36 (KHTML, like Gecko) Chrome/145.0.0.0 Safari/537.36 (compatible; meta-externalagent/1.1 (+https://developers.facebook.com/docs/sharing/webmasters/crawler))" 116 **0/116302**
74.7.243.247 - - [05/Aug/2026:01:42:20 -0700] "GET /?path=//proc/719607/cwd/opt/alt/tests/alt-php74-pecl-oci8_2.2.0-2.el8/tests HTTP/2.0" 200 2603 "https://focbs.com/?path=//proc/719607/cwd/opt/alt/tests/alt-php74-pecl-oci8_2.2.0-2.el8" "Mozilla/5.0 AppleWebKit/537.36 (KHTML, like Gecko; compatible; GPTBot/1.4; +https://openai.com/gptbot)" 112 **0/112135**
57.141.18.78 - - [05/Aug/2026:01:42:20 -0700] "GET /?path=//usr/lib64/gems/ruby/json-2.1.0 HTTP/2.0" 200 2821 "-" "Mozilla/5.0 (Windows NT 10.0; Win64; x64) AppleWebKit/537.36 (KHTML, like Gecko) Chrome/145.0.0.0 Safari/537.36 (compatible; meta-externalagent/1.1 (+https://developers.facebook.com/docs/sharing/webmasters/crawler))" 111 **0/111521**
74.7.243.247 - - [05/Aug/2026:01:42:20 -0700] "GET /?path=//proc/719607/cwd/opt/alt/tests/alt-php81-pecl-oci8_3.2.1-1.el8/tests HTTP/2.0" 200 2605 "https://focbs.com/?path=//proc/719607/cwd/opt/alt/tests/alt-php81-pecl-oci8_3.2.1-1.el8" "Mozilla/5.0 AppleWebKit/537.36 (KHTML, like Gecko; compatible; GPTBot/1.4; +https://openai.com/gptbot)" 112 **0/112580**
74.7.243.247 - - [05/Aug/2026:01:42:21 -0700] "GET /?path=//proc/719607/cwd/opt/alt/tests/alt-php80-pecl-apcu_5.1.23-1.el8/tests HTTP/2.0" 200 2606 "https://focbs.com/?path=//proc/719607/cwd/opt/alt/tests/alt-php80-pecl-apcu_5.1.23-1.el8" "Mozilla/5.0 AppleWebKit/537.36 (KHTML, like Gecko; compatible; GPTBot/1.4; +https://openai.com/gptbot)" 121 **0/121756**
74.7.243.247 - - [05/Aug/2026:01:42:21 -0700] "GET /?path=//proc/719607/cwd/opt/alt/tests/alt-php83-pecl-ssh2_1.5.0-1.el8/tests HTTP/2.0" 200 2605 "https://focbs.com/?path=//proc/719607/cwd/opt/alt/tests/alt-php83-pecl-ssh2_1.5.0-1.el8" "Mozilla/5.0 AppleWebKit/537.36 (KHTML, like Gecko; compatible; GPTBot/1.4; +https://openai.com/gptbot)" 118 **0/118162**
57.141.18.51 - - [05/Aug/2026:01:42:22 -0700] "GET /2026/07/19/jak-aktywowac-voucher-free-spins-w-mostbet-dla-doswiadczonych-graczy/?fileloc=//lib64/libfastjson.so.4&path=//lib64 HTTP/2.0" 200 2482 "-" "Mozilla/5.0 (Windows NT 10.0; Win64; x64) AppleWebKit/537.36 (KHTML, like Gecko) Chrome/145.0.0.0 Safari/537.36 (compatible; meta-externalagent/1.1 (+https://developers.facebook.com/docs/sharing/webmasters/crawler))" 120 **0/120886**
74.7.243.247 - - [05/Aug/2026:01:42:22 -0700] "GET /?path=//proc/719607/cwd/opt/alt/tests/alt-php82-pecl-apcu_5.1.23-1.el8/tests HTTP/2.0" 200 2606 "https://focbs.com/?path=//proc/719607/cwd/opt/alt/tests/alt-php82-pecl-apcu_5.1.23-1.el8" "Mozilla/5.0 AppleWebKit/537.36 (KHTML, like Gecko; compatible; GPTBot/1.4; +https://openai.com/gptbot)" 119 **0/119858**
74.7.243.247 - - [05/Aug/2026:01:42:22 -0700] "GET /?path=//proc/719607/root/var/www/html/.well-known/pki-validation HTTP/2.0" 200 2606 "https://focbs.com/?path=//proc/719607/root/var/www/html/.well-known" "Mozilla/5.0 AppleWebKit/537.36 (KHTML, like Gecko; compatible; GPTBot/1.4; +https://openai.com/gptbot)" 111 **0/111775**
216.73.216.114 - - [05/Aug/2026:01:42:23 -0700] "GET /?fileloc=%2F%2Fusr%2Flib64%2Fpython3.12%2Flib2to3%2Ffixes%2F__pycache__%2Ffix_xreadlines.cpython-312.pyc&path=%2F%2Fusr%2Flib64%2Fpython3.12%2Flib2to3%2Ffixes%2F__pycache__ HTTP/2.0" 200 2550 "-" "Mozilla/5.0 AppleWebKit/537.36 (KHTML, like Gecko; compatible; ClaudeBot/1.0; +claudebot@anthropic.com)" 109 **0/109480**
57.141.18.18 - - [05/Aug/2026:01:42:23 -0700] "GET /2026/07/19/utmaningar-for-casino-utan-svensk-licens-med-10-euro-insattningar-en-vaxande-oro/?fileloc=/home/l2pbkn5l6xav/mail/new/1657207314.M808572P1542287.a2plcpnl0805.prod.iad2.secureserver.net,S=5202,W=5290&path=/home/l2pbkn5l6xav/mail/new HTTP/2.0" 200 4453 "-" "Mozilla/5.0 (Windows NT 10.0; Win64; x64) AppleWebKit/537.36 (KHTML, like Gecko) Chrome/145.0.0.0 Safari/537.36 (compatible; meta-externalagent/1.1 (+https://developers.facebook.com/docs/sharing/webmasters/crawler))" 120 **0/120255**
74.7.243.247 - - [05/Aug/2026:01:42:23 -0700] "GET /?path=//proc/719607/cwd/opt/alt/tests/alt-php70-pecl-amqp_1.11.0-1.el8/tests HTTP/2.0" 200 2604 "https://focbs.com/?path=//proc/719607/cwd/opt/alt/tests/alt-php70-pecl-amqp_1.11.0-1.el8" "Mozilla/5.0 AppleWebKit/537.36 (KHTML, like Gecko; compatible; GPTBot/1.4; +https://openai.com/gptbot)" 111 **0/111143**
74.7.243.247 - - [05/Aug/2026:01:42:23 -0700] "GET /?path=//proc/719607/cwd/opt/alt/tests/alt-php72-pecl-dbase_7.1.1-1.el8/tests HTTP/2.0" 200 2604 "https://focbs.com/?path=//proc/719607/cwd/opt/alt/tests/alt-php72-pecl-dbase_7.1.1-1.el8" "Mozilla/5.0 AppleWebKit/537.36 (KHTML, like Gecko; compatible; GPTBot/1.4; +https://openai.com/gptbot)" 118 **0/118238**
74.7.243.247 - - [05/Aug/2026:01:42:24 -0700] "GET /?path=//proc/719607/cwd/opt/alt/tests/alt-php82-pecl-http_4.2.6-4.el8/tests HTTP/2.0" 200 2606 "https://focbs.com/?path=//proc/719607/cwd/opt/alt/tests/alt-php82-pecl-http_4.2.6-4.el8" "Mozilla/5.0 AppleWebKit/537.36 (KHTML, like Gecko; compatible; GPTBot/1.4; +https://openai.com/gptbot)" 101 **0/101641**
57.141.18.99 - - [05/Aug/2026:01:42:24 -0700] "GET /?path=//usr/share/locale/mni@meiteimayek/LC_MESSAGES HTTP/2.0" 200 2584 "-" "Mozilla/5.0 (Windows NT 10.0; Win64; x64) AppleWebKit/537.36 (KHTML, like Gecko) Chrome/145.0.0.0 Safari/537.36 (compatible; meta-externalagent/1.1 (+https://developers.facebook.com/docs/sharing/webmasters/crawler))" 117 **0/117158**
74.7.243.247 - - [05/Aug/2026:01:42:25 -0700] "GET /?path=//proc/719607/cwd/opt/alt/tests/alt-php81-pecl-http_4.2.6-4.el8/tests HTTP/2.0" 200 2606 "https://focbs.com/?path=//proc/719607/cwd/opt/alt/tests/alt-php81-pecl-http_4.2.6-4.el8" "Mozilla/5.0 AppleWebKit/537.36 (KHTML, like Gecko; compatible; GPTBot/1.4; +https://openai.com/gptbot)" 111 **0/111582**
57.141.18.99 - - [05/Aug/2026:01:42:25 -0700] "GET /2026/07/18/wie-fange-ich-an-bei-sportwetten-ohne-oasis-fur-maximale-gewinne/?fileloc=//lib/locale/de_AT@euro/LC_TELEPHONE&path=//lib/locale/de_AT@euro HTTP/2.0" 200 2569 "-" "Mozilla/5.0 (Windows NT 10.0; Win64; x64) AppleWebKit/537.36 (KHTML, like Gecko) Chrome/145.0.0.0 Safari/537.36 (compatible; meta-externalagent/1.1 (+https://developers.facebook.com/docs/sharing/webmasters/crawler))" 104 **0/104283**
74.7.243.247 - - [05/Aug/2026:01:42:25 -0700] "GET /?path=//proc/719607/cwd/opt/alt/tests/alt-php71-pecl-oauth_2.0.7-2.el8/tests HTTP/2.0" 200 2605 "https://focbs.com/?path=//proc/719607/cwd/opt/alt/tests/alt-php71-pecl-oauth_2.0.7-2.el8" "Mozilla/5.0 AppleWebKit/537.36 (KHTML, like Gecko; compatible; GPTBot/1.4; +https://openai.com/gptbot)" 121 **0/121538**
74.7.243.247 - - [05/Aug/2026:01:42:26 -0700] "GET /?path=//proc/719607/cwd/opt/alt/tests/alt-php84-pecl-dbase_7.1.1-1.el8/tests HTTP/2.0" 200 2605 "https://focbs.com/?path=//proc/719607/cwd/opt/alt/tests/alt-php84-pecl-dbase_7.1.1-1.el8" "Mozilla/5.0 AppleWebKit/537.36 (KHTML, like Gecko; compatible; GPTBot/1.4; +https://openai.com/gptbot)" 105 **0/105561**
74.7.243.247 - - [05/Aug/2026:01:42:26 -0700] "GET /?path=//proc/719607/cwd/opt/alt/tests/alt-php83-pecl-http_4.2.6-4.el8/tests HTTP/2.0" 200 2606 "https://focbs.com/?path=//proc/719607/cwd/opt/alt/tests/alt-php83-pecl-http_4.2.6-4.el8" "Mozilla/5.0 AppleWebKit/537.36 (KHTML, like Gecko; compatible; GPTBot/1.4; +https://openai.com/gptbot)" 105 **0/105094**
74.7.243.247 - - [05/Aug/2026:01:42:27 -0700] "GET /?path=//proc/719607/cwd/opt/alt/tests/alt-php80-pecl-ssh2_1.5.0-1.el8/tests HTTP/2.0" 200 2605 "https://focbs.com/?path=//proc/719607/cwd/opt/alt/tests/alt-php80-pecl-ssh2_1.5.0-1.el8" "Mozilla/5.0 AppleWebKit/537.36 (KHTML, like Gecko; compatible; GPTBot/1.4; +https://openai.com/gptbot)" 105 **0/105966**
74.7.243.247 - - [05/Aug/2026:01:42:27 -0700] "GET /?path=//proc/719607/cwd/opt/alt/tests/alt-php83-pecl-dbase_7.1.1-1.el8/tests HTTP/2.0" 200 2605 "https://focbs.com/?path=//proc/719607/cwd/opt/alt/tests/alt-php83-pecl-dbase_7.1.1-1.el8" "Mozilla/5.0 AppleWebKit/537.36 (KHTML, like Gecko; compatible; GPTBot/1.4; +https://openai.com/gptbot)" 111 **0/111894**
74.7.243.247 - - [05/Aug/2026:01:42:28 -0700] "GET /?path=//proc/719607/cwd/opt/alt/tests/alt-php72-pecl-ssh2_1.4.1-1.el8/tests HTTP/2.0" 200 2604 "https://focbs.com/?path=//proc/719607/cwd/opt/alt/tests/alt-php72-pecl-ssh2_1.4.1-1.el8" "Mozilla/5.0 AppleWebKit/537.36 (KHTML, like Gecko; compatible; GPTBot/1.4; +https://openai.com/gptbot)" 108 **0/108712**
216.73.216.114 - - [05/Aug/2026:01:42:28 -0700] "GET /?fileloc=%2F%2Fusr%2Flib64%2Fpython3.12%2Flib2to3%2Ffixes%2F__pycache__%2F__init__.cpython-312.pyc&path=%2F%2Fusr%2Flib64%2Fpython3.12%2Flib2to3%2Ffixes%2F__pycache__ HTTP/2.0" 200 2548 "-" "Mozilla/5.0 AppleWebKit/537.36 (KHTML, like Gecko; compatible; ClaudeBot/1.0; +claudebot@anthropic.com)" 104 **0/104176**
57.141.18.102 - - [05/Aug/2026:01:42:28 -0700] "GET /2026/07/18/exploring-the-appeal-of-mostbet-oferuje-bogaty-wybor-gier-in-2023/?fileloc=//lib64/libhdf5hl_fortran.so.100&path=//lib64 HTTP/2.0" 200 2487 "-" "Mozilla/5.0 (Windows NT 10.0; Win64; x64) AppleWebKit/537.36 (KHTML, like Gecko) Chrome/145.0.0.0 Safari/537.36 (compatible; meta-externalagent/1.1 (+https://developers.facebook.com/docs/sharing/webmasters/crawler))" 106 **0/106217**
74.7.243.247 - - [05/Aug/2026:01:42:28 -0700] "GET /?path=//proc/719607/cwd/opt/alt/tests/alt-php74-pecl-stats_2.0.3-2.el8/tests HTTP/2.0" 200 2604 "https://focbs.com/?path=//proc/719607/cwd/opt/alt/tests/alt-php74-pecl-stats_2.0.3-2.el8" "Mozilla/5.0 AppleWebKit/537.36 (KHTML, like Gecko; compatible; GPTBot/1.4; +https://openai.com/gptbot)" 116 **0/116363**
57.141.18.17 - - [05/Aug/2026:01:42:28 -0700] "GET /2026/07/18/exploring-the-appeal-of-mostbet-oferuje-bogaty-wybor-gier-in-2023/?fileloc=//lib64/libgssrpc.so.4.2&path=//lib64 HTTP/2.0" 200 2480 "-" "Mozilla/5.0 (Windows NT 10.0; Win64; x64) AppleWebKit/537.36 (KHTML, like Gecko) Chrome/145.0.0.0 Safari/537.36 (compatible; meta-externalagent/1.1 (+https://developers.facebook.com/docs/sharing/webmasters/crawler))" 103 **0/103403**
74.7.243.247 - - [05/Aug/2026:01:42:29 -0700] "GET /?path=//proc/719607/cwd/opt/alt/tests/alt-php74-pecl-dbase_7.1.1-1.el8/tests HTTP/2.0" 200 2605 "https://focbs.com/?path=//proc/719607/cwd/opt/alt/tests/alt-php74-pecl-dbase_7.1.1-1.el8" "Mozilla/5.0 AppleWebKit/537.36 (KHTML, like Gecko; compatible; GPTBot/1.4; +https://openai.com/gptbot)" 122 **0/122899**
74.7.243.247 - - [05/Aug/2026:01:42:29 -0700] "GET /?path=//proc/719607/cwd/opt/alt/tests/alt-php56-pecl-ares_0.8.0-1.el8/tests HTTP/2.0" 200 2604 "https://focbs.com/?path=//proc/719607/cwd/opt/alt/tests/alt-php56-pecl-ares_0.8.0-1.el8" "Mozilla/5.0 AppleWebKit/537.36 (KHTML, like Gecko; compatible; GPTBot/1.4; +https://openai.com/gptbot)" 108 **0/108987**
74.7.243.247 - - [05/Aug/2026:01:42:30 -0700] "GET /?path=//proc/719607/cwd/opt/alt/tests/alt-php82-pecl-dbase_7.1.1-1.el8/tests HTTP/2.0" 200 2604 "https://focbs.com/?path=//proc/719607/cwd/opt/alt/tests/alt-php82-pecl-dbase_7.1.1-1.el8" "Mozilla/5.0 AppleWebKit/537.36 (KHTML, like Gecko; compatible; GPTBot/1.4; +https://openai.com/gptbot)" 117 **0/117549**
57.141.18.22 - - [05/Aug/2026:01:42:30 -0700] "GET /2026/07/18/exploring-the-appeal-of-mostbet-oferuje-bogaty-wybor-gier-in-2023/?fileloc=//lib64/libhwy.so.1.0.2&path=//lib64 HTTP/2.0" 200 2481 "-" "Mozilla/5.0 (Windows NT 10.0; Win64; x64) AppleWebKit/537.36 (KHTML, like Gecko) Chrome/145.0.0.0 Safari/537.36 (compatible; meta-externalagent/1.1 (+https://developers.facebook.com/docs/sharing/webmasters/crawler))" 125 **0/125821**
74.7.243.247 - - [05/Aug/2026:01:42:30 -0700] "GET /?path=//proc/719607/cwd/opt/alt/tests/alt-php56-pecl-stomp_1.0.8-1.el8/tests HTTP/2.0" 200 2605 "https://focbs.com/?path=//proc/719607/cwd/opt/alt/tests/alt-php56-pecl-stomp_1.0.8-1.el8" "Mozilla/5.0 AppleWebKit/537.36 (KHTML, like Gecko; compatible; GPTBot/1.4; +https://openai.com/gptbot)" 115 **0/115889**
57.141.18.31 - - [05/Aug/2026:01:42:30 -0700] "GET /2026/07/18/exploring-the-appeal-of-mostbet-oferuje-bogaty-wybor-gier-in-2023/?fileloc=//lib64/libcgraph.so.6.0.0&path=//lib64 HTTP/2.0" 200 2483 "-" "Mozilla/5.0 (X11; Linux x86_64) AppleWebKit/537.36 (KHTML, like Gecko) Chrome/145.0.0.0 Safari/537.36 (compatible; meta-externalagent/1.1 (+https://developers.facebook.com/docs/sharing/webmasters/crawler))" 121 **0/121437**
57.141.18.23 - - [05/Aug/2026:01:42:30 -0700] "GET /2026/07/19/utmaningar-for-casino-utan-svensk-licens-med-10-euro-insattningar-en-vaxande-oro/?fileloc=/home/l2pbkn5l6xav/mail/new/1710195857.M776085P3563069.a2plcpnl0805.prod.iad2.secureserver.net,S=5240,W=5332&path=/home/l2pbkn5l6xav/mail/new HTTP/2.0" 200 4513 "-" "Mozilla/5.0 (Windows NT 10.0; Win64; x64) AppleWebKit/537.36 (KHTML, like Gecko) Chrome/145.0.0.0 Safari/537.36 (compatible; meta-externalagent/1.1 (+https://developers.facebook.com/docs/sharing/webmasters/crawler))" 125 **0/125003**
74.7.243.247 - - [05/Aug/2026:01:42:31 -0700] "GET /?path=//proc/719607/cwd/opt/alt/tests/alt-php70-pecl-ssh2_1.4.1-1.el8/tests HTTP/2.0" 200 2604 "https://focbs.com/?path=//proc/719607/cwd/opt/alt/tests/alt-php70-pecl-ssh2_1.4.1-1.el8" "Mozilla/5.0 AppleWebKit/537.36 (KHTML, like Gecko; compatible; GPTBot/1.4; +https://openai.com/gptbot)" 115 **0/115998**
74.7.243.247 - - [05/Aug/2026:01:42:31 -0700] "GET /?path=//proc/719607/cwd/opt/alt/tests/alt-php70-pecl-geoip_1.1.1-1.el8/tests HTTP/2.0" 200 2603 "https://focbs.com/?path=//proc/719607/cwd/opt/alt/tests/alt-php70-pecl-geoip_1.1.1-1.el8" "Mozilla/5.0 AppleWebKit/537.36 (KHTML, like Gecko; compatible; GPTBot/1.4; +https://openai.com/gptbot)" 112 **0/112377**
74.7.243.247 - - [05/Aug/2026:01:42:32 -0700] "GET /?path=//proc/719607/cwd/opt/alt/tests/alt-php81-pecl-ssh2_1.5.0-1.el8/tests HTTP/2.0" 200 2605 "https://focbs.com/?path=//proc/719607/cwd/opt/alt/tests/alt-php81-pecl-ssh2_1.5.0-1.el8" "Mozilla/5.0 AppleWebKit/537.36 (KHTML, like Gecko; compatible; GPTBot/1.4; +https://openai.com/gptbot)" 110 **0/110839**
74.7.243.247 - - [05/Aug/2026:01:42:32 -0700] "GET /?path=//proc/719607/cwd/opt/alt/tests/alt-php80-pecl-http_4.2.6-4.el8/tests HTTP/2.0" 200 2606 "https://focbs.com/?path=//proc/719607/cwd/opt/alt/tests/alt-php80-pecl-http_4.2.6-4.el8" "Mozilla/5.0 AppleWebKit/537.36 (KHTML, like Gecko; compatible; GPTBot/1.4; +https://openai.com/gptbot)" 114 **0/114909**
57.141.18.89 - - [05/Aug/2026:01:42:33 -0700] "GET /2026/07/18/wie-fange-ich-an-bei-sportwetten-ohne-oasis-fur-maximale-gewinne/?fileloc=//lib/.build-id/dc/19f2dd81800df4c624aeaaf526574097793719&path=//lib/.build-id/dc HTTP/2.0" 200 2520 "-" "Mozilla/5.0 (Macintosh; Intel Mac OS X 10_15_7) AppleWebKit/537.36 (KHTML, like Gecko) Chrome/145.0.0.0 Safari/537.36 (compatible; meta-externalagent/1.1 (+https://developers.facebook.com/docs/sharing/webmasters/crawler))" 108 **0/108834**
74.7.243.247 - - [05/Aug/2026:01:42:33 -0700] "GET /?path=//proc/719607/cwd/opt/alt/tests/alt-php72-pecl-solr_2.6.0-1.el8/tests HTTP/2.0" 200 2603 "https://focbs.com/?path=//proc/719607/cwd/opt/alt/tests/alt-php72-pecl-solr_2.6.0-1.el8" "Mozilla/5.0 AppleWebKit/537.36 (KHTML, like Gecko; compatible; GPTBot/1.4; +https://openai.com/gptbot)" 106 **0/106503**
74.7.243.247 - - [05/Aug/2026:01:42:33 -0700] "GET /?path=//proc/719607/cwd/opt/alt/tests/alt-php74-pecl-ssh2_1.4.1-1.el8/tests HTTP/2.0" 200 2604 "https://focbs.com/?path=//proc/719607/cwd/opt/alt/tests/alt-php74-pecl-ssh2_1.4.1-1.el8" "Mozilla/5.0 AppleWebKit/537.36 (KHTML, like Gecko; compatible; GPTBot/1.4; +https://openai.com/gptbot)" 107 **0/107934**
57.141.18.119 - - [05/Aug/2026:01:42:34 -0700] "GET /2026/07/18/wie-fange-ich-an-bei-sportwetten-ohne-oasis-fur-maximale-gewinne/?fileloc=//usr/bin/perlthanks&path=//usr/bin HTTP/2.0" 200 18609 "-" "Mozilla/5.0 (X11; Linux x86_64) AppleWebKit/537.36 (KHTML, like Gecko) Chrome/145.0.0.0 Safari/537.36 (compatible; meta-externalagent/1.1 (+https://developers.facebook.com/docs/sharing/webmasters/crawler))" 116 **0/116943**
74.7.243.247 - - [05/Aug/2026:01:42:34 -0700] "GET /?path=//proc/719607/cwd/opt/alt/tests/alt-php73-pecl-dbase_7.1.1-1.el8/tests HTTP/2.0" 200 2605 "https://focbs.com/?path=//proc/719607/cwd/opt/alt/tests/alt-php73-pecl-dbase_7.1.1-1.el8" "Mozilla/5.0 AppleWebKit/537.36 (KHTML, like Gecko; compatible; GPTBot/1.4; +https://openai.com/gptbot)" 102 **0/102959**
216.73.216.114 - - [05/Aug/2026:01:42:34 -0700] "GET /?fileloc=%2F%2Fusr%2Flib64%2Fpython3.12%2Flib2to3%2Ffixes%2F__pycache__%2Ffix_set_literal.cpython-312.pyc&path=%2F%2Fusr%2Flib64%2Fpython3.12%2Flib2to3%2Ffixes%2F__pycache__ HTTP/2.0" 200 2551 "-" "Mozilla/5.0 AppleWebKit/537.36 (KHTML, like Gecko; compatible; ClaudeBot/1.0; +claudebot@anthropic.com)" 112 **0/112946**
57.141.18.74 - - [05/Aug/2026:01:42:34 -0700] "GET /2026/07/18/wie-fange-ich-an-bei-sportwetten-ohne-oasis-fur-maximale-gewinne/?fileloc=//usr/bin/script&path=//usr/bin HTTP/2.0" 200 2482 "-" "Mozilla/5.0 (Windows NT 10.0; Win64; x64) AppleWebKit/537.36 (KHTML, like Gecko) Chrome/145.0.0.0 Safari/537.36 (compatible; meta-externalagent/1.1 (+https://developers.facebook.com/docs/sharing/webmasters/crawler))" 116 **0/116041**
74.7.243.247 - - [05/Aug/2026:01:42:35 -0700] "GET /?path=//proc/719607/cwd/opt/alt/tests/alt-php54-pecl-http_2.6.0-1.el8/tests HTTP/2.0" 200 2607 "https://focbs.com/?path=//proc/719607/cwd/opt/alt/tests/alt-php54-pecl-http_2.6.0-1.el8" "Mozilla/5.0 AppleWebKit/537.36 (KHTML, like Gecko; compatible; GPTBot/1.4; +https://openai.com/gptbot)" 117 **0/117720**
