57.141.18.94 - - [05/Aug/2026:01:10:52 -0700] "GET /2026/07/19/jak-aktywowac-voucher-free-spins-w-mostbet-dla-doswiadczonych-graczy/?fileloc=//lib64/libssh.so.4&path=//lib64 HTTP/2.0" 429 267 "-" "Mozilla/5.0 (Windows NT 10.0; Win64; x64) AppleWebKit/537.36 (KHTML, like Gecko) Chrome/145.0.0.0 Safari/537.36 (compatible; meta-externalagent/1.1 (+https://developers.facebook.com/docs/sharing/webmasters/crawler))" 20 **0/20610**
57.141.18.39 - - [05/Aug/2026:01:10:52 -0700] "GET /2026/07/19/jak-aktywowac-voucher-free-spins-w-mostbet-dla-doswiadczonych-graczy/?fileloc=//lib64/libmenu.so.6&path=//lib64 HTTP/2.0" 429 267 "-" "Mozilla/5.0 (Windows NT 10.0; Win64; x64) AppleWebKit/537.36 (KHTML, like Gecko) Chrome/145.0.0.0 Safari/537.36 (compatible; meta-externalagent/1.1 (+https://developers.facebook.com/docs/sharing/webmasters/crawler))" 10 **0/10652**
57.141.18.122 - - [05/Aug/2026:01:10:52 -0700] "GET /2026/07/19/jak-aktywowac-voucher-free-spins-w-mostbet-dla-doswiadczonych-graczy/?fileloc=//lib64/libdrm.so.2&path=//lib64 HTTP/2.0" 429 267 "-" "Mozilla/5.0 (Windows NT 10.0; Win64; x64) AppleWebKit/537.36 (KHTML, like Gecko) Chrome/145.0.0.0 Safari/537.36 (compatible; meta-externalagent/1.1 (+https://developers.facebook.com/docs/sharing/webmasters/crawler))" 12 **0/12460**
66.249.72.227 - - [05/Aug/2026:01:10:52 -0700] "GET /?p=21419618471100 HTTP/1.1" 200 18537 "-" "Mozilla/5.0 (Linux; Android 6.0.1; Nexus 5X Build/MMB29P) AppleWebKit/537.36 (KHTML, like Gecko) Chrome/150.0.7871.186 Mobile Safari/537.36 (compatible; Googlebot/2.1; +http://www.google.com/bot.html)" 331 **0/331557**
57.141.18.9 - - [05/Aug/2026:01:10:53 -0700] "GET /2026/07/19/jak-aktywowac-voucher-free-spins-w-mostbet-dla-doswiadczonych-graczy/?path=//lib64/pm-utils HTTP/2.0" 429 267 "-" "Mozilla/5.0 (Macintosh; Intel Mac OS X 10_15_7) AppleWebKit/537.36 (KHTML, like Gecko) Chrome/145.0.0.0 Safari/537.36 (compatible; meta-externalagent/1.1 (+https://developers.facebook.com/docs/sharing/webmasters/crawler))" 13 **0/13404**
66.249.72.227 - - [05/Aug/2026:01:10:53 -0700] "GET /?productSearch/pictureSearch?id=66084766471100 HTTP/1.1" 200 19804 "-" "Mozilla/5.0 (Linux; Android 6.0.1; Nexus 5X Build/MMB29P) AppleWebKit/537.36 (KHTML, like Gecko) Chrome/150.0.7871.186 Mobile Safari/537.36 (compatible; Googlebot/2.1; +http://www.google.com/bot.html)" 333 **0/333735**
57.141.18.49 - - [05/Aug/2026:01:10:53 -0700] "GET /2026/07/19/jak-aktywowac-voucher-free-spins-w-mostbet-dla-doswiadczonych-graczy/?fileloc=//lib64/libprotoc.so.15&path=//lib64 HTTP/2.0" 429 267 "-" "Mozilla/5.0 (Windows NT 10.0; Win64; x64) AppleWebKit/537.36 (KHTML, like Gecko) Chrome/145.0.0.0 Safari/537.36 (compatible; meta-externalagent/1.1 (+https://developers.facebook.com/docs/sharing/webmasters/crawler))" 13 **0/13073**
57.141.18.106 - - [05/Aug/2026:01:10:53 -0700] "GET /2026/07/19/jak-aktywowac-voucher-free-spins-w-mostbet-dla-doswiadczonych-graczy/?fileloc=//lib64/libevent_pthreads-2.1.so.6&path=//lib64 HTTP/2.0" 429 267 "-" "Mozilla/5.0 (Windows NT 10.0; Win64; x64) AppleWebKit/537.36 (KHTML, like Gecko) Chrome/145.0.0.0 Safari/537.36 (compatible; meta-externalagent/1.1 (+https://developers.facebook.com/docs/sharing/webmasters/crawler))" 11 **0/11430**
57.141.18.71 - - [05/Aug/2026:01:10:53 -0700] "GET /2026/07/19/jak-aktywowac-voucher-free-spins-w-mostbet-dla-doswiadczonych-graczy/?fileloc=//lib64/libanl-2.28.so&path=//lib64 HTTP/2.0" 429 267 "-" "Mozilla/5.0 (Windows NT 10.0; Win64; x64) AppleWebKit/537.36 (KHTML, like Gecko) Chrome/144.0.0.0 Safari/537.36 Edg/144.0.0.0 (compatible; meta-externalagent/1.1 (+https://developers.facebook.com/docs/sharing/webmasters/crawler))" 9 **0/9785**
57.141.18.111 - - [05/Aug/2026:01:10:54 -0700] "GET /2026/07/19/jak-aktywowac-voucher-free-spins-w-mostbet-dla-doswiadczonych-graczy/?fileloc=//lib64/libhdf5_cpp.so.103.1.0&path=//lib64 HTTP/2.0" 429 267 "-" "Mozilla/5.0 (Macintosh; Intel Mac OS X 10_15_7) AppleWebKit/537.36 (KHTML, like Gecko) Chrome/145.0.0.0 Safari/537.36 (compatible; meta-externalagent/1.1 (+https://developers.facebook.com/docs/sharing/webmasters/crawler))" 15 **0/15754**
74.7.243.247 - - [05/Aug/2026:01:10:54 -0700] "GET /?path=//proc/719607/cwd/opt/alt/tests/alt-php56-pecl-weakref_0.2.6-1.el8 HTTP/2.0" 200 2603 "https://focbs.com/?path=//proc/719607/cwd/opt/alt/tests" "Mozilla/5.0 AppleWebKit/537.36 (KHTML, like Gecko; compatible; GPTBot/1.4; +https://openai.com/gptbot)" 106 **0/106576**
57.141.18.111 - - [05/Aug/2026:01:10:54 -0700] "GET /2026/07/19/jak-aktywowac-voucher-free-spins-w-mostbet-dla-doswiadczonych-graczy/?fileloc=//lib64/libipset.so.13&path=//lib64 HTTP/2.0" 429 267 "-" "Mozilla/5.0 (Macintosh; Intel Mac OS X 10_15_7) AppleWebKit/537.36 (KHTML, like Gecko) Chrome/145.0.0.0 Safari/537.36 (compatible; meta-externalagent/1.1 (+https://developers.facebook.com/docs/sharing/webmasters/crawler))" 15 **0/15584**
57.141.18.110 - - [05/Aug/2026:01:10:55 -0700] "GET /2026/07/19/jak-aktywowac-voucher-free-spins-w-mostbet-dla-doswiadczonych-graczy/?fileloc=//lib64/libdrm_radeon.so.1&path=//lib64 HTTP/2.0" 429 267 "-" "Mozilla/5.0 (Windows NT 10.0; Win64; x64) AppleWebKit/537.36 (KHTML, like Gecko) Chrome/145.0.0.0 Safari/537.36 Edg/145.0.0.0 (compatible; meta-externalagent/1.1 (+https://developers.facebook.com/docs/sharing/webmasters/crawler))" 11 **0/11392**
57.141.18.118 - - [05/Aug/2026:01:10:55 -0700] "GET /2026/07/19/jak-aktywowac-voucher-free-spins-w-mostbet-dla-doswiadczonych-graczy/?fileloc=//lib64/libnfnetlink.so.0&path=//lib64 HTTP/2.0" 429 267 "-" "Mozilla/5.0 (Windows NT 10.0; Win64; x64) AppleWebKit/537.36 (KHTML, like Gecko) Chrome/145.0.0.0 Safari/537.36 (compatible; meta-externalagent/1.1 (+https://developers.facebook.com/docs/sharing/webmasters/crawler))" 12 **0/12348**
57.141.18.16 - - [05/Aug/2026:01:10:55 -0700] "GET /2026/07/19/jak-aktywowac-voucher-free-spins-w-mostbet-dla-doswiadczonych-graczy/?fileloc=//lib64/librsvg-2.so.2.42.7&path=//lib64 HTTP/2.0" 429 267 "-" "Mozilla/5.0 (Macintosh; Intel Mac OS X 10_15_7) AppleWebKit/537.36 (KHTML, like Gecko) Chrome/145.0.0.0 Safari/537.36 (compatible; meta-externalagent/1.1 (+https://developers.facebook.com/docs/sharing/webmasters/crawler))" 18 **0/18545**
57.141.18.34 - - [05/Aug/2026:01:10:56 -0700] "GET /2026/07/19/jak-aktywowac-voucher-free-spins-w-mostbet-dla-doswiadczonych-graczy/?fileloc=//lib64/libkadm5clnt_mit.so.12&path=//lib64 HTTP/2.0" 429 267 "-" "Mozilla/5.0 (Windows NT 10.0; Win64; x64) AppleWebKit/537.36 (KHTML, like Gecko) Chrome/145.0.0.0 Safari/537.36 (compatible; meta-externalagent/1.1 (+https://developers.facebook.com/docs/sharing/webmasters/crawler))" 11 **0/11579**
57.141.18.123 - - [05/Aug/2026:01:10:57 -0700] "GET /2026/07/19/jak-aktywowac-voucher-free-spins-w-mostbet-dla-doswiadczonych-graczy/?fileloc=//lib64/libaspell.so.15.1.5&path=//lib64 HTTP/2.0" 429 267 "-" "Mozilla/5.0 (Windows NT 10.0; Win64; x64) AppleWebKit/537.36 (KHTML, like Gecko) Chrome/145.0.0.0 Safari/537.36 (compatible; meta-externalagent/1.1 (+https://developers.facebook.com/docs/sharing/webmasters/crawler))" 16 **0/16260**
57.141.18.10 - - [05/Aug/2026:01:10:57 -0700] "GET /2026/07/19/jak-aktywowac-voucher-free-spins-w-mostbet-dla-doswiadczonych-graczy/?fileloc=//lib64/libmysqlclient_r.so&path=//lib64 HTTP/2.0" 429 267 "-" "Mozilla/5.0 (Macintosh; Intel Mac OS X 10_15_7) AppleWebKit/537.36 (KHTML, like Gecko) Chrome/145.0.0.0 Safari/537.36 (compatible; meta-externalagent/1.1 (+https://developers.facebook.com/docs/sharing/webmasters/crawler))" 17 **0/17035**
74.7.243.247 - - [05/Aug/2026:01:10:57 -0700] "GET /?path=//proc/719607/cwd/opt/alt/tests/alt-php83-pecl-gearman_2.2.1-1.el8 HTTP/2.0" 200 2602 "https://focbs.com/?path=//proc/719607/cwd/opt/alt/tests" "Mozilla/5.0 AppleWebKit/537.36 (KHTML, like Gecko; compatible; GPTBot/1.4; +https://openai.com/gptbot)" 115 **0/115698**
57.141.18.86 - - [05/Aug/2026:01:10:59 -0700] "GET /2026/07/19/jak-aktywowac-voucher-free-spins-w-mostbet-dla-doswiadczonych-graczy/?fileloc=//lib64/libini_config.so.5.2.1&path=//lib64 HTTP/2.0" 429 267 "-" "Mozilla/5.0 (Windows NT 10.0; Win64; x64) AppleWebKit/537.36 (KHTML, like Gecko) Chrome/145.0.0.0 Safari/537.36 (compatible; meta-externalagent/1.1 (+https://developers.facebook.com/docs/sharing/webmasters/crawler))" 12 **0/12905**
57.141.18.79 - - [05/Aug/2026:01:11:00 -0700] "GET /2026/07/19/jak-aktywowac-voucher-free-spins-w-mostbet-dla-doswiadczonych-graczy/?fileloc=//lib64/libcc1.so.0&path=//lib64 HTTP/2.0" 429 267 "-" "Mozilla/5.0 (Windows NT 10.0; Win64; x64) AppleWebKit/537.36 (KHTML, like Gecko) Chrome/145.0.0.0 Safari/537.36 (compatible; meta-externalagent/1.1 (+https://developers.facebook.com/docs/sharing/webmasters/crawler))" 14 **0/14590**
74.7.243.247 - - [05/Aug/2026:01:11:00 -0700] "GET /?path=//proc/719607/cwd/opt/alt/tests/alt-php81-pecl-gearman_2.2.1-1.el8 HTTP/2.0" 200 2602 "https://focbs.com/?path=//proc/719607/cwd/opt/alt/tests" "Mozilla/5.0 AppleWebKit/537.36 (KHTML, like Gecko; compatible; GPTBot/1.4; +https://openai.com/gptbot)" 128 **0/128605**
74.7.243.247 - - [05/Aug/2026:01:11:03 -0700] "GET /?path=//proc/719607/cwd/opt/alt/tests/alt-php80-pecl-gearman_2.1.4-1.el8 HTTP/2.0" 200 2602 "https://focbs.com/?path=//proc/719607/cwd/opt/alt/tests" "Mozilla/5.0 AppleWebKit/537.36 (KHTML, like Gecko; compatible; GPTBot/1.4; +https://openai.com/gptbot)" 144 **0/144513**
57.141.18.71 - - [05/Aug/2026:01:11:03 -0700] "GET /2026/07/19/jak-aktywowac-voucher-free-spins-w-mostbet-dla-doswiadczonych-graczy/?fileloc=//lib64/libavahi-client.so.3.2.9&path=//lib64 HTTP/2.0" 429 267 "-" "Mozilla/5.0 (Macintosh; Intel Mac OS X 10_15_7) AppleWebKit/537.36 (KHTML, like Gecko) Chrome/145.0.0.0 Safari/537.36 (compatible; meta-externalagent/1.1 (+https://developers.facebook.com/docs/sharing/webmasters/crawler))" 17 **0/17387**
57.141.18.16 - - [05/Aug/2026:01:11:04 -0700] "GET /2026/07/19/jak-aktywowac-voucher-free-spins-w-mostbet-dla-doswiadczonych-graczy/?fileloc=//lib64/libnpth.so.0&path=//lib64 HTTP/2.0" 429 267 "-" "Mozilla/5.0 (Windows NT 10.0; Win64; x64) AppleWebKit/537.36 (KHTML, like Gecko) Chrome/145.0.0.0 Safari/537.36 (compatible; meta-externalagent/1.1 (+https://developers.facebook.com/docs/sharing/webmasters/crawler))" 27 **0/27413**
74.7.243.247 - - [05/Aug/2026:01:11:05 -0700] "GET /?path=//proc/719607/cwd/opt/alt/tests/alt-php71-pecl-gearman_2.1.4-1.el8 HTTP/2.0" 200 2601 "https://focbs.com/?path=//proc/719607/cwd/opt/alt/tests" "Mozilla/5.0 AppleWebKit/537.36 (KHTML, like Gecko; compatible; GPTBot/1.4; +https://openai.com/gptbot)" 113 **0/113598**
66.249.72.228 - - [05/Aug/2026:01:11:06 -0700] "GET /?productSearch/pictureSearch?id=70229440671100 HTTP/1.1" 200 17843 "-" "Mozilla/5.0 (Linux; Android 6.0.1; Nexus 5X Build/MMB29P) AppleWebKit/537.36 (KHTML, like Gecko) Chrome/150.0.7871.186 Mobile Safari/537.36 (compatible; Googlebot/2.1; +http://www.google.com/bot.html)" 314 **0/314680**
47.79.13.106 - - [05/Aug/2026:01:11:06 -0700] "GET /?p=50109691071100 HTTP/1.1" 200 7004 "https://focbs.com/" "Mozilla/5.0 (Windows NT 10.0; Win64; x64) AppleWebKit/537.36 (KHTML, like Gecko) Chrome/135.0.0.0 Safari/537.36" 3 **0/3228**
74.7.243.247 - - [05/Aug/2026:01:11:08 -0700] "GET /?path=//proc/719607/cwd/opt/alt/tests/alt-php70-pecl-imagick_3.7.0-6.el8 HTTP/2.0" 200 2602 "https://focbs.com/?path=//proc/719607/cwd/opt/alt/tests" "Mozilla/5.0 AppleWebKit/537.36 (KHTML, like Gecko; compatible; GPTBot/1.4; +https://openai.com/gptbot)" 121 **0/121137**
57.141.18.39 - - [05/Aug/2026:01:11:08 -0700] "GET /2026/07/19/jak-aktywowac-voucher-free-spins-w-mostbet-dla-doswiadczonych-graczy/?fileloc=//lib64/libtiff.so&path=//lib64 HTTP/2.0" 429 267 "-" "Mozilla/5.0 (Macintosh; Intel Mac OS X 10_15_7) AppleWebKit/537.36 (KHTML, like Gecko) Chrome/145.0.0.0 Safari/537.36 (compatible; meta-externalagent/1.1 (+https://developers.facebook.com/docs/sharing/webmasters/crawler))" 14 **0/14311**
57.141.18.124 - - [05/Aug/2026:01:11:08 -0700] "GET /2026/07/19/jak-aktywowac-voucher-free-spins-w-mostbet-dla-doswiadczonych-graczy/?path=//lib64/python2.7 HTTP/2.0" 429 267 "-" "Mozilla/5.0 (Macintosh; Intel Mac OS X 10_15_7) AppleWebKit/537.36 (KHTML, like Gecko) Chrome/145.0.0.0 Safari/537.36 (compatible; meta-externalagent/1.1 (+https://developers.facebook.com/docs/sharing/webmasters/crawler))" 15 **0/15399**
74.7.243.247 - - [05/Aug/2026:01:11:09 -0700] "GET /?path=//proc/719607/cwd/opt/alt/tests/alt-php54-pecl-msgpack_0.5.7-1.el8 HTTP/2.0" 200 2602 "https://focbs.com/?path=//proc/719607/cwd/opt/alt/tests" "Mozilla/5.0 AppleWebKit/537.36 (KHTML, like Gecko; compatible; GPTBot/1.4; +https://openai.com/gptbot)" 117 **0/117625**
74.7.243.247 - - [05/Aug/2026:01:11:11 -0700] "GET /?path=//proc/719607/cwd/opt/alt/tests/alt-php70-pecl-msgpack_2.2.0-1.el8 HTTP/2.0" 200 2601 "https://focbs.com/?path=//proc/719607/cwd/opt/alt/tests" "Mozilla/5.0 AppleWebKit/537.36 (KHTML, like Gecko; compatible; GPTBot/1.4; +https://openai.com/gptbot)" 135 **0/135196**
74.7.243.247 - - [05/Aug/2026:01:11:13 -0700] "GET /?path=//proc/719607/cwd/opt/alt/tests/alt-php83-pecl-leveldb_0.3.0-1.el8 HTTP/2.0" 200 2604 "https://focbs.com/?path=//proc/719607/cwd/opt/alt/tests" "Mozilla/5.0 AppleWebKit/537.36 (KHTML, like Gecko; compatible; GPTBot/1.4; +https://openai.com/gptbot)" 118 **0/118916**
57.141.18.105 - - [05/Aug/2026:01:11:13 -0700] "GET /2026/07/19/jak-aktywowac-voucher-free-spins-w-mostbet-dla-doswiadczonych-graczy/?fileloc=//lib64/libnssdbm3.chk&path=//lib64 HTTP/2.0" 429 267 "-" "Mozilla/5.0 (Windows NT 10.0; Win64; x64) AppleWebKit/537.36 (KHTML, like Gecko) Chrome/145.0.0.0 Safari/537.36 (compatible; meta-externalagent/1.1 (+https://developers.facebook.com/docs/sharing/webmasters/crawler))" 10 **0/10216**
57.141.18.118 - - [05/Aug/2026:01:11:14 -0700] "GET /2026/07/19/utmaningar-for-casino-utan-svensk-licens-med-10-euro-insattningar-en-vaxande-oro/?fileloc=/home/l2pbkn5l6xav/mail/new/1621443067.M685454P2810739.a2plcpnl0805.prod.iad2.secureserver.net,S=7572,W=7694&path=/home/l2pbkn5l6xav/mail/new HTTP/2.0" 429 267 "-" "Mozilla/5.0 (X11; Linux x86_64) AppleWebKit/537.36 (KHTML, like Gecko) Chrome/145.0.0.0 Safari/537.36 (compatible; meta-externalagent/1.1 (+https://developers.facebook.com/docs/sharing/webmasters/crawler))" 13 **0/13307**
74.7.243.247 - - [05/Aug/2026:01:11:14 -0700] "GET /?path=//proc/719607/cwd/opt/alt/tests/alt-php56-pecl-msgpack_0.5.7-1.el8 HTTP/2.0" 200 2602 "https://focbs.com/?path=//proc/719607/cwd/opt/alt/tests" "Mozilla/5.0 AppleWebKit/537.36 (KHTML, like Gecko; compatible; GPTBot/1.4; +https://openai.com/gptbot)" 114 **0/114776**
74.7.243.247 - - [05/Aug/2026:01:11:15 -0700] "GET /?path=//proc/719607/cwd/opt/alt/tests/alt-php84-brotli_0.5.0-3.el8 HTTP/2.0" 200 2598 "https://focbs.com/?path=//proc/719607/cwd/opt/alt/tests" "Mozilla/5.0 AppleWebKit/537.36 (KHTML, like Gecko; compatible; GPTBot/1.4; +https://openai.com/gptbot)" 129 **0/129233**
74.7.243.247 - - [05/Aug/2026:01:11:16 -0700] "GET /?fileloc=//proc/719607/root/lib/systemd/system/initrd.target.wants/dracut-initqueue.service&path=//proc/719607/root/lib/systemd/system/initrd.target.wants HTTP/2.0" 200 2550 "https://focbs.com/?path=//proc/719607/root/lib/systemd/system/initrd.target.wants" "Mozilla/5.0 AppleWebKit/537.36 (KHTML, like Gecko; compatible; GPTBot/1.4; +https://openai.com/gptbot)" 115 **0/115508**
74.7.243.247 - - [05/Aug/2026:01:11:17 -0700] "GET /?fileloc=//proc/719607/root/lib/.build-id/da/433fd3d5bc1561d16d5aca8179c68162dd13e5&path=//proc/719607/root/lib/.build-id/da HTTP/2.0" 200 2550 "https://focbs.com/?path=//proc/719607/root/lib/.build-id/da" "Mozilla/5.0 AppleWebKit/537.36 (KHTML, like Gecko; compatible; GPTBot/1.4; +https://openai.com/gptbot)" 126 **0/126634**
74.7.243.247 - - [05/Aug/2026:01:11:18 -0700] "GET /?path=//proc/719607/root/proc/self/root/lib/systemd/system-shutdown HTTP/2.0" 200 2602 "https://focbs.com/?path=//proc/719607/root/proc/self/root/lib/systemd" "Mozilla/5.0 AppleWebKit/537.36 (KHTML, like Gecko; compatible; GPTBot/1.4; +https://openai.com/gptbot)" 119 **0/119801**
74.7.243.247 - - [05/Aug/2026:01:11:19 -0700] "GET /?path=//proc/719607/root/proc/self/root/opt/cpanel/ea-wappspector/src/Matchers HTTP/2.0" 200 2623 "https://focbs.com/?path=//proc/719607/root/proc/self/root/opt/cpanel/ea-wappspector/src" "Mozilla/5.0 AppleWebKit/537.36 (KHTML, like Gecko; compatible; GPTBot/1.4; +https://openai.com/gptbot)" 113 **0/113375**
57.141.18.21 - - [05/Aug/2026:01:11:20 -0700] "GET /2026/07/19/jak-aktywowac-voucher-free-spins-w-mostbet-dla-doswiadczonych-graczy/?fileloc=//lib64/libapr-1.so.0.6.3&path=//lib64 HTTP/2.0" 429 267 "-" "Mozilla/5.0 (Windows NT 10.0; Win64; x64) AppleWebKit/537.36 (KHTML, like Gecko) Chrome/145.0.0.0 Safari/537.36 (compatible; meta-externalagent/1.1 (+https://developers.facebook.com/docs/sharing/webmasters/crawler))" 12 **0/12972**
74.7.243.247 - - [05/Aug/2026:01:11:20 -0700] "GET /?path=//proc/719607/root/proc/self/root/opt/cpanel/ea-wappspector/src/Command HTTP/2.0" 200 2623 "https://focbs.com/?path=//proc/719607/root/proc/self/root/opt/cpanel/ea-wappspector/src" "Mozilla/5.0 AppleWebKit/537.36 (KHTML, like Gecko; compatible; GPTBot/1.4; +https://openai.com/gptbot)" 129 **0/129633**
74.7.243.247 - - [05/Aug/2026:01:11:21 -0700] "GET /?path=//proc/719607/root/proc/self/root/opt/cpanel/ea-wappspector/src/Helper HTTP/2.0" 200 2621 "https://focbs.com/?path=//proc/719607/root/proc/self/root/opt/cpanel/ea-wappspector/src" "Mozilla/5.0 AppleWebKit/537.36 (KHTML, like Gecko; compatible; GPTBot/1.4; +https://openai.com/gptbot)" 105 **0/105454**
57.141.18.117 - - [05/Aug/2026:01:11:21 -0700] "GET /2026/07/19/jak-aktywowac-voucher-free-spins-w-mostbet-dla-doswiadczonych-graczy/?fileloc=//lib64/libexslt.so.0.8.20&path=//lib64 HTTP/2.0" 429 267 "-" "Mozilla/5.0 (Macintosh; Intel Mac OS X 10_15_7) AppleWebKit/537.36 (KHTML, like Gecko) Chrome/145.0.0.0 Safari/537.36 (compatible; meta-externalagent/1.1 (+https://developers.facebook.com/docs/sharing/webmasters/crawler))" 10 **0/10759**
74.7.243.247 - - [05/Aug/2026:01:11:21 -0700] "GET /?path=//proc/719607/cwd/opt/alt/tests/alt-php71-pecl-psr_1.1.0-1.el8/tests HTTP/2.0" 200 2603 "https://focbs.com/?path=//proc/719607/cwd/opt/alt/tests/alt-php71-pecl-psr_1.1.0-1.el8" "Mozilla/5.0 AppleWebKit/537.36 (KHTML, like Gecko; compatible; GPTBot/1.4; +https://openai.com/gptbot)" 111 **0/111956**
66.249.72.228 - - [05/Aug/2026:01:11:21 -0700] "GET /?p=39562204271100 HTTP/1.1" 200 18664 "-" "Mozilla/5.0 (Linux; Android 6.0.1; Nexus 5X Build/MMB29P) AppleWebKit/537.36 (KHTML, like Gecko) Chrome/150.0.7871.186 Mobile Safari/537.36 (compatible; Googlebot/2.1; +http://www.google.com/bot.html)" 328 **0/328765**
74.7.243.247 - - [05/Aug/2026:01:11:22 -0700] "GET /?path=//proc/719607/cwd/opt/alt/tests/alt-php70-pecl-psr_1.1.0-1.el8/tests HTTP/2.0" 200 2603 "https://focbs.com/?path=//proc/719607/cwd/opt/alt/tests/alt-php70-pecl-psr_1.1.0-1.el8" "Mozilla/5.0 AppleWebKit/537.36 (KHTML, like Gecko; compatible; GPTBot/1.4; +https://openai.com/gptbot)" 111 **0/111831**
74.7.243.247 - - [05/Aug/2026:01:11:22 -0700] "GET /?path=//proc/719607/cwd/usr/include/mysql HTTP/2.0" 200 2576 "https://focbs.com/?path=//proc/719607/cwd/usr/include" "Mozilla/5.0 AppleWebKit/537.36 (KHTML, like Gecko; compatible; GPTBot/1.4; +https://openai.com/gptbot)" 124 **0/124582**
74.7.243.247 - - [05/Aug/2026:01:11:23 -0700] "GET /?path=//proc/719607/cwd/lib/environment.d HTTP/2.0" 200 2569 "https://focbs.com/?path=//proc/719607/cwd/lib" "Mozilla/5.0 AppleWebKit/537.36 (KHTML, like Gecko; compatible; GPTBot/1.4; +https://openai.com/gptbot)" 135 **0/135092**
74.7.243.247 - - [05/Aug/2026:01:11:23 -0700] "GET /?path=//proc/fs HTTP/2.0" 200 2891 "https://focbs.com/?path=//proc" "Mozilla/5.0 AppleWebKit/537.36 (KHTML, like Gecko; compatible; GPTBot/1.4; +https://openai.com/gptbot)" 117 **0/117342**
74.7.243.247 - - [05/Aug/2026:01:11:24 -0700] "GET /?path=//proc/719607/root/lib/icinga2 HTTP/2.0" 200 2565 "https://focbs.com/?path=//proc/719607/root/lib" "Mozilla/5.0 AppleWebKit/537.36 (KHTML, like Gecko; compatible; GPTBot/1.4; +https://openai.com/gptbot)" 114 **0/114082**
74.7.243.247 - - [05/Aug/2026:01:11:24 -0700] "GET /?path=//proc/719607/cwd/opt/alt/redis/etc/logrotate.d HTTP/2.0" 200 2595 "https://focbs.com/?path=//proc/719607/cwd/opt/alt/redis/etc" "Mozilla/5.0 AppleWebKit/537.36 (KHTML, like Gecko; compatible; GPTBot/1.4; +https://openai.com/gptbot)" 112 **0/112686**
66.249.72.227 - - [05/Aug/2026:01:11:24 -0700] "GET /?p=49221953671100 HTTP/1.1" 200 19315 "-" "Mozilla/5.0 (compatible; Googlebot/2.1; +http://www.google.com/bot.html)" 374 **0/374376**
74.7.243.247 - - [05/Aug/2026:01:11:25 -0700] "GET /?path=//proc/719607/root/proc/self/root/lib/firmware/go7007 HTTP/2.0" 200 2595 "https://focbs.com/?path=//proc/719607/root/proc/self/root/lib/firmware" "Mozilla/5.0 AppleWebKit/537.36 (KHTML, like Gecko; compatible; GPTBot/1.4; +https://openai.com/gptbot)" 133 **0/133158**
74.7.243.247 - - [05/Aug/2026:01:11:25 -0700] "GET /?path=//proc/719607/root/proc/self/root/lib/firmware/mediatek/mt8195 HTTP/2.0" 200 2611 "https://focbs.com/?path=//proc/719607/root/proc/self/root/lib/firmware/mediatek" "Mozilla/5.0 AppleWebKit/537.36 (KHTML, like Gecko; compatible; GPTBot/1.4; +https://openai.com/gptbot)" 114 **0/114144**
74.7.243.247 - - [05/Aug/2026:01:11:26 -0700] "GET /?path=//proc/719607/root/proc/self/root/lib/firmware/mediatek/mt8173 HTTP/2.0" 200 2611 "https://focbs.com/?path=//proc/719607/root/proc/self/root/lib/firmware/mediatek" "Mozilla/5.0 AppleWebKit/537.36 (KHTML, like Gecko; compatible; GPTBot/1.4; +https://openai.com/gptbot)" 110 **0/110772**
74.7.243.247 - - [05/Aug/2026:01:11:27 -0700] "GET /?path=//proc/719607/root/proc/self/root/lib/firmware/mediatek/mt8183 HTTP/2.0" 200 2611 "https://focbs.com/?path=//proc/719607/root/proc/self/root/lib/firmware/mediatek" "Mozilla/5.0 AppleWebKit/537.36 (KHTML, like Gecko; compatible; GPTBot/1.4; +https://openai.com/gptbot)" 118 **0/118884**
74.7.243.247 - - [05/Aug/2026:01:11:27 -0700] "GET /?path=//proc/719607/root/proc/self/root/lib/firmware/mediatek/mt7925 HTTP/2.0" 200 2611 "https://focbs.com/?path=//proc/719607/root/proc/self/root/lib/firmware/mediatek" "Mozilla/5.0 AppleWebKit/537.36 (KHTML, like Gecko; compatible; GPTBot/1.4; +https://openai.com/gptbot)" 112 **0/112683**
74.7.243.247 - - [05/Aug/2026:01:11:28 -0700] "GET /?path=//proc/719607/root/proc/self/root/lib/firmware/mediatek/mt8192 HTTP/2.0" 200 2611 "https://focbs.com/?path=//proc/719607/root/proc/self/root/lib/firmware/mediatek" "Mozilla/5.0 AppleWebKit/537.36 (KHTML, like Gecko; compatible; GPTBot/1.4; +https://openai.com/gptbot)" 142 **0/142623**
74.7.243.247 - - [05/Aug/2026:01:11:28 -0700] "GET /?path=//proc/719607/cwd/lib/systemd/system/runlevel5.target.wants HTTP/2.0" 200 2592 "https://focbs.com/?path=//proc/719607/cwd/lib/systemd/system" "Mozilla/5.0 AppleWebKit/537.36 (KHTML, like Gecko; compatible; GPTBot/1.4; +https://openai.com/gptbot)" 123 **0/123761**
57.141.18.113 - - [05/Aug/2026:01:11:28 -0700] "GET /2026/07/19/jak-aktywowac-voucher-free-spins-w-mostbet-dla-doswiadczonych-graczy/?fileloc=//lib64/libXcomposite.so.1&path=//lib64 HTTP/2.0" 429 267 "-" "Mozilla/5.0 (Windows NT 10.0; Win64; x64) AppleWebKit/537.36 (KHTML, like Gecko) Chrome/142.0.0.0 Safari/537.36 Edg/142.0.0.0 (compatible; meta-externalagent/1.1 (+https://developers.facebook.com/docs/sharing/webmasters/crawler))" 16 **0/16267**
74.7.243.247 - - [05/Aug/2026:01:11:29 -0700] "GET /?path=//proc/719607/cwd/lib/systemd/system/runlevel1.target.wants HTTP/2.0" 200 2592 "https://focbs.com/?path=//proc/719607/cwd/lib/systemd/system" "Mozilla/5.0 AppleWebKit/537.36 (KHTML, like Gecko; compatible; GPTBot/1.4; +https://openai.com/gptbot)" 118 **0/118058**
66.249.72.227 - - [05/Aug/2026:01:11:29 -0700] "GET /?p=48847932471100 HTTP/1.1" 200 18137 "-" "Mozilla/5.0 (Linux; Android 6.0.1; Nexus 5X Build/MMB29P) AppleWebKit/537.36 (KHTML, like Gecko) Chrome/150.0.7871.186 Mobile Safari/537.36 (compatible; Googlebot/2.1; +http://www.google.com/bot.html)" 334 **0/334148**
74.7.243.247 - - [05/Aug/2026:01:11:29 -0700] "GET /?path=//proc/fs/nfsd HTTP/2.0" 200 2541 "https://focbs.com/?path=//proc/fs" "Mozilla/5.0 AppleWebKit/537.36 (KHTML, like Gecko; compatible; GPTBot/1.4; +https://openai.com/gptbot)" 111 **0/111367**
74.7.243.247 - - [05/Aug/2026:01:11:30 -0700] "GET /?path=//proc/fs/xfs HTTP/2.0" 200 2846 "https://focbs.com/?path=//proc/fs" "Mozilla/5.0 AppleWebKit/537.36 (KHTML, like Gecko; compatible; GPTBot/1.4; +https://openai.com/gptbot)" 121 **0/121607**
57.141.18.109 - - [05/Aug/2026:01:11:30 -0700] "GET /2026/07/19/jak-aktywowac-voucher-free-spins-w-mostbet-dla-doswiadczonych-graczy/?fileloc=//lib64/libodbcinst.so.2&path=//lib64 HTTP/2.0" 429 267 "-" "Mozilla/5.0 (Windows NT 10.0; Win64; x64) AppleWebKit/537.36 (KHTML, like Gecko) Chrome/145.0.0.0 Safari/537.36 (compatible; meta-externalagent/1.1 (+https://developers.facebook.com/docs/sharing/webmasters/crawler))" 15 **0/15264**
74.7.243.247 - - [05/Aug/2026:01:11:30 -0700] "GET /?path=//proc/fs/ext4 HTTP/2.0" 200 2794 "https://focbs.com/?path=//proc/fs" "Mozilla/5.0 AppleWebKit/537.36 (KHTML, like Gecko; compatible; GPTBot/1.4; +https://openai.com/gptbot)" 124 **0/124656**
74.7.243.247 - - [05/Aug/2026:01:11:31 -0700] "GET /?path=//proc/719607/cwd/lib/systemd/system/runlevel2.target.wants HTTP/2.0" 200 2592 "https://focbs.com/?path=//proc/719607/cwd/lib/systemd/system" "Mozilla/5.0 AppleWebKit/537.36 (KHTML, like Gecko; compatible; GPTBot/1.4; +https://openai.com/gptbot)" 124 **0/124164**
57.141.18.3 - - [05/Aug/2026:01:11:31 -0700] "GET /2026/07/19/jak-aktywowac-voucher-free-spins-w-mostbet-dla-doswiadczonych-graczy/?fileloc=//lib64/libmcpp.so.0&path=//lib64 HTTP/2.0" 429 267 "-" "Mozilla/5.0 (X11; Linux x86_64) AppleWebKit/537.36 (KHTML, like Gecko) Chrome/145.0.0.0 Safari/537.36 (compatible; meta-externalagent/1.1 (+https://developers.facebook.com/docs/sharing/webmasters/crawler))" 15 **0/15820**
74.7.243.247 - - [05/Aug/2026:01:11:31 -0700] "GET /?path=//proc/719607/cwd/lib/systemd/system/runlevel3.target.wants HTTP/2.0" 200 2592 "https://focbs.com/?path=//proc/719607/cwd/lib/systemd/system" "Mozilla/5.0 AppleWebKit/537.36 (KHTML, like Gecko; compatible; GPTBot/1.4; +https://openai.com/gptbot)" 121 **0/121197**
74.7.243.247 - - [05/Aug/2026:01:11:32 -0700] "GET /?path=//proc/719607/cwd/lib/systemd/system/runlevel4.target.wants HTTP/2.0" 200 2592 "https://focbs.com/?path=//proc/719607/cwd/lib/systemd/system" "Mozilla/5.0 AppleWebKit/537.36 (KHTML, like Gecko; compatible; GPTBot/1.4; +https://openai.com/gptbot)" 120 **0/120201**
74.7.243.247 - - [05/Aug/2026:01:11:32 -0700] "GET /?path=//proc/719607/root/proc/self/root/opt/cpanel/ea-wappspector/vendor/phpunit/phpunit/src HTTP/2.0" 200 2639 "https://focbs.com/?path=//proc/719607/root/proc/self/root/opt/cpanel/ea-wappspector/vendor/phpunit/phpunit" "Mozilla/5.0 AppleWebKit/537.36 (KHTML, like Gecko; compatible; GPTBot/1.4; +https://openai.com/gptbot)" 110 **0/110496**
74.7.243.247 - - [05/Aug/2026:01:11:33 -0700] "GET /?path=//proc/719607/root/var/cloudlinux HTTP/2.0" 200 2568 "https://focbs.com/?path=//proc/719607/root/var" "Mozilla/5.0 AppleWebKit/537.36 (KHTML, like Gecko; compatible; GPTBot/1.4; +https://openai.com/gptbot)" 118 **0/118628**
74.7.243.247 - - [05/Aug/2026:01:11:33 -0700] "GET /?path=//proc/719607/root/lib/fontconfig HTTP/2.0" 200 2567 "https://focbs.com/?path=//proc/719607/root/lib" "Mozilla/5.0 AppleWebKit/537.36 (KHTML, like Gecko; compatible; GPTBot/1.4; +https://openai.com/gptbot)" 148 **0/148275**
74.7.243.247 - - [05/Aug/2026:01:11:34 -0700] "GET /?path=//proc/719607/cwd/opt/alt/tests/alt-php70-pecl-igbinary_3.2.15-1.el8 HTTP/2.0" 200 2604 "https://focbs.com/?path=//proc/719607/cwd/opt/alt/tests" "Mozilla/5.0 AppleWebKit/537.36 (KHTML, like Gecko; compatible; GPTBot/1.4; +https://openai.com/gptbot)" 130 **0/130278**
74.7.243.247 - - [05/Aug/2026:01:11:34 -0700] "GET /?path=//proc/719607/cwd/opt/alt/tests/alt-php80-pecl-igbinary_3.2.15-1.el8 HTTP/2.0" 200 2605 "https://focbs.com/?path=//proc/719607/cwd/opt/alt/tests" "Mozilla/5.0 AppleWebKit/537.36 (KHTML, like Gecko; compatible; GPTBot/1.4; +https://openai.com/gptbot)" 140 **0/140647**
74.7.243.247 - - [05/Aug/2026:01:11:35 -0700] "GET /?path=//proc/719607/cwd/opt/alt/tests/alt-php83-pecl-igbinary_3.2.15-1.el8 HTTP/2.0" 200 2605 "https://focbs.com/?path=//proc/719607/cwd/opt/alt/tests" "Mozilla/5.0 AppleWebKit/537.36 (KHTML, like Gecko; compatible; GPTBot/1.4; +https://openai.com/gptbot)" 122 **0/122911**
74.7.243.247 - - [05/Aug/2026:01:11:35 -0700] "GET /?path=//proc/719607/cwd/opt/alt/tests/alt-php81-pecl-igbinary_3.2.15-1.el8 HTTP/2.0" 200 2605 "https://focbs.com/?path=//proc/719607/cwd/opt/alt/tests" "Mozilla/5.0 AppleWebKit/537.36 (KHTML, like Gecko; compatible; GPTBot/1.4; +https://openai.com/gptbot)" 117 **0/117415**
74.7.243.247 - - [05/Aug/2026:01:11:36 -0700] "GET /?path=//proc/719607/cwd/opt/alt/tests/alt-php84-pecl-igbinary_3.2.16-3.el8 HTTP/2.0" 200 2605 "https://focbs.com/?path=//proc/719607/cwd/opt/alt/tests" "Mozilla/5.0 AppleWebKit/537.36 (KHTML, like Gecko; compatible; GPTBot/1.4; +https://openai.com/gptbot)" 120 **0/120465**
74.7.243.247 - - [05/Aug/2026:01:11:36 -0700] "GET /?path=//proc/719607/cwd/opt/alt/tests/alt-php74-pecl-igbinary_3.2.15-1.el8 HTTP/2.0" 200 2604 "https://focbs.com/?path=//proc/719607/cwd/opt/alt/tests" "Mozilla/5.0 AppleWebKit/537.36 (KHTML, like Gecko; compatible; GPTBot/1.4; +https://openai.com/gptbot)" 140 **0/140049**
74.7.243.247 - - [05/Aug/2026:01:11:37 -0700] "GET /?path=//proc/719607/cwd/opt/alt/tests/alt-php73-pecl-igbinary_3.2.15-2.el8 HTTP/2.0" 200 2604 "https://focbs.com/?path=//proc/719607/cwd/opt/alt/tests" "Mozilla/5.0 AppleWebKit/537.36 (KHTML, like Gecko; compatible; GPTBot/1.4; +https://openai.com/gptbot)" 141 **0/141217**
74.7.243.247 - - [05/Aug/2026:01:11:38 -0700] "GET /?path=//proc/719607/cwd/opt/alt/tests/alt-php82-pecl-igbinary_3.2.15-1.el8 HTTP/2.0" 200 2605 "https://focbs.com/?path=//proc/719607/cwd/opt/alt/tests" "Mozilla/5.0 AppleWebKit/537.36 (KHTML, like Gecko; compatible; GPTBot/1.4; +https://openai.com/gptbot)" 123 **0/123119**
74.7.243.247 - - [05/Aug/2026:01:11:38 -0700] "GET /?path=//proc/719607/cwd/opt/alt/tests/alt-php72-pecl-igbinary_3.2.15-1.el8 HTTP/2.0" 200 2603 "https://focbs.com/?path=//proc/719607/cwd/opt/alt/tests" "Mozilla/5.0 AppleWebKit/537.36 (KHTML, like Gecko; compatible; GPTBot/1.4; +https://openai.com/gptbot)" 109 **0/109736**
74.7.243.247 - - [05/Aug/2026:01:11:39 -0700] "GET /?path=//proc/719607/cwd/opt/alt/tests/alt-php74-pecl-igbinary_3.2.15-2.el8 HTTP/2.0" 200 2604 "https://focbs.com/?path=//proc/719607/cwd/opt/alt/tests" "Mozilla/5.0 AppleWebKit/537.36 (KHTML, like Gecko; compatible; GPTBot/1.4; +https://openai.com/gptbot)" 111 **0/111878**
74.7.243.247 - - [05/Aug/2026:01:11:39 -0700] "GET /?path=//proc/719607/cwd/opt/alt/tests/alt-php73-pecl-igbinary_3.2.15-1.el8 HTTP/2.0" 200 2604 "https://focbs.com/?path=//proc/719607/cwd/opt/alt/tests" "Mozilla/5.0 AppleWebKit/537.36 (KHTML, like Gecko; compatible; GPTBot/1.4; +https://openai.com/gptbot)" 115 **0/115111**
74.7.243.247 - - [05/Aug/2026:01:11:40 -0700] "GET /?fileloc=//proc/sys/vm/memcg_reclaim_boost_priority&path=//proc/sys/vm HTTP/2.0" 200 2507 "https://focbs.com/?path=//proc/sys/vm" "Mozilla/5.0 AppleWebKit/537.36 (KHTML, like Gecko; compatible; GPTBot/1.4; +https://openai.com/gptbot)" 118 **0/118352**
74.7.243.247 - - [05/Aug/2026:01:11:40 -0700] "GET /?fileloc=//proc/719607/net/dev&path=//proc/719607/net HTTP/2.0" 200 2494 "https://focbs.com/?path=//proc/719607/net" "Mozilla/5.0 AppleWebKit/537.36 (KHTML, like Gecko; compatible; GPTBot/1.4; +https://openai.com/gptbot)" 106 **0/106148**
57.141.18.60 - - [05/Aug/2026:01:11:40 -0700] "GET /2026/07/19/jak-aktywowac-voucher-free-spins-w-mostbet-dla-doswiadczonych-graczy/?fileloc=//lib64/libnss_myhostname.so.2&path=//lib64 HTTP/2.0" 429 267 "-" "Mozilla/5.0 (Macintosh; Intel Mac OS X 10_15_7) AppleWebKit/537.36 (KHTML, like Gecko) Chrome/145.0.0.0 Safari/537.36 (compatible; meta-externalagent/1.1 (+https://developers.facebook.com/docs/sharing/webmasters/crawler))" 14 **0/14080**
74.7.243.247 - - [05/Aug/2026:01:11:41 -0700] "GET /?path=//proc/719607/cwd/opt/alt/tests/alt-php70-phpiredis_1.0.1-1.el8 HTTP/2.0" 200 2598 "https://focbs.com/?path=//proc/719607/cwd/opt/alt/tests" "Mozilla/5.0 AppleWebKit/537.36 (KHTML, like Gecko; compatible; GPTBot/1.4; +https://openai.com/gptbot)" 110 **0/110177**
74.7.243.247 - - [05/Aug/2026:01:11:41 -0700] "GET /?path=//proc/719607/root/var/tmp HTTP/2.0" 200 2562 "https://focbs.com/?path=//proc/719607/root/var" "Mozilla/5.0 AppleWebKit/537.36 (KHTML, like Gecko; compatible; GPTBot/1.4; +https://openai.com/gptbot)" 109 **0/109973**
74.7.243.247 - - [05/Aug/2026:01:11:42 -0700] "GET /?path=//proc/719607/root/etc/scl HTTP/2.0" 200 2561 "https://focbs.com/?path=//proc/719607/root/etc" "Mozilla/5.0 AppleWebKit/537.36 (KHTML, like Gecko; compatible; GPTBot/1.4; +https://openai.com/gptbot)" 123 **0/123835**
74.7.243.247 - - [05/Aug/2026:01:11:42 -0700] "GET /?path=//proc/719607/root/etc/ssl HTTP/2.0" 200 2561 "https://focbs.com/?path=//proc/719607/root/etc" "Mozilla/5.0 AppleWebKit/537.36 (KHTML, like Gecko; compatible; GPTBot/1.4; +https://openai.com/gptbot)" 117 **0/117423**
74.7.243.247 - - [05/Aug/2026:01:11:43 -0700] "GET /?path=//proc/719607/root/etc/pki HTTP/2.0" 200 2562 "https://focbs.com/?path=//proc/719607/root/etc" "Mozilla/5.0 AppleWebKit/537.36 (KHTML, like Gecko; compatible; GPTBot/1.4; +https://openai.com/gptbot)" 118 **0/118780**
57.141.18.67 - - [05/Aug/2026:01:11:43 -0700] "GET /2026/07/19/jak-aktywowac-voucher-free-spins-w-mostbet-dla-doswiadczonych-graczy/?fileloc=//lib64/libpam_misc.so.0.82.1&path=//lib64 HTTP/2.0" 429 267 "-" "Mozilla/5.0 (Windows NT 10.0; Win64; x64) AppleWebKit/537.36 (KHTML, like Gecko) Chrome/145.0.0.0 Safari/537.36 (compatible; meta-externalagent/1.1 (+https://developers.facebook.com/docs/sharing/webmasters/crawler))" 15 **0/15165**
74.7.243.247 - - [05/Aug/2026:01:11:43 -0700] "GET /?path=//proc/719607/root/var/run HTTP/2.0" 200 2563 "https://focbs.com/?path=//proc/719607/root/var" "Mozilla/5.0 AppleWebKit/537.36 (KHTML, like Gecko; compatible; GPTBot/1.4; +https://openai.com/gptbot)" 116 **0/116394**
74.7.243.247 - - [05/Aug/2026:01:11:44 -0700] "GET /?path=//proc/719607/root/var/lve HTTP/2.0" 200 2563 "https://focbs.com/?path=//proc/719607/root/var" "Mozilla/5.0 AppleWebKit/537.36 (KHTML, like Gecko; compatible; GPTBot/1.4; +https://openai.com/gptbot)" 121 **0/121616**
74.7.243.247 - - [05/Aug/2026:01:11:44 -0700] "GET /?path=//proc/719607/root/var/log HTTP/2.0" 200 2563 "https://focbs.com/?path=//proc/719607/root/var" "Mozilla/5.0 AppleWebKit/537.36 (KHTML, like Gecko; compatible; GPTBot/1.4; +https://openai.com/gptbot)" 118 **0/118448**
57.141.18.56 - - [05/Aug/2026:01:11:44 -0700] "GET /2026/07/19/jak-aktywowac-voucher-free-spins-w-mostbet-dla-doswiadczonych-graczy/?fileloc=//lib64/libply.so.5.0.0&path=//lib64 HTTP/2.0" 429 267 "-" "Mozilla/5.0 (Windows NT 10.0; Win64; x64) AppleWebKit/537.36 (KHTML, like Gecko) Chrome/145.0.0.0 Safari/537.36 (compatible; meta-externalagent/1.1 (+https://developers.facebook.com/docs/sharing/webmasters/crawler))" 10 **0/10471**
74.7.243.247 - - [05/Aug/2026:01:11:45 -0700] "GET /?path=//proc/719607/root/etc/ssh HTTP/2.0" 200 2562 "https://focbs.com/?path=//proc/719607/root/etc" "Mozilla/5.0 AppleWebKit/537.36 (KHTML, like Gecko; compatible; GPTBot/1.4; +https://openai.com/gptbot)" 106 **0/106652**
74.7.243.247 - - [05/Aug/2026:01:11:45 -0700] "GET /?path=//proc/719607/root/proc/self/root/lib/firmware/av7110 HTTP/2.0" 200 2596 "https://focbs.com/?path=//proc/719607/root/proc/self/root/lib/firmware" "Mozilla/5.0 AppleWebKit/537.36 (KHTML, like Gecko; compatible; GPTBot/1.4; +https://openai.com/gptbot)" 132 **0/132658**
74.7.243.247 - - [05/Aug/2026:01:11:46 -0700] "GET /?path=//proc/719607/cwd/lib/firmware/bnx2x HTTP/2.0" 200 2576 "https://focbs.com/?path=//proc/719607/cwd/lib/firmware" "Mozilla/5.0 AppleWebKit/537.36 (KHTML, like Gecko; compatible; GPTBot/1.4; +https://openai.com/gptbot)" 122 **0/122676**
74.7.243.247 - - [05/Aug/2026:01:11:46 -0700] "GET /?path=//proc/719607/cwd/lib/firmware/cxgb4 HTTP/2.0" 200 2577 "https://focbs.com/?path=//proc/719607/cwd/lib/firmware" "Mozilla/5.0 AppleWebKit/537.36 (KHTML, like Gecko; compatible; GPTBot/1.4; +https://openai.com/gptbot)" 119 **0/119799**
74.7.243.247 - - [05/Aug/2026:01:11:47 -0700] "GET /?path=//proc/719607/root/usr/include/libxml2 HTTP/2.0" 200 2577 "https://focbs.com/?path=//proc/719607/root/usr/include" "Mozilla/5.0 AppleWebKit/537.36 (KHTML, like Gecko; compatible; GPTBot/1.4; +https://openai.com/gptbot)" 146 **0/146898**
74.7.243.247 - - [05/Aug/2026:01:11:47 -0700] "GET /?path=//proc/719607/cwd/usr/include/ext2fs HTTP/2.0" 200 2577 "https://focbs.com/?path=//proc/719607/cwd/usr/include" "Mozilla/5.0 AppleWebKit/537.36 (KHTML, like Gecko; compatible; GPTBot/1.4; +https://openai.com/gptbot)" 110 **0/110593**
74.7.243.247 - - [05/Aug/2026:01:11:48 -0700] "GET /?path=//proc/719607/cwd/lib/firmware/ath9k_htc HTTP/2.0" 200 2579 "https://focbs.com/?path=//proc/719607/cwd/lib/firmware" "Mozilla/5.0 AppleWebKit/537.36 (KHTML, like Gecko; compatible; GPTBot/1.4; +https://openai.com/gptbot)" 112 **0/112308**
74.7.243.247 - - [05/Aug/2026:01:11:49 -0700] "GET /?path=//proc/719607/root/proc/self/root/lib/systemd/system/mariadb@bootstrap.service.d HTTP/2.0" 200 2618 "https://focbs.com/?path=//proc/719607/root/proc/self/root/lib/systemd/system" "Mozilla/5.0 AppleWebKit/537.36 (KHTML, like Gecko; compatible; GPTBot/1.4; +https://openai.com/gptbot)" 126 **0/126725**
74.7.243.247 - - [05/Aug/2026:01:11:49 -0700] "GET /?path=//proc/719607/cwd/opt/alt/tests/alt-php81-pecl-http_4.2.4-1.el8 HTTP/2.0" 200 2601 "https://focbs.com/?path=//proc/719607/cwd/opt/alt/tests" "Mozilla/5.0 AppleWebKit/537.36 (KHTML, like Gecko; compatible; GPTBot/1.4; +https://openai.com/gptbot)" 110 **0/110652**
74.7.243.247 - - [05/Aug/2026:01:11:50 -0700] "GET /?path=//proc/719607/cwd/opt/alt/tests/alt-php56-pecl-http_2.6.0-1.el8 HTTP/2.0" 200 2602 "https://focbs.com/?path=//proc/719607/cwd/opt/alt/tests" "Mozilla/5.0 AppleWebKit/537.36 (KHTML, like Gecko; compatible; GPTBot/1.4; +https://openai.com/gptbot)" 131 **0/131307**
66.249.72.227 - - [05/Aug/2026:01:11:50 -0700] "GET /?p=48018547271100 HTTP/1.1" 200 20207 "-" "Mozilla/5.0 (Linux; Android 6.0.1; Nexus 5X Build/MMB29P) AppleWebKit/537.36 (KHTML, like Gecko) Chrome/150.0.7871.186 Mobile Safari/537.36 (compatible; Googlebot/2.1; +http://www.google.com/bot.html)" 384 **0/384485**
74.7.243.247 - - [05/Aug/2026:01:11:50 -0700] "GET /?path=//proc/719607/cwd/opt/alt/tests/alt-php84-pecl-http_4.2.6-4.el8 HTTP/2.0" 200 2602 "https://focbs.com/?path=//proc/719607/cwd/opt/alt/tests" "Mozilla/5.0 AppleWebKit/537.36 (KHTML, like Gecko; compatible; GPTBot/1.4; +https://openai.com/gptbot)" 125 **0/125665**
74.7.243.247 - - [05/Aug/2026:01:11:51 -0700] "GET /?path=//proc/719607/cwd/opt/alt/tests/alt-php72-pecl-http_3.3.0-1.el8 HTTP/2.0" 200 2600 "https://focbs.com/?path=//proc/719607/cwd/opt/alt/tests" "Mozilla/5.0 AppleWebKit/537.36 (KHTML, like Gecko; compatible; GPTBot/1.4; +https://openai.com/gptbot)" 107 **0/107712**
74.7.243.247 - - [05/Aug/2026:01:11:51 -0700] "GET /?path=//proc/719607/cwd/opt/alt/tests/alt-php74-pecl-http_3.3.0-1.el8 HTTP/2.0" 200 2601 "https://focbs.com/?path=//proc/719607/cwd/opt/alt/tests" "Mozilla/5.0 AppleWebKit/537.36 (KHTML, like Gecko; compatible; GPTBot/1.4; +https://openai.com/gptbot)" 112 **0/112249**
74.7.243.247 - - [05/Aug/2026:01:11:52 -0700] "GET /?fileloc=//proc/719607/cwd/lib/firmware/intel/dsp_fw_kbl_v3402.bin&path=//proc/719607/cwd/lib/firmware/intel HTTP/2.0" 200 2540 "https://focbs.com/?path=//proc/719607/cwd/lib/firmware/intel" "Mozilla/5.0 AppleWebKit/537.36 (KHTML, like Gecko; compatible; GPTBot/1.4; +https://openai.com/gptbot)" 111 **0/111915**
74.7.243.247 - - [05/Aug/2026:01:11:52 -0700] "GET /?path=//proc/719607/cwd/etc/pki/rpm-gpg HTTP/2.0" 200 2574 "https://focbs.com/?path=//proc/719607/cwd/etc/pki" "Mozilla/5.0 AppleWebKit/537.36 (KHTML, like Gecko; compatible; GPTBot/1.4; +https://openai.com/gptbot)" 122 **0/122475**
74.7.243.247 - - [05/Aug/2026:01:11:53 -0700] "GET /?path=//proc/719607/cwd/usr/lib/.build-id/83 HTTP/2.0" 200 2584 "https://focbs.com/?path=//proc/719607/cwd/usr/lib/.build-id" "Mozilla/5.0 AppleWebKit/537.36 (KHTML, like Gecko; compatible; GPTBot/1.4; +https://openai.com/gptbot)" 125 **0/125926**
74.7.243.247 - - [05/Aug/2026:01:11:53 -0700] "GET /?path=//proc/719607/cwd/usr/lib/.build-id/85 HTTP/2.0" 200 2584 "https://focbs.com/?path=//proc/719607/cwd/usr/lib/.build-id" "Mozilla/5.0 AppleWebKit/537.36 (KHTML, like Gecko; compatible; GPTBot/1.4; +https://openai.com/gptbot)" 109 **0/109744**
74.7.243.247 - - [05/Aug/2026:01:11:54 -0700] "GET /?path=//proc/719607/cwd/usr/lib/.build-id/43 HTTP/2.0" 200 2584 "https://focbs.com/?path=//proc/719607/cwd/usr/lib/.build-id" "Mozilla/5.0 AppleWebKit/537.36 (KHTML, like Gecko; compatible; GPTBot/1.4; +https://openai.com/gptbot)" 114 **0/114598**
74.7.243.247 - - [05/Aug/2026:01:11:54 -0700] "GET /?path=//proc/719607/cwd/usr/lib/.build-id/35 HTTP/2.0" 200 2584 "https://focbs.com/?path=//proc/719607/cwd/usr/lib/.build-id" "Mozilla/5.0 AppleWebKit/537.36 (KHTML, like Gecko; compatible; GPTBot/1.4; +https://openai.com/gptbot)" 123 **0/123539**
74.7.243.247 - - [05/Aug/2026:01:11:55 -0700] "GET /?path=//proc/719607/cwd/usr/lib/.build-id/24 HTTP/2.0" 200 2584 "https://focbs.com/?path=//proc/719607/cwd/usr/lib/.build-id" "Mozilla/5.0 AppleWebKit/537.36 (KHTML, like Gecko; compatible; GPTBot/1.4; +https://openai.com/gptbot)" 111 **0/111218**
74.7.243.247 - - [05/Aug/2026:01:11:55 -0700] "GET /?path=//proc/719607/cwd/usr/lib/.build-id/52 HTTP/2.0" 200 2584 "https://focbs.com/?path=//proc/719607/cwd/usr/lib/.build-id" "Mozilla/5.0 AppleWebKit/537.36 (KHTML, like Gecko; compatible; GPTBot/1.4; +https://openai.com/gptbot)" 122 **0/122769**
74.7.243.247 - - [05/Aug/2026:01:11:56 -0700] "GET /?path=//proc/719607/cwd/usr/lib/.build-id/25 HTTP/2.0" 200 2584 "https://focbs.com/?path=//proc/719607/cwd/usr/lib/.build-id" "Mozilla/5.0 AppleWebKit/537.36 (KHTML, like Gecko; compatible; GPTBot/1.4; +https://openai.com/gptbot)" 117 **0/117843**
74.7.243.247 - - [05/Aug/2026:01:11:56 -0700] "GET /?path=//proc/719607/cwd/usr/lib/.build-id/54 HTTP/2.0" 200 2584 "https://focbs.com/?path=//proc/719607/cwd/usr/lib/.build-id" "Mozilla/5.0 AppleWebKit/537.36 (KHTML, like Gecko; compatible; GPTBot/1.4; +https://openai.com/gptbot)" 111 **0/111513**
74.7.243.247 - - [05/Aug/2026:01:11:57 -0700] "GET /?path=//proc/719607/cwd/usr/lib/.build-id/58 HTTP/2.0" 200 2584 "https://focbs.com/?path=//proc/719607/cwd/usr/lib/.build-id" "Mozilla/5.0 AppleWebKit/537.36 (KHTML, like Gecko; compatible; GPTBot/1.4; +https://openai.com/gptbot)" 109 **0/109832**
74.7.243.247 - - [05/Aug/2026:01:11:58 -0700] "GET /?path=//proc/719607/cwd/usr/lib/.build-id/82 HTTP/2.0" 200 2584 "https://focbs.com/?path=//proc/719607/cwd/usr/lib/.build-id" "Mozilla/5.0 AppleWebKit/537.36 (KHTML, like Gecko; compatible; GPTBot/1.4; +https://openai.com/gptbot)" 114 **0/114973**
74.7.243.247 - - [05/Aug/2026:01:11:58 -0700] "GET /?path=//proc/719607/cwd/usr/lib/.build-id/84 HTTP/2.0" 200 2584 "https://focbs.com/?path=//proc/719607/cwd/usr/lib/.build-id" "Mozilla/5.0 AppleWebKit/537.36 (KHTML, like Gecko; compatible; GPTBot/1.4; +https://openai.com/gptbot)" 111 **0/111646**
57.141.18.24 - - [05/Aug/2026:01:11:58 -0700] "GET /2026/07/19/jak-aktywowac-voucher-free-spins-w-mostbet-dla-doswiadczonych-graczy/?fileloc=//lib64/libgcrypt.so&path=//lib64 HTTP/2.0" 429 267 "-" "Mozilla/5.0 (Windows NT 10.0; Win64; x64) AppleWebKit/537.36 (KHTML, like Gecko) Chrome/145.0.0.0 Safari/537.36 Edg/145.0.0.0 (compatible; meta-externalagent/1.1 (+https://developers.facebook.com/docs/sharing/webmasters/crawler))" 14 **0/14127**
74.7.243.247 - - [05/Aug/2026:01:11:59 -0700] "GET /?path=//proc/719607/cwd/usr/lib/.build-id/32 HTTP/2.0" 200 2584 "https://focbs.com/?path=//proc/719607/cwd/usr/lib/.build-id" "Mozilla/5.0 AppleWebKit/537.36 (KHTML, like Gecko; compatible; GPTBot/1.4; +https://openai.com/gptbot)" 115 **0/115216**
74.7.243.247 - - [05/Aug/2026:01:11:59 -0700] "GET /?path=//proc/719607/cwd/usr/lib/.build-id/48 HTTP/2.0" 200 2584 "https://focbs.com/?path=//proc/719607/cwd/usr/lib/.build-id" "Mozilla/5.0 AppleWebKit/537.36 (KHTML, like Gecko; compatible; GPTBot/1.4; +https://openai.com/gptbot)" 121 **0/121737**
74.7.243.247 - - [05/Aug/2026:01:12:00 -0700] "GET /?path=//proc/719607/cwd/usr/lib/.build-id/34 HTTP/2.0" 200 2584 "https://focbs.com/?path=//proc/719607/cwd/usr/lib/.build-id" "Mozilla/5.0 AppleWebKit/537.36 (KHTML, like Gecko; compatible; GPTBot/1.4; +https://openai.com/gptbot)" 121 **0/121827**
74.7.243.247 - - [05/Aug/2026:01:12:00 -0700] "GET /?path=//proc/719607/cwd/usr/lib/.build-id/28 HTTP/2.0" 200 2584 "https://focbs.com/?path=//proc/719607/cwd/usr/lib/.build-id" "Mozilla/5.0 AppleWebKit/537.36 (KHTML, like Gecko; compatible; GPTBot/1.4; +https://openai.com/gptbot)" 110 **0/110875**
74.7.243.247 - - [05/Aug/2026:01:12:01 -0700] "GET /?path=//proc/719607/cwd/usr/lib/.build-id/42 HTTP/2.0" 200 2584 "https://focbs.com/?path=//proc/719607/cwd/usr/lib/.build-id" "Mozilla/5.0 AppleWebKit/537.36 (KHTML, like Gecko; compatible; GPTBot/1.4; +https://openai.com/gptbot)" 113 **0/113524**
57.141.18.59 - - [05/Aug/2026:01:12:01 -0700] "GET /2026/07/19/jak-aktywowac-voucher-free-spins-w-mostbet-dla-doswiadczonych-graczy/?fileloc=//lib64/libxcb-shm.so.0&path=//lib64 HTTP/2.0" 429 267 "-" "Mozilla/5.0 (Windows NT 10.0; Win64; x64) AppleWebKit/537.36 (KHTML, like Gecko) Chrome/145.0.0.0 Safari/537.36 (compatible; meta-externalagent/1.1 (+https://developers.facebook.com/docs/sharing/webmasters/crawler))" 14 **0/14113**
74.7.243.247 - - [05/Aug/2026:01:12:01 -0700] "GET /?path=//proc/719607/cwd/usr/lib/.build-id/38 HTTP/2.0" 200 2584 "https://focbs.com/?path=//proc/719607/cwd/usr/lib/.build-id" "Mozilla/5.0 AppleWebKit/537.36 (KHTML, like Gecko; compatible; GPTBot/1.4; +https://openai.com/gptbot)" 128 **0/128874**
74.7.243.247 - - [05/Aug/2026:01:12:02 -0700] "GET /?path=//proc/719607/cwd/usr/lib/.build-id/23 HTTP/2.0" 200 2584 "https://focbs.com/?path=//proc/719607/cwd/usr/lib/.build-id" "Mozilla/5.0 AppleWebKit/537.36 (KHTML, like Gecko; compatible; GPTBot/1.4; +https://openai.com/gptbot)" 128 **0/128993**
74.7.243.247 - - [05/Aug/2026:01:12:02 -0700] "GET /?path=//proc/719607/cwd/usr/lib/.build-id/53 HTTP/2.0" 200 2584 "https://focbs.com/?path=//proc/719607/cwd/usr/lib/.build-id" "Mozilla/5.0 AppleWebKit/537.36 (KHTML, like Gecko; compatible; GPTBot/1.4; +https://openai.com/gptbot)" 130 **0/130300**
57.141.18.37 - - [05/Aug/2026:01:12:03 -0700] "GET /2026/07/19/jak-aktywowac-voucher-free-spins-w-mostbet-dla-doswiadczonych-graczy/?fileloc=//lib64/libtss2-tcti-device.so.0&path=//lib64 HTTP/2.0" 429 267 "-" "Mozilla/5.0 (Windows NT 10.0; Win64; x64) AppleWebKit/537.36 (KHTML, like Gecko) Chrome/145.0.0.0 Safari/537.36 (compatible; meta-externalagent/1.1 (+https://developers.facebook.com/docs/sharing/webmasters/crawler))" 18 **0/18665**
74.7.243.247 - - [05/Aug/2026:01:12:03 -0700] "GET /?path=//proc/719607/cwd/usr/lib/.build-id/45 HTTP/2.0" 200 2584 "https://focbs.com/?path=//proc/719607/cwd/usr/lib/.build-id" "Mozilla/5.0 AppleWebKit/537.36 (KHTML, like Gecko; compatible; GPTBot/1.4; +https://openai.com/gptbot)" 118 **0/118699**
74.7.243.247 - - [05/Aug/2026:01:12:03 -0700] "GET /?path=//proc/719607/cwd/opt/alt/tests/alt-php72-phpiredis_1.0.1-1.el8 HTTP/2.0" 200 2598 "https://focbs.com/?path=//proc/719607/cwd/opt/alt/tests" "Mozilla/5.0 AppleWebKit/537.36 (KHTML, like Gecko; compatible; GPTBot/1.4; +https://openai.com/gptbot)" 126 **0/126299**
74.7.243.247 - - [05/Aug/2026:01:12:04 -0700] "GET /?path=//proc/719607/cwd/opt/alt/tests/alt-php74-phpiredis_1.0.1-1.el8 HTTP/2.0" 200 2599 "https://focbs.com/?path=//proc/719607/cwd/opt/alt/tests" "Mozilla/5.0 AppleWebKit/537.36 (KHTML, like Gecko; compatible; GPTBot/1.4; +https://openai.com/gptbot)" 122 **0/122053**
57.141.18.83 - - [05/Aug/2026:01:12:04 -0700] "GET /2026/07/19/jak-aktywowac-voucher-free-spins-w-mostbet-dla-doswiadczonych-graczy/?fileloc=//lib64/libopenslide.so.0&path=//lib64 HTTP/2.0" 429 267 "-" "Mozilla/5.0 (X11; Linux x86_64) AppleWebKit/537.36 (KHTML, like Gecko) Chrome/145.0.0.0 Safari/537.36 (compatible; meta-externalagent/1.1 (+https://developers.facebook.com/docs/sharing/webmasters/crawler))" 12 **0/12050**
74.7.243.247 - - [05/Aug/2026:01:12:04 -0700] "GET /?path=//proc/719607/cwd/opt/alt/tests/alt-php73-phpiredis_1.0.1-1.el8 HTTP/2.0" 200 2599 "https://focbs.com/?path=//proc/719607/cwd/opt/alt/tests" "Mozilla/5.0 AppleWebKit/537.36 (KHTML, like Gecko; compatible; GPTBot/1.4; +https://openai.com/gptbot)" 115 **0/115303**
74.7.243.247 - - [05/Aug/2026:01:12:05 -0700] "GET /?path=//proc/719607/root/etc/apache2 HTTP/2.0" 200 2564 "https://focbs.com/?path=//proc/719607/root/etc" "Mozilla/5.0 AppleWebKit/537.36 (KHTML, like Gecko; compatible; GPTBot/1.4; +https://openai.com/gptbot)" 120 **0/120315**
74.7.243.247 - - [05/Aug/2026:01:12:05 -0700] "GET /?path=//proc/719607/root/lib/dracut/modules.d/05busybox HTTP/2.0" 200 2592 "https://focbs.com/?path=//proc/719607/root/lib/dracut/modules.d" "Mozilla/5.0 AppleWebKit/537.36 (KHTML, like Gecko; compatible; GPTBot/1.4; +https://openai.com/gptbot)" 111 **0/111469**
