216.73.216.114 - - [05/Aug/2026:01:39:46 -0700] "GET /?path=%2F%2Fusr%2Flib%2F.build-id%2F45 HTTP/2.0" 200 3462 "-" "Mozilla/5.0 AppleWebKit/537.36 (KHTML, like Gecko; compatible; ClaudeBot/1.0; +claudebot@anthropic.com)" 106 **0/106969**
66.249.72.227 - - [05/Aug/2026:01:39:47 -0700] "GET /?p=66862165671100 HTTP/1.1" 200 18061 "-" "Mozilla/5.0 (Linux; Android 6.0.1; Nexus 5X Build/MMB29P) AppleWebKit/537.36 (KHTML, like Gecko) Chrome/150.0.7871.186 Mobile Safari/537.36 (compatible; Googlebot/2.1; +http://www.google.com/bot.html)" 311 **0/311568**
57.141.18.101 - - [05/Aug/2026:01:39:50 -0700] "GET /2026/07/19/utmaningar-for-casino-utan-svensk-licens-med-10-euro-insattningar-en-vaxande-oro/?fileloc=//usr/include/asm/ist.h&path=//usr/include/asm HTTP/2.0" 200 3021 "-" "Mozilla/5.0 (Windows NT 10.0; Win64; x64) AppleWebKit/537.36 (KHTML, like Gecko) Chrome/145.0.0.0 Safari/537.36 (compatible; meta-externalagent/1.1 (+https://developers.facebook.com/docs/sharing/webmasters/crawler))" 112 **0/112141**
74.7.243.247 - - [05/Aug/2026:01:39:51 -0700] "GET /?path=//proc/719607/cwd/opt/alt/libraqm HTTP/2.0" 200 2574 "https://focbs.com/?path=//proc/719607/cwd/opt/alt" "Mozilla/5.0 AppleWebKit/537.36 (KHTML, like Gecko; compatible; GPTBot/1.4; +https://openai.com/gptbot)" 99 **0/99465**
216.73.216.114 - - [05/Aug/2026:01:39:53 -0700] "GET /?fileloc=%2F%2Fvar%2Ftmp%2F.dba_insertion&path=%2F%2Fvar%2Ftmp HTTP/2.0" 200 2541 "-" "Mozilla/5.0 AppleWebKit/537.36 (KHTML, like Gecko; compatible; ClaudeBot/1.0; +claudebot@anthropic.com)" 109 **0/109595**
66.249.72.227 - - [05/Aug/2026:01:39:55 -0700] "GET /?p=23005747471100 HTTP/1.1" 200 17910 "-" "Mozilla/5.0 (Linux; Android 6.0.1; Nexus 5X Build/MMB29P) AppleWebKit/537.36 (KHTML, like Gecko) Chrome/150.0.7871.186 Mobile Safari/537.36 (compatible; Googlebot/2.1; +http://www.google.com/bot.html)" 323 **0/323455**
57.141.18.94 - - [05/Aug/2026:01:39:56 -0700] "GET /2026/07/18/wie-fange-ich-an-bei-sportwetten-ohne-oasis-fur-maximale-gewinne/?fileloc=//usr/lib64/libmysqlclient.so&path=//usr/lib64 HTTP/2.0" 200 2492 "-" "Mozilla/5.0 (Windows NT 10.0; Win64; x64) AppleWebKit/537.36 (KHTML, like Gecko) Chrome/145.0.0.0 Safari/537.36 (compatible; meta-externalagent/1.1 (+https://developers.facebook.com/docs/sharing/webmasters/crawler))" 123 **0/123424**
216.73.216.114 - - [05/Aug/2026:01:39:56 -0700] "GET /?fileloc=%2F%2Fusr%2Finclude%2Fasm%2Fsembuf.h&path=%2F%2Fusr%2Finclude%2Fasm HTTP/2.0" 200 2957 "-" "Mozilla/5.0 AppleWebKit/537.36 (KHTML, like Gecko; compatible; ClaudeBot/1.0; +claudebot@anthropic.com)" 109 **0/109340**
74.7.243.247 - - [05/Aug/2026:01:40:01 -0700] "GET /?path=//proc/719607/cwd/etc/cl.selector HTTP/2.0" 200 2566 "https://focbs.com/?path=//proc/719607/cwd/etc" "Mozilla/5.0 AppleWebKit/537.36 (KHTML, like Gecko; compatible; GPTBot/1.4; +https://openai.com/gptbot)" 117 **0/117607**
57.141.18.7 - - [05/Aug/2026:01:40:01 -0700] "GET /2026/07/18/wie-fange-ich-an-bei-sportwetten-ohne-oasis-fur-maximale-gewinne/?fileloc=//usr/lib64/libevent-2.1.so.6&path=//usr/lib64 HTTP/2.0" 200 2491 "-" "Mozilla/5.0 (Windows NT 10.0; Win64; x64) AppleWebKit/537.36 (KHTML, like Gecko) Chrome/145.0.0.0 Safari/537.36 (compatible; meta-externalagent/1.1 (+https://developers.facebook.com/docs/sharing/webmasters/crawler))" 164 **0/164734**
216.73.216.114 - - [05/Aug/2026:01:40:01 -0700] "GET /?fileloc=%2F%2Fusr%2Flib64%2Fpython3.6%2Flib2to3%2F__pycache__%2F__init__.cpython-36.opt-2.pyc&path=%2F%2Fusr%2Flib64%2Fpython3.6%2Flib2to3%2F__pycache__ HTTP/2.0" 200 2540 "-" "Mozilla/5.0 AppleWebKit/537.36 (KHTML, like Gecko; compatible; ClaudeBot/1.0; +claudebot@anthropic.com)" 177 **0/177838**
66.249.72.228 - - [05/Aug/2026:01:40:05 -0700] "GET /?p=59716231271100 HTTP/1.1" 200 19449 "-" "Mozilla/5.0 (Linux; Android 6.0.1; Nexus 5X Build/MMB29P) AppleWebKit/537.36 (KHTML, like Gecko) Chrome/150.0.7871.186 Mobile Safari/537.36 (compatible; Googlebot/2.1; +http://www.google.com/bot.html)" 423 **0/423981**
57.141.18.2 - - [05/Aug/2026:01:40:05 -0700] "GET /2026/07/18/wie-fange-ich-an-bei-sportwetten-ohne-oasis-fur-maximale-gewinne/?path=//usr/lib64/sse2 HTTP/2.0" 200 2544 "-" "Mozilla/5.0 (Windows NT 10.0; Win64; x64) AppleWebKit/537.36 (KHTML, like Gecko) Chrome/145.0.0.0 Safari/537.36 (compatible; meta-externalagent/1.1 (+https://developers.facebook.com/docs/sharing/webmasters/crawler))" 115 **0/115479**
216.73.216.114 - - [05/Aug/2026:01:40:06 -0700] "GET /?fileloc=%2F%2Fusr%2Flib64%2Fpython3.12%2Flib2to3%2F__pycache__%2Fpatcomp.cpython-312.pyc&path=%2F%2Fusr%2Flib64%2Fpython3.12%2Flib2to3%2F__pycache__ HTTP/2.0" 200 2535 "-" "Mozilla/5.0 AppleWebKit/537.36 (KHTML, like Gecko; compatible; ClaudeBot/1.0; +claudebot@anthropic.com)" 119 **0/119758**
74.7.243.247 - - [05/Aug/2026:01:40:09 -0700] "GET /?path=//proc/719607/cwd/opt/alt/libharu HTTP/2.0" 200 2574 "https://focbs.com/?path=//proc/719607/cwd/opt/alt" "Mozilla/5.0 AppleWebKit/537.36 (KHTML, like Gecko; compatible; GPTBot/1.4; +https://openai.com/gptbot)" 139 **0/139556**
66.249.72.228 - - [05/Aug/2026:01:40:09 -0700] "GET /?productSearch/pictureSearch?id=53304050071100 HTTP/1.1" 200 18327 "-" "Mozilla/5.0 (Linux; Android 6.0.1; Nexus 5X Build/MMB29P) AppleWebKit/537.36 (KHTML, like Gecko) Chrome/150.0.7871.186 Mobile Safari/537.36 (compatible; Googlebot/2.1; +http://www.google.com/bot.html)" 326 **0/326850**
57.141.18.69 - - [05/Aug/2026:01:40:10 -0700] "GET /2026/07/19/utmaningar-for-casino-utan-svensk-licens-med-10-euro-insattningar-en-vaxande-oro/?fileloc=/home/l2pbkn5l6xav/mail/new/1682571031.M84620P2918798.a2plcpnl0805.prod.iad2.secureserver.net,S=5469,W=5559&path=/home/l2pbkn5l6xav/mail/new HTTP/2.0" 200 4631 "-" "Mozilla/5.0 (X11; Linux x86_64) AppleWebKit/537.36 (KHTML, like Gecko) Chrome/145.0.0.0 Safari/537.36 (compatible; meta-externalagent/1.1 (+https://developers.facebook.com/docs/sharing/webmasters/crawler))" 136 **0/136611**
66.249.72.228 - - [05/Aug/2026:01:40:11 -0700] "GET /?p=36946363271100 HTTP/1.1" 200 18388 "-" "Mozilla/5.0 (Linux; Android 6.0.1; Nexus 5X Build/MMB29P) AppleWebKit/537.36 (KHTML, like Gecko) Chrome/150.0.7871.186 Mobile Safari/537.36 (compatible; Googlebot/2.1; +http://www.google.com/bot.html)" 327 **0/327273**
216.73.216.114 - - [05/Aug/2026:01:40:14 -0700] "GET /?fileloc=%2F%2Fusr%2Flib%2Fsysusers.d%2Fsystemd.conf&path=%2F%2Fusr%2Flib%2Fsysusers.d HTTP/2.0" 200 2713 "-" "Mozilla/5.0 AppleWebKit/537.36 (KHTML, like Gecko; compatible; ClaudeBot/1.0; +claudebot@anthropic.com)" 121 **0/121109**
66.249.72.227 - - [05/Aug/2026:01:40:14 -0700] "GET /?productSearch/pictureSearch?id=19221444671100 HTTP/1.1" 200 18731 "-" "Mozilla/5.0 (compatible; Googlebot/2.1; +http://www.google.com/bot.html)" 354 **0/354928**
57.141.18.22 - - [05/Aug/2026:01:40:15 -0700] "GET /2026/07/19/utmaningar-for-casino-utan-svensk-licens-med-10-euro-insattningar-en-vaxande-oro/?fileloc=/home/l2pbkn5l6xav/mail/new/1720785395.M871000P1293821.p3plzcpnl504740.prod.phx3.secureserver.net,S=3758,W=3824&path=/home/l2pbkn5l6xav/mail/new HTTP/2.0" 200 4094 "-" "Mozilla/5.0 (X11; Linux x86_64) AppleWebKit/537.36 (KHTML, like Gecko) Chrome/145.0.0.0 Safari/537.36 (compatible; meta-externalagent/1.1 (+https://developers.facebook.com/docs/sharing/webmasters/crawler))" 121 **0/121383**
74.7.243.247 - - [05/Aug/2026:01:40:17 -0700] "GET /?path=//proc/719607/cwd/opt/alt/tests/alt-php81-pecl-memcache_8.2-1.el8 HTTP/2.0" 200 2601 "https://focbs.com/?path=//proc/719607/cwd/opt/alt/tests" "Mozilla/5.0 AppleWebKit/537.36 (KHTML, like Gecko; compatible; GPTBot/1.4; +https://openai.com/gptbot)" 129 **0/129115**
216.73.216.114 - - [05/Aug/2026:01:40:17 -0700] "GET /?fileloc=%2F%2Fbin%2Funame&path=%2F%2Fbin HTTP/2.0" 200 2471 "-" "Mozilla/5.0 AppleWebKit/537.36 (KHTML, like Gecko; compatible; ClaudeBot/1.0; +claudebot@anthropic.com)" 115 **0/115811**
57.141.18.121 - - [05/Aug/2026:01:40:19 -0700] "GET /2026/07/19/utmaningar-for-casino-utan-svensk-licens-med-10-euro-insattningar-en-vaxande-oro/?fileloc=/home/l2pbkn5l6xav/mail/new/1661851601.M500367P4161881.a2plcpnl0805.prod.iad2.secureserver.net,S=5204,W=5292&path=/home/l2pbkn5l6xav/mail/new HTTP/2.0" 200 4448 "-" "Mozilla/5.0 (Macintosh; Intel Mac OS X 10_15_7) AppleWebKit/537.36 (KHTML, like Gecko) Chrome/145.0.0.0 Safari/537.36 (compatible; meta-externalagent/1.1 (+https://developers.facebook.com/docs/sharing/webmasters/crawler))" 117 **0/117391**
216.73.216.114 - - [05/Aug/2026:01:40:22 -0700] "GET /?path=%2F%2Fusr%2Fshare%2Flocale%2Fhu%2FLC_TIME HTTP/2.0" 200 2853 "-" "Mozilla/5.0 AppleWebKit/537.36 (KHTML, like Gecko; compatible; ClaudeBot/1.0; +claudebot@anthropic.com)" 123 **0/123156**
57.141.18.22 - - [05/Aug/2026:01:40:22 -0700] "GET /2026/07/19/utmaningar-for-casino-utan-svensk-licens-med-10-euro-insattningar-en-vaxande-oro/?fileloc=/home/l2pbkn5l6xav/mail/new/1624748878.M670384P1258662.a2plcpnl0805.prod.iad2.secureserver.net,S=9915,W=10123&path=/home/l2pbkn5l6xav/mail/new HTTP/2.0" 200 6473 "-" "Mozilla/5.0 (Windows NT 10.0; Win64; x64) AppleWebKit/537.36 (KHTML, like Gecko) Chrome/145.0.0.0 Safari/537.36 (compatible; meta-externalagent/1.1 (+https://developers.facebook.com/docs/sharing/webmasters/crawler))" 141 **0/141402**
74.7.243.247 - - [05/Aug/2026:01:40:23 -0700] "GET /?path=//proc/irq/22/uhci_hcd:usb1 HTTP/2.0" 200 2559 "https://focbs.com/?path=//proc/irq/22" "Mozilla/5.0 AppleWebKit/537.36 (KHTML, like Gecko; compatible; GPTBot/1.4; +https://openai.com/gptbot)" 105 **0/105648**
216.73.216.114 - - [05/Aug/2026:01:40:27 -0700] "GET /?path=%2F%2Flib%2Ffirmware%2Fcirrus%2Fcs35l41 HTTP/2.0" 200 3106 "-" "Mozilla/5.0 AppleWebKit/537.36 (KHTML, like Gecko; compatible; ClaudeBot/1.0; +claudebot@anthropic.com)" 113 **0/113535**
57.141.18.99 - - [05/Aug/2026:01:40:27 -0700] "GET /2026/07/18/exploring-the-appeal-of-mostbet-oferuje-bogaty-wybor-gier-in-2023/?fileloc=//lib64/libthread_db-1.0.so&path=//lib64 HTTP/2.0" 200 2487 "-" "Mozilla/5.0 (Macintosh; Intel Mac OS X 10_15_7) AppleWebKit/537.36 (KHTML, like Gecko) Chrome/145.0.0.0 Safari/537.36 (compatible; meta-externalagent/1.1 (+https://developers.facebook.com/docs/sharing/webmasters/crawler))" 104 **0/104046**
139.5.25.65 - - [05/Aug/2026:01:40:29 -0700] "GET /pt/education/?path=/home/l2pbkn5l6xav/public_html/wp-content/themes/attesa/tribe-events HTTP/1.1" 200 2874 "https://focbs.com/pt/education/?path=/home/l2pbkn5l6xav/public_html/wp-content/themes/attesa" "Mozilla/5.0 (Linux; Android 12; OPPO PCLM9) AppleWebKit/537.36 (KHTML, like Gecko) Chrome/141.0.5704.45 Mobile Safari/537.36" 109 **0/109360**
74.7.243.247 - - [05/Aug/2026:01:40:30 -0700] "GET /?path=//proc/719607/cwd/opt/cpanel/ea-profiles-cpanel HTTP/2.0" 200 2579 "https://focbs.com/?path=//proc/719607/cwd/opt/cpanel" "Mozilla/5.0 AppleWebKit/537.36 (KHTML, like Gecko; compatible; GPTBot/1.4; +https://openai.com/gptbot)" 134 **0/134863**
57.141.18.76 - - [05/Aug/2026:01:40:31 -0700] "GET /2026/07/19/utmaningar-for-casino-utan-svensk-licens-med-10-euro-insattningar-en-vaxande-oro/?fileloc=/home/l2pbkn5l6xav/mail/new/1752357508.M3213P2387441.p3plzcpnl504740.prod.phx3.secureserver.net,S=4641,W=4731&path=/home/l2pbkn5l6xav/mail/new HTTP/2.0" 200 4326 "-" "Mozilla/5.0 (Windows NT 10.0; Win64; x64) AppleWebKit/537.36 (KHTML, like Gecko) Chrome/145.0.0.0 Safari/537.36 (compatible; meta-externalagent/1.1 (+https://developers.facebook.com/docs/sharing/webmasters/crawler))" 121 **0/121603**
216.73.216.114 - - [05/Aug/2026:01:40:32 -0700] "GET /?fileloc=%2F%2Fbin%2Ftr&path=%2F%2Fbin HTTP/2.0" 200 2469 "-" "Mozilla/5.0 AppleWebKit/537.36 (KHTML, like Gecko; compatible; ClaudeBot/1.0; +claudebot@anthropic.com)" 110 **0/110152**
57.141.18.17 - - [05/Aug/2026:01:40:34 -0700] "GET /2026/07/19/utmaningar-for-casino-utan-svensk-licens-med-10-euro-insattningar-en-vaxande-oro/?fileloc=/home/l2pbkn5l6xav/mail/new/1689646401.M648740P1024856.a2plcpnl0805.prod.iad2.secureserver.net,S=5183,W=5273&path=/home/l2pbkn5l6xav/mail/new HTTP/2.0" 200 4520 "-" "Mozilla/5.0 (Windows NT 10.0; Win64; x64) AppleWebKit/537.36 (KHTML, like Gecko) Chrome/145.0.0.0 Safari/537.36 (compatible; meta-externalagent/1.1 (+https://developers.facebook.com/docs/sharing/webmasters/crawler))" 121 **0/121256**
66.249.72.227 - - [05/Aug/2026:01:40:35 -0700] "GET /?productSearch/pictureSearch?id=5270403871100 HTTP/1.1" 200 19162 "-" "Mozilla/5.0 (Linux; Android 6.0.1; Nexus 5X Build/MMB29P) AppleWebKit/537.36 (KHTML, like Gecko) Chrome/150.0.7871.186 Mobile Safari/537.36 (compatible; Googlebot/2.1; +http://www.google.com/bot.html)" 338 **0/338187**
74.7.243.247 - - [05/Aug/2026:01:40:35 -0700] "GET /?path=//proc/719607/root/proc/self/root/lib/environment.d HTTP/2.0" 200 2589 "https://focbs.com/?path=//proc/719607/root/proc/self/root/lib" "Mozilla/5.0 AppleWebKit/537.36 (KHTML, like Gecko; compatible; GPTBot/1.4; +https://openai.com/gptbot)" 142 **0/142971**
216.73.216.114 - - [05/Aug/2026:01:40:37 -0700] "GET /?fileloc=%2F%2Fusr%2Flib64%2Fpython3.12%2Flib2to3%2Ffixes%2F__pycache__%2Ffix_exec.cpython-312.opt-2.pyc&path=%2F%2Fusr%2Flib64%2Fpython3.12%2Flib2to3%2Ffixes%2F__pycache__ HTTP/2.0" 200 2550 "-" "Mozilla/5.0 AppleWebKit/537.36 (KHTML, like Gecko; compatible; ClaudeBot/1.0; +claudebot@anthropic.com)" 126 **0/126866**
57.141.18.112 - - [05/Aug/2026:01:40:38 -0700] "GET /2026/07/19/jak-aktywowac-voucher-free-spins-w-mostbet-dla-doswiadczonych-graczy/?fileloc=//lib64/libunistring.so.2&path=//lib64 HTTP/2.0" 200 2481 "-" "Mozilla/5.0 (Windows NT 10.0; Win64; x64) AppleWebKit/537.36 (KHTML, like Gecko) Chrome/145.0.0.0 Safari/537.36 (compatible; meta-externalagent/1.1 (+https://developers.facebook.com/docs/sharing/webmasters/crawler))" 210 **0/210003**
74.7.243.247 - - [05/Aug/2026:01:40:40 -0700] "GET /?path=//proc/719607/root/proc/self/root/lib/firmware/LENOVO HTTP/2.0" 200 2600 "https://focbs.com/?path=//proc/719607/root/proc/self/root/lib/firmware" "Mozilla/5.0 AppleWebKit/537.36 (KHTML, like Gecko; compatible; GPTBot/1.4; +https://openai.com/gptbot)" 120 **0/120116**
57.141.18.104 - - [05/Aug/2026:01:40:41 -0700] "GET /2026/07/19/jak-aktywowac-voucher-free-spins-w-mostbet-dla-doswiadczonych-graczy/?fileloc=//lib64/libjbig2dec.so.0.0.0&path=//lib64 HTTP/2.0" 200 2484 "-" "Mozilla/5.0 (X11; Linux x86_64) AppleWebKit/537.36 (KHTML, like Gecko) Chrome/145.0.0.0 Safari/537.36 (compatible; meta-externalagent/1.1 (+https://developers.facebook.com/docs/sharing/webmasters/crawler))" 108 **0/108747**
216.73.216.114 - - [05/Aug/2026:01:40:42 -0700] "GET /?path=%2F%2Fopt%2Falt%2Flibheif%2Flib64 HTTP/2.0" 200 2971 "-" "Mozilla/5.0 AppleWebKit/537.36 (KHTML, like Gecko; compatible; ClaudeBot/1.0; +claudebot@anthropic.com)" 107 **0/107048**
57.141.18.85 - - [05/Aug/2026:01:40:44 -0700] "GET /2026/07/19/jak-aktywowac-voucher-free-spins-w-mostbet-dla-doswiadczonych-graczy/?fileloc=//lib64/libcom_err.so.2&path=//lib64 HTTP/2.0" 200 2480 "-" "Mozilla/5.0 (X11; Linux x86_64) AppleWebKit/537.36 (KHTML, like Gecko) Chrome/145.0.0.0 Safari/537.36 (compatible; meta-externalagent/1.1 (+https://developers.facebook.com/docs/sharing/webmasters/crawler))" 113 **0/113183**
74.7.243.247 - - [05/Aug/2026:01:40:45 -0700] "GET /?fileloc=//proc/719607/cwd/lib/firmware/rtlwifi/rtl8192dufw.bin&path=//proc/719607/cwd/lib/firmware/rtlwifi HTTP/2.0" 200 2534 "https://focbs.com/?path=//proc/719607/cwd/lib/firmware/rtlwifi" "Mozilla/5.0 AppleWebKit/537.36 (KHTML, like Gecko; compatible; GPTBot/1.4; +https://openai.com/gptbot)" 106 **0/106955**
57.141.18.65 - - [05/Aug/2026:01:40:47 -0700] "GET /2026/07/19/utmaningar-for-casino-utan-svensk-licens-med-10-euro-insattningar-en-vaxande-oro/?fileloc=/home/l2pbkn5l6xav/mail/new/1750915533.M138187P1179412.p3plzcpnl504740.prod.phx3.secureserver.net,S=4708,W=4798&path=/home/l2pbkn5l6xav/mail/new HTTP/2.0" 200 4359 "-" "Mozilla/5.0 (Windows NT 10.0; Win64; x64) AppleWebKit/537.36 (KHTML, like Gecko) Chrome/145.0.0.0 Safari/537.36 (compatible; meta-externalagent/1.1 (+https://developers.facebook.com/docs/sharing/webmasters/crawler))" 116 **0/116639**
216.73.216.114 - - [05/Aug/2026:01:40:47 -0700] "GET /?fileloc=%2F%2Fusr%2Flib64%2Fpython3.12%2Flib2to3%2Ffixes%2F__pycache__%2Ffix_methodattrs.cpython-312.opt-2.pyc&path=%2F%2Fusr%2Flib64%2Fpython3.12%2Flib2to3%2Ffixes%2F__pycache__ HTTP/2.0" 200 2553 "-" "Mozilla/5.0 AppleWebKit/537.36 (KHTML, like Gecko; compatible; ClaudeBot/1.0; +claudebot@anthropic.com)" 117 **0/117155**
74.7.243.247 - - [05/Aug/2026:01:40:49 -0700] "GET /?path=//proc/719607/cwd/opt/alt/tests/alt-php54-pecl-brotli_0.14.2-2.el8 HTTP/2.0" 200 2603 "https://focbs.com/?path=//proc/719607/cwd/opt/alt/tests" "Mozilla/5.0 AppleWebKit/537.36 (KHTML, like Gecko; compatible; GPTBot/1.4; +https://openai.com/gptbot)" 129 **0/129094**
57.141.18.37 - - [05/Aug/2026:01:40:51 -0700] "GET /2026/07/18/exploring-the-appeal-of-mostbet-oferuje-bogaty-wybor-gier-in-2023/?fileloc=//lib64/libgdk-x11-2.0.so.0&path=//lib64 HTTP/2.0" 200 2484 "-" "Mozilla/5.0 (Macintosh; Intel Mac OS X 10_15_7) AppleWebKit/537.36 (KHTML, like Gecko) Chrome/145.0.0.0 Safari/537.36 (compatible; meta-externalagent/1.1 (+https://developers.facebook.com/docs/sharing/webmasters/crawler))" 118 **0/118557**
74.7.243.247 - - [05/Aug/2026:01:40:52 -0700] "GET /?path=//proc/719607/cwd/opt/alt/tests/alt-php56-pecl-brotli_0.14.2-2.el8 HTTP/2.0" 200 2603 "https://focbs.com/?path=//proc/719607/cwd/opt/alt/tests" "Mozilla/5.0 AppleWebKit/537.36 (KHTML, like Gecko; compatible; GPTBot/1.4; +https://openai.com/gptbot)" 107 **0/107627**
57.141.18.42 - - [05/Aug/2026:01:40:53 -0700] "GET /2026/07/18/exploring-the-appeal-of-mostbet-oferuje-bogaty-wybor-gier-in-2023/?fileloc=//lib64/libSegFault.so&path=//lib64 HTTP/2.0" 200 2480 "-" "Mozilla/5.0 (Windows NT 10.0; Win64; x64) AppleWebKit/537.36 (KHTML, like Gecko) Chrome/145.0.0.0 Safari/537.36 (compatible; meta-externalagent/1.1 (+https://developers.facebook.com/docs/sharing/webmasters/crawler))" 99 **0/99733**
74.7.243.247 - - [05/Aug/2026:01:40:56 -0700] "GET /?path=//proc/719607/root/proc/self/root/lib/dracut/modules.d/95udev-rules HTTP/2.0" 200 2615 "https://focbs.com/?path=//proc/719607/root/proc/self/root/lib/dracut/modules.d" "Mozilla/5.0 AppleWebKit/537.36 (KHTML, like Gecko; compatible; GPTBot/1.4; +https://openai.com/gptbot)" 97 **0/97801**
57.141.18.27 - - [05/Aug/2026:01:40:56 -0700] "GET /2026/07/19/utmaningar-for-casino-utan-svensk-licens-med-10-euro-insattningar-en-vaxande-oro/?fileloc=/home/l2pbkn5l6xav/mail/new/1570258212.M354026P3769140.a2plcpnl0805.prod.iad2.secureserver.net,S=5435,W=5522&path=/home/l2pbkn5l6xav/mail/new HTTP/2.0" 200 4549 "-" "Mozilla/5.0 (Macintosh; Intel Mac OS X 10_15_7) AppleWebKit/537.36 (KHTML, like Gecko) Chrome/145.0.0.0 Safari/537.36 (compatible; meta-externalagent/1.1 (+https://developers.facebook.com/docs/sharing/webmasters/crawler))" 113 **0/113124**
74.7.243.247 - - [05/Aug/2026:01:40:59 -0700] "GET /?path=//proc/719607/root/lib/firmware/mwl8k HTTP/2.0" 200 2576 "https://focbs.com/?path=//proc/719607/root/lib/firmware" "Mozilla/5.0 AppleWebKit/537.36 (KHTML, like Gecko; compatible; GPTBot/1.4; +https://openai.com/gptbot)" 115 **0/115851**
57.141.18.21 - - [05/Aug/2026:01:40:59 -0700] "GET /2026/07/19/utmaningar-for-casino-utan-svensk-licens-med-10-euro-insattningar-en-vaxande-oro/?fileloc=/home/l2pbkn5l6xav/mail/new/1751112808.M982376P3125763.p3plzcpnl504740.prod.phx3.secureserver.net,S=4634,W=4724&path=/home/l2pbkn5l6xav/mail/new HTTP/2.0" 200 4305 "-" "Mozilla/5.0 (X11; Linux x86_64) AppleWebKit/537.36 (KHTML, like Gecko) Chrome/145.0.0.0 Safari/537.36 (compatible; meta-externalagent/1.1 (+https://developers.facebook.com/docs/sharing/webmasters/crawler))" 112 **0/112674**
66.249.72.229 - - [05/Aug/2026:01:40:59 -0700] "GET /?p=13924099071100 HTTP/1.1" 200 18577 "-" "Mozilla/5.0 (Linux; Android 6.0.1; Nexus 5X Build/MMB29P) AppleWebKit/537.36 (KHTML, like Gecko) Chrome/150.0.7871.186 Mobile Safari/537.36 (compatible; Googlebot/2.1; +http://www.google.com/bot.html)" 332 **0/332796**
74.7.243.247 - - [05/Aug/2026:01:41:01 -0700] "GET /?path=//proc/719607/cwd/lib/firmware/3com HTTP/2.0" 200 2575 "https://focbs.com/?path=//proc/719607/cwd/lib/firmware" "Mozilla/5.0 AppleWebKit/537.36 (KHTML, like Gecko; compatible; GPTBot/1.4; +https://openai.com/gptbot)" 183 **0/183810**
57.141.18.70 - - [05/Aug/2026:01:41:01 -0700] "GET /2026/07/18/wie-fange-ich-an-bei-sportwetten-ohne-oasis-fur-maximale-gewinne/?fileloc=//lib/.build-id/b8/6706ba9af9a46a77c991b9002013326d3d4359&path=//lib/.build-id/b8 HTTP/2.0" 200 2520 "-" "Mozilla/5.0 (Windows NT 10.0; Win64; x64) AppleWebKit/537.36 (KHTML, like Gecko) Chrome/145.0.0.0 Safari/537.36 (compatible; meta-externalagent/1.1 (+https://developers.facebook.com/docs/sharing/webmasters/crawler))" 129 **0/129966**
74.7.243.247 - - [05/Aug/2026:01:41:04 -0700] "GET /?path=//proc/719607/cwd/lib/firmware/ar3k HTTP/2.0" 200 2576 "https://focbs.com/?path=//proc/719607/cwd/lib/firmware" "Mozilla/5.0 AppleWebKit/537.36 (KHTML, like Gecko; compatible; GPTBot/1.4; +https://openai.com/gptbot)" 155 **0/155244**
57.141.18.98 - - [05/Aug/2026:01:41:04 -0700] "GET /2026/07/18/wie-fange-ich-an-bei-sportwetten-ohne-oasis-fur-maximale-gewinne/?fileloc=/home/l2pbkn5l6xav/public_html/wp-admin/images/about-header-privacy.svg&path=/home/l2pbkn5l6xav/public_html/wp-admin/images HTTP/2.0" 200 4444 "-" "Mozilla/5.0 (Windows NT 10.0; Win64; x64) AppleWebKit/537.36 (KHTML, like Gecko) Chrome/145.0.0.0 Safari/537.36 (compatible; meta-externalagent/1.1 (+https://developers.facebook.com/docs/sharing/webmasters/crawler))" 174 **0/174753**
74.7.243.247 - - [05/Aug/2026:01:41:06 -0700] "GET /?path=//proc/719607/cwd/usr/include/bind9 HTTP/2.0" 200 2576 "https://focbs.com/?path=//proc/719607/cwd/usr/include" "Mozilla/5.0 AppleWebKit/537.36 (KHTML, like Gecko; compatible; GPTBot/1.4; +https://openai.com/gptbot)" 112 **0/112876**
57.141.18.37 - - [05/Aug/2026:01:41:07 -0700] "GET /2026/07/19/jak-aktywowac-voucher-free-spins-w-mostbet-dla-doswiadczonych-graczy/?fileloc=//lib64/libpcap.so.1&path=//lib64 HTTP/2.0" 200 2478 "-" "Mozilla/5.0 (X11; Linux x86_64) AppleWebKit/537.36 (KHTML, like Gecko) Chrome/145.0.0.0 Safari/537.36 (compatible; meta-externalagent/1.1 (+https://developers.facebook.com/docs/sharing/webmasters/crawler))" 107 **0/107724**
74.7.243.247 - - [05/Aug/2026:01:41:08 -0700] "GET /?path=//proc/719607/root/usr/include/krb5 HTTP/2.0" 200 2575 "https://focbs.com/?path=//proc/719607/root/usr/include" "Mozilla/5.0 AppleWebKit/537.36 (KHTML, like Gecko; compatible; GPTBot/1.4; +https://openai.com/gptbot)" 107 **0/107724**
57.141.18.43 - - [05/Aug/2026:01:41:09 -0700] "GET /2026/07/19/mostbet-download-tez-tez-sorusulan-suallarin-cavablari/?fileloc=/home/l2pbkn5l6xav/public_html/wp-content/themes/suevafree/core/post-formats/product-format.php&path=/home/l2pbkn5l6xav/public_html/wp-content/themes/suevafree/core/post-formats HTTP/2.0" 200 3418 "-" "Mozilla/5.0 (Macintosh; Intel Mac OS X 10_15_7) AppleWebKit/537.36 (KHTML, like Gecko) Chrome/145.0.0.0 Safari/537.36 (compatible; meta-externalagent/1.1 (+https://developers.facebook.com/docs/sharing/webmasters/crawler))" 102 **0/102621**
74.7.243.247 - - [05/Aug/2026:01:41:10 -0700] "GET /?path=//proc/719607/root/lib/firmware/qcom/venus-6.0 HTTP/2.0" 200 2590 "https://focbs.com/?path=//proc/719607/root/lib/firmware/qcom" "Mozilla/5.0 AppleWebKit/537.36 (KHTML, like Gecko; compatible; GPTBot/1.4; +https://openai.com/gptbot)" 112 **0/112843**
74.7.243.247 - - [05/Aug/2026:01:41:11 -0700] "GET /?path=//proc/719607/root/lib/firmware/qcom/venus-1.8 HTTP/2.0" 200 2590 "https://focbs.com/?path=//proc/719607/root/lib/firmware/qcom" "Mozilla/5.0 AppleWebKit/537.36 (KHTML, like Gecko; compatible; GPTBot/1.4; +https://openai.com/gptbot)" 100 **0/100910**
57.141.18.18 - - [05/Aug/2026:01:41:12 -0700] "GET /2026/07/18/exploring-the-appeal-of-mostbet-oferuje-bogaty-wybor-gier-in-2023/?fileloc=/home/l2pbkn5l6xav/www/wp-includes/pluggable.php&path=/home/l2pbkn5l6xav/www/wp-includes HTTP/2.0" 200 26911 "-" "Mozilla/5.0 (Windows NT 10.0; Win64; x64) AppleWebKit/537.36 (KHTML, like Gecko) Chrome/145.0.0.0 Safari/537.36 (compatible; meta-externalagent/1.1 (+https://developers.facebook.com/docs/sharing/webmasters/crawler))" 107 **0/107651**
74.7.243.247 - - [05/Aug/2026:01:41:13 -0700] "GET /?path=//proc/719607/cwd/usr/lib/locale/de_CH.utf8 HTTP/2.0" 200 2589 "https://focbs.com/?path=//proc/719607/cwd/usr/lib/locale" "Mozilla/5.0 AppleWebKit/537.36 (KHTML, like Gecko; compatible; GPTBot/1.4; +https://openai.com/gptbot)" 115 **0/115547**
74.7.243.247 - - [05/Aug/2026:01:41:14 -0700] "GET /?path=//proc/719607/cwd/lib/locale/en_ZA.utf8 HTTP/2.0" 200 2580 "https://focbs.com/?path=//proc/719607/cwd/lib/locale" "Mozilla/5.0 AppleWebKit/537.36 (KHTML, like Gecko; compatible; GPTBot/1.4; +https://openai.com/gptbot)" 104 **0/104297**
57.141.18.83 - - [05/Aug/2026:01:41:14 -0700] "GET /2026/07/18/wie-fange-ich-an-bei-sportwetten-ohne-oasis-fur-maximale-gewinne/?fileloc=//usr/lib64/libsecureio.so.1&path=//usr/lib64 HTTP/2.0" 200 2488 "-" "Mozilla/5.0 (Macintosh; Intel Mac OS X 10_15_7) AppleWebKit/537.36 (KHTML, like Gecko) Chrome/145.0.0.0 Safari/537.36 (compatible; meta-externalagent/1.1 (+https://developers.facebook.com/docs/sharing/webmasters/crawler))" 104 **0/104751**
74.7.243.247 - - [05/Aug/2026:01:41:15 -0700] "GET /?path=//proc/719607/cwd/lib/locale/en_PH.utf8 HTTP/2.0" 200 2579 "https://focbs.com/?path=//proc/719607/cwd/lib/locale" "Mozilla/5.0 AppleWebKit/537.36 (KHTML, like Gecko; compatible; GPTBot/1.4; +https://openai.com/gptbot)" 108 **0/108535**
74.7.243.247 - - [05/Aug/2026:01:41:16 -0700] "GET /?path=//proc/719607/cwd/lib/locale/en_HK.utf8 HTTP/2.0" 200 2580 "https://focbs.com/?path=//proc/719607/cwd/lib/locale" "Mozilla/5.0 AppleWebKit/537.36 (KHTML, like Gecko; compatible; GPTBot/1.4; +https://openai.com/gptbot)" 126 **0/126748**
57.141.18.14 - - [05/Aug/2026:01:41:16 -0700] "GET /2026/07/18/wie-fange-ich-an-bei-sportwetten-ohne-oasis-fur-maximale-gewinne/?fileloc=//usr/lib64/libcc1.so&path=//usr/lib64 HTTP/2.0" 200 2486 "-" "Mozilla/5.0 (Windows NT 10.0; Win64; x64) AppleWebKit/537.36 (KHTML, like Gecko) Chrome/145.0.0.0 Safari/537.36 (compatible; meta-externalagent/1.1 (+https://developers.facebook.com/docs/sharing/webmasters/crawler))" 111 **0/111982**
74.7.243.247 - - [05/Aug/2026:01:41:17 -0700] "GET /?path=//proc/719607/cwd/lib/locale/en_DK.utf8 HTTP/2.0" 200 2580 "https://focbs.com/?path=//proc/719607/cwd/lib/locale" "Mozilla/5.0 AppleWebKit/537.36 (KHTML, like Gecko; compatible; GPTBot/1.4; +https://openai.com/gptbot)" 110 **0/110178**
74.7.243.247 - - [05/Aug/2026:01:41:18 -0700] "GET /?path=//proc/719607/cwd/lib/locale/en_ZW.utf8 HTTP/2.0" 200 2580 "https://focbs.com/?path=//proc/719607/cwd/lib/locale" "Mozilla/5.0 AppleWebKit/537.36 (KHTML, like Gecko; compatible; GPTBot/1.4; +https://openai.com/gptbot)" 107 **0/107703**
74.7.243.247 - - [05/Aug/2026:01:41:18 -0700] "GET /?path=//proc/719607/cwd/lib/locale/en_BW.utf8 HTTP/2.0" 200 2580 "https://focbs.com/?path=//proc/719607/cwd/lib/locale" "Mozilla/5.0 AppleWebKit/537.36 (KHTML, like Gecko; compatible; GPTBot/1.4; +https://openai.com/gptbot)" 127 **0/127857**
57.141.18.99 - - [05/Aug/2026:01:41:19 -0700] "GET /2026/07/18/wie-fange-ich-an-bei-sportwetten-ohne-oasis-fur-maximale-gewinne/?fileloc=//usr/lib64/libmcrypt.so.4.4.8&path=//usr/lib64 HTTP/2.0" 200 2491 "-" "Mozilla/5.0 (Macintosh; Intel Mac OS X 10_15_7) AppleWebKit/537.36 (KHTML, like Gecko) Chrome/145.0.0.0 Safari/537.36 (compatible; meta-externalagent/1.1 (+https://developers.facebook.com/docs/sharing/webmasters/crawler))" 105 **0/105480**
74.7.243.247 - - [05/Aug/2026:01:41:19 -0700] "GET /?path=//proc/719607/cwd/usr/lib/locale/de_AT.utf8 HTTP/2.0" 200 2589 "https://focbs.com/?path=//proc/719607/cwd/usr/lib/locale" "Mozilla/5.0 AppleWebKit/537.36 (KHTML, like Gecko; compatible; GPTBot/1.4; +https://openai.com/gptbot)" 101 **0/101935**
74.7.243.247 - - [05/Aug/2026:01:41:20 -0700] "GET /?path=//proc/719607/cwd/lib/locale/en_US.utf8 HTTP/2.0" 200 2580 "https://focbs.com/?path=//proc/719607/cwd/lib/locale" "Mozilla/5.0 AppleWebKit/537.36 (KHTML, like Gecko; compatible; GPTBot/1.4; +https://openai.com/gptbot)" 101 **0/101055**
74.7.243.247 - - [05/Aug/2026:01:41:20 -0700] "GET /?path=//proc/719607/cwd/usr/lib/locale/de_LU.utf8 HTTP/2.0" 200 2589 "https://focbs.com/?path=//proc/719607/cwd/usr/lib/locale" "Mozilla/5.0 AppleWebKit/537.36 (KHTML, like Gecko; compatible; GPTBot/1.4; +https://openai.com/gptbot)" 99 **0/99514**
57.141.18.94 - - [05/Aug/2026:01:41:21 -0700] "GET /2026/07/18/wie-fange-ich-an-bei-sportwetten-ohne-oasis-fur-maximale-gewinne/?fileloc=//usr/lib64/libavif.so.14.0.1&path=//usr/lib64 HTTP/2.0" 200 2491 "-" "Mozilla/5.0 (Macintosh; Intel Mac OS X 10_15_7) AppleWebKit/537.36 (KHTML, like Gecko) Chrome/145.0.0.0 Safari/537.36 (compatible; meta-externalagent/1.1 (+https://developers.facebook.com/docs/sharing/webmasters/crawler))" 124 **0/124142**
74.7.243.247 - - [05/Aug/2026:01:41:21 -0700] "GET /?path=//proc/719607/cwd/usr/lib/locale/de_IT.utf8 HTTP/2.0" 200 2589 "https://focbs.com/?path=//proc/719607/cwd/usr/lib/locale" "Mozilla/5.0 AppleWebKit/537.36 (KHTML, like Gecko; compatible; GPTBot/1.4; +https://openai.com/gptbot)" 115 **0/115781**
74.7.243.247 - - [05/Aug/2026:01:41:21 -0700] "GET /?path=//proc/719607/cwd/lib/locale/en_SC.utf8 HTTP/2.0" 200 2580 "https://focbs.com/?path=//proc/719607/cwd/lib/locale" "Mozilla/5.0 AppleWebKit/537.36 (KHTML, like Gecko; compatible; GPTBot/1.4; +https://openai.com/gptbot)" 126 **0/126046**
74.7.243.247 - - [05/Aug/2026:01:41:22 -0700] "GET /?path=//proc/719607/cwd/lib/locale/en_NZ.utf8 HTTP/2.0" 200 2579 "https://focbs.com/?path=//proc/719607/cwd/lib/locale" "Mozilla/5.0 AppleWebKit/537.36 (KHTML, like Gecko; compatible; GPTBot/1.4; +https://openai.com/gptbot)" 107 **0/107608**
74.7.243.247 - - [05/Aug/2026:01:41:22 -0700] "GET /?path=//proc/719607/cwd/lib/locale/en_SG.utf8 HTTP/2.0" 200 2580 "https://focbs.com/?path=//proc/719607/cwd/lib/locale" "Mozilla/5.0 AppleWebKit/537.36 (KHTML, like Gecko; compatible; GPTBot/1.4; +https://openai.com/gptbot)" 102 **0/102056**
74.7.243.247 - - [05/Aug/2026:01:41:23 -0700] "GET /?path=//proc/719607/cwd/lib/locale/en_AU.utf8 HTTP/2.0" 200 2580 "https://focbs.com/?path=//proc/719607/cwd/lib/locale" "Mozilla/5.0 AppleWebKit/537.36 (KHTML, like Gecko; compatible; GPTBot/1.4; +https://openai.com/gptbot)" 107 **0/107184**
57.141.18.85 - - [05/Aug/2026:01:41:23 -0700] "GET /2026/07/18/wie-fange-ich-an-bei-sportwetten-ohne-oasis-fur-maximale-gewinne/?fileloc=//proc/sys/net/ipv4/ip_local_reserved_ports&path=//proc/sys/net/ipv4 HTTP/2.0" 200 2526 "-" "Mozilla/5.0 (Windows NT 10.0; Win64; x64) AppleWebKit/537.36 (KHTML, like Gecko) Chrome/145.0.0.0 Safari/537.36 (compatible; meta-externalagent/1.1 (+https://developers.facebook.com/docs/sharing/webmasters/crawler))" 97 **0/97570**
74.7.243.247 - - [05/Aug/2026:01:41:24 -0700] "GET /?path=//proc/719607/cwd/lib/locale/en_IE.utf8 HTTP/2.0" 200 2580 "https://focbs.com/?path=//proc/719607/cwd/lib/locale" "Mozilla/5.0 AppleWebKit/537.36 (KHTML, like Gecko; compatible; GPTBot/1.4; +https://openai.com/gptbot)" 109 **0/109748**
74.7.243.247 - - [05/Aug/2026:01:41:24 -0700] "GET /?path=//proc/719607/cwd/usr/lib/locale/de_BE.utf8 HTTP/2.0" 200 2589 "https://focbs.com/?path=//proc/719607/cwd/usr/lib/locale" "Mozilla/5.0 AppleWebKit/537.36 (KHTML, like Gecko; compatible; GPTBot/1.4; +https://openai.com/gptbot)" 102 **0/102843**
74.7.243.247 - - [05/Aug/2026:01:41:25 -0700] "GET /?path=//proc/719607/cwd/lib/locale/en_CA.utf8 HTTP/2.0" 200 2580 "https://focbs.com/?path=//proc/719607/cwd/lib/locale" "Mozilla/5.0 AppleWebKit/537.36 (KHTML, like Gecko; compatible; GPTBot/1.4; +https://openai.com/gptbot)" 113 **0/113492**
74.7.243.247 - - [05/Aug/2026:01:41:25 -0700] "GET /?path=//proc/719607/cwd/lib/locale/en_GB.utf8 HTTP/2.0" 200 2580 "https://focbs.com/?path=//proc/719607/cwd/lib/locale" "Mozilla/5.0 AppleWebKit/537.36 (KHTML, like Gecko; compatible; GPTBot/1.4; +https://openai.com/gptbot)" 123 **0/123253**
66.249.72.228 - - [05/Aug/2026:01:41:25 -0700] "GET /?productSearch/pictureSearch?id=5776947671100 HTTP/1.1" 200 19473 "-" "Mozilla/5.0 (compatible; Googlebot/2.1; +http://www.google.com/bot.html)" 331 **0/331634**
74.7.243.247 - - [05/Aug/2026:01:41:26 -0700] "GET /?path=//proc/719607/cwd/usr/lib/locale/de_LI.utf8 HTTP/2.0" 200 2589 "https://focbs.com/?path=//proc/719607/cwd/usr/lib/locale" "Mozilla/5.0 AppleWebKit/537.36 (KHTML, like Gecko; compatible; GPTBot/1.4; +https://openai.com/gptbot)" 119 **0/119328**
74.7.243.247 - - [05/Aug/2026:01:41:26 -0700] "GET /?path=//proc/719607/cwd/usr/lib/locale/de_DE.utf8 HTTP/2.0" 200 2589 "https://focbs.com/?path=//proc/719607/cwd/usr/lib/locale" "Mozilla/5.0 AppleWebKit/537.36 (KHTML, like Gecko; compatible; GPTBot/1.4; +https://openai.com/gptbot)" 110 **0/110574**
74.7.243.247 - - [05/Aug/2026:01:41:27 -0700] "GET /?path=//proc/719607/cwd/opt/alt/tests/alt-php82-pecl-memcache_8.2-1.el8 HTTP/2.0" 200 2601 "https://focbs.com/?path=//proc/719607/cwd/opt/alt/tests" "Mozilla/5.0 AppleWebKit/537.36 (KHTML, like Gecko; compatible; GPTBot/1.4; +https://openai.com/gptbot)" 135 **0/135054**
57.141.18.64 - - [05/Aug/2026:01:41:27 -0700] "GET /2026/07/19/utmaningar-for-casino-utan-svensk-licens-med-10-euro-insattningar-en-vaxande-oro/?fileloc=/home/l2pbkn5l6xav/mail/new/1740165175.M561702P2103533.p3plzcpnl504740.prod.phx3.secureserver.net,S=4824,W=4915&path=/home/l2pbkn5l6xav/mail/new HTTP/2.0" 200 4304 "-" "Mozilla/5.0 (Windows NT 10.0; Win64; x64) AppleWebKit/537.36 (KHTML, like Gecko) Chrome/144.0.0.0 Safari/537.36 Edg/144.0.0.0 (compatible; meta-externalagent/1.1 (+https://developers.facebook.com/docs/sharing/webmasters/crawler))" 136 **0/136362**
74.7.243.247 - - [05/Aug/2026:01:41:27 -0700] "GET /?path=//proc/719607/cwd/opt/alt/tests/alt-php84-pecl-memcache_8.2-1.el8 HTTP/2.0" 200 2601 "https://focbs.com/?path=//proc/719607/cwd/opt/alt/tests" "Mozilla/5.0 AppleWebKit/537.36 (KHTML, like Gecko; compatible; GPTBot/1.4; +https://openai.com/gptbot)" 133 **0/133269**
74.7.243.247 - - [05/Aug/2026:01:41:28 -0700] "GET /?path=//proc/719607/cwd/opt/alt/tests/alt-php80-pecl-memcache_8.2-1.el8 HTTP/2.0" 200 2601 "https://focbs.com/?path=//proc/719607/cwd/opt/alt/tests" "Mozilla/5.0 AppleWebKit/537.36 (KHTML, like Gecko; compatible; GPTBot/1.4; +https://openai.com/gptbot)" 113 **0/113991**
74.7.243.247 - - [05/Aug/2026:01:41:28 -0700] "GET /?path=//proc/719607/cwd/opt/alt/tests/alt-php83-pecl-memcache_8.2-1.el8 HTTP/2.0" 200 2601 "https://focbs.com/?path=//proc/719607/cwd/opt/alt/tests" "Mozilla/5.0 AppleWebKit/537.36 (KHTML, like Gecko; compatible; GPTBot/1.4; +https://openai.com/gptbot)" 114 **0/114387**
74.7.243.247 - - [05/Aug/2026:01:41:29 -0700] "GET /?path=//proc/719607/root/lib/locale/de_LU.utf8 HTTP/2.0" 200 2580 "https://focbs.com/?path=//proc/719607/root/lib/locale" "Mozilla/5.0 AppleWebKit/537.36 (KHTML, like Gecko; compatible; GPTBot/1.4; +https://openai.com/gptbot)" 116 **0/116200**
74.7.243.247 - - [05/Aug/2026:01:41:29 -0700] "GET /?path=//proc/719607/root/lib/locale/en_HK.utf8 HTTP/2.0" 200 2580 "https://focbs.com/?path=//proc/719607/root/lib/locale" "Mozilla/5.0 AppleWebKit/537.36 (KHTML, like Gecko; compatible; GPTBot/1.4; +https://openai.com/gptbot)" 105 **0/105607**
57.141.18.117 - - [05/Aug/2026:01:41:30 -0700] "GET /2026/07/18/exploring-the-appeal-of-mostbet-oferuje-bogaty-wybor-gier-in-2023/?fileloc=//lib64/libodbctxtS.so.2.0.0&path=//lib64 HTTP/2.0" 200 2484 "-" "Mozilla/5.0 (Windows NT 10.0; Win64; x64) AppleWebKit/537.36 (KHTML, like Gecko) Chrome/145.0.0.0 Safari/537.36 (compatible; meta-externalagent/1.1 (+https://developers.facebook.com/docs/sharing/webmasters/crawler))" 110 **0/110637**
74.7.243.247 - - [05/Aug/2026:01:41:30 -0700] "GET /?path=//proc/719607/root/lib/locale/en_ZA.utf8 HTTP/2.0" 200 2580 "https://focbs.com/?path=//proc/719607/root/lib/locale" "Mozilla/5.0 AppleWebKit/537.36 (KHTML, like Gecko; compatible; GPTBot/1.4; +https://openai.com/gptbot)" 123 **0/123523**
74.7.243.247 - - [05/Aug/2026:01:41:30 -0700] "GET /?path=//proc/719607/root/lib/locale/de_BE.utf8 HTTP/2.0" 200 2580 "https://focbs.com/?path=//proc/719607/root/lib/locale" "Mozilla/5.0 AppleWebKit/537.36 (KHTML, like Gecko; compatible; GPTBot/1.4; +https://openai.com/gptbot)" 105 **0/105272**
74.7.243.247 - - [05/Aug/2026:01:41:31 -0700] "GET /?path=//proc/719607/root/lib/locale/de_AT.utf8 HTTP/2.0" 200 2580 "https://focbs.com/?path=//proc/719607/root/lib/locale" "Mozilla/5.0 AppleWebKit/537.36 (KHTML, like Gecko; compatible; GPTBot/1.4; +https://openai.com/gptbot)" 110 **0/110243**
74.7.243.247 - - [05/Aug/2026:01:41:31 -0700] "GET /?path=//proc/719607/root/lib/locale/en_IE.utf8 HTTP/2.0" 200 2580 "https://focbs.com/?path=//proc/719607/root/lib/locale" "Mozilla/5.0 AppleWebKit/537.36 (KHTML, like Gecko; compatible; GPTBot/1.4; +https://openai.com/gptbot)" 119 **0/119286**
57.141.18.68 - - [05/Aug/2026:01:41:32 -0700] "GET /2026/07/19/utmaningar-for-casino-utan-svensk-licens-med-10-euro-insattningar-en-vaxande-oro/?fileloc=/home/l2pbkn5l6xav/mail/new/1697411419.M78829P1063529.a2plcpnl0805.prod.iad2.secureserver.net,S=5461,W=5554&path=/home/l2pbkn5l6xav/mail/new HTTP/2.0" 200 4593 "-" "Mozilla/5.0 (Windows NT 10.0; Win64; x64) AppleWebKit/537.36 (KHTML, like Gecko) Chrome/145.0.0.0 Safari/537.36 (compatible; meta-externalagent/1.1 (+https://developers.facebook.com/docs/sharing/webmasters/crawler))" 112 **0/112400**
74.7.243.247 - - [05/Aug/2026:01:41:32 -0700] "GET /?path=//proc/719607/root/lib/locale/de_IT.utf8 HTTP/2.0" 200 2580 "https://focbs.com/?path=//proc/719607/root/lib/locale" "Mozilla/5.0 AppleWebKit/537.36 (KHTML, like Gecko; compatible; GPTBot/1.4; +https://openai.com/gptbot)" 110 **0/110804**
74.7.243.247 - - [05/Aug/2026:01:41:32 -0700] "GET /?path=//proc/719607/root/lib/locale/de_LI.utf8 HTTP/2.0" 200 2580 "https://focbs.com/?path=//proc/719607/root/lib/locale" "Mozilla/5.0 AppleWebKit/537.36 (KHTML, like Gecko; compatible; GPTBot/1.4; +https://openai.com/gptbot)" 116 **0/116997**
74.7.243.247 - - [05/Aug/2026:01:41:33 -0700] "GET /?path=//proc/719607/root/lib/locale/en_SC.utf8 HTTP/2.0" 200 2580 "https://focbs.com/?path=//proc/719607/root/lib/locale" "Mozilla/5.0 AppleWebKit/537.36 (KHTML, like Gecko; compatible; GPTBot/1.4; +https://openai.com/gptbot)" 148 **0/148251**
57.141.18.71 - - [05/Aug/2026:01:41:33 -0700] "GET /2026/07/19/jak-aktywowac-voucher-free-spins-w-mostbet-dla-doswiadczonych-graczy/?fileloc=//lib64/liboplodbcS.so.2&path=//lib64 HTTP/2.0" 200 2481 "-" "Mozilla/5.0 (Windows NT 10.0; Win64; x64) AppleWebKit/537.36 (KHTML, like Gecko) Chrome/145.0.0.0 Safari/537.36 (compatible; meta-externalagent/1.1 (+https://developers.facebook.com/docs/sharing/webmasters/crawler))" 158 **0/158922**
74.7.243.247 - - [05/Aug/2026:01:41:34 -0700] "GET /?path=//proc/719607/root/lib/locale/en_CA.utf8 HTTP/2.0" 200 2580 "https://focbs.com/?path=//proc/719607/root/lib/locale" "Mozilla/5.0 AppleWebKit/537.36 (KHTML, like Gecko; compatible; GPTBot/1.4; +https://openai.com/gptbot)" 121 **0/121396**
74.7.243.247 - - [05/Aug/2026:01:41:34 -0700] "GET /?path=//proc/719607/root/lib/locale/en_BW.utf8 HTTP/2.0" 200 2580 "https://focbs.com/?path=//proc/719607/root/lib/locale" "Mozilla/5.0 AppleWebKit/537.36 (KHTML, like Gecko; compatible; GPTBot/1.4; +https://openai.com/gptbot)" 106 **0/106526**
74.7.243.247 - - [05/Aug/2026:01:41:35 -0700] "GET /?path=//proc/719607/root/lib/locale/en_GB.utf8 HTTP/2.0" 200 2580 "https://focbs.com/?path=//proc/719607/root/lib/locale" "Mozilla/5.0 AppleWebKit/537.36 (KHTML, like Gecko; compatible; GPTBot/1.4; +https://openai.com/gptbot)" 107 **0/107418**
74.7.243.247 - - [05/Aug/2026:01:41:35 -0700] "GET /?path=//proc/719607/root/lib/locale/en_ZW.utf8 HTTP/2.0" 200 2580 "https://focbs.com/?path=//proc/719607/root/lib/locale" "Mozilla/5.0 AppleWebKit/537.36 (KHTML, like Gecko; compatible; GPTBot/1.4; +https://openai.com/gptbot)" 111 **0/111169**
66.249.72.227 - - [05/Aug/2026:01:41:35 -0700] "GET /?p=13934273871100 HTTP/1.1" 200 18133 "-" "Mozilla/5.0 (Linux; Android 6.0.1; Nexus 5X Build/MMB29P) AppleWebKit/537.36 (KHTML, like Gecko) Chrome/150.0.7871.186 Mobile Safari/537.36 (compatible; Googlebot/2.1; +http://www.google.com/bot.html)" 310 **0/310295**
57.141.18.86 - - [05/Aug/2026:01:41:35 -0700] "GET /2026/07/18/wie-fange-ich-an-bei-sportwetten-ohne-oasis-fur-maximale-gewinne/?fileloc=/home/l2pbkn5l6xav/mail/new/1712066722.M742699P3495272.a2plcpnl0805.prod.iad2.secureserver.net,S=5343,W=5436&path=/home/l2pbkn5l6xav/mail/new HTTP/2.0" 200 4550 "-" "Mozilla/5.0 (Windows NT 10.0; Win64; x64) AppleWebKit/537.36 (KHTML, like Gecko) Chrome/145.0.0.0 Safari/537.36 Edg/145.0.0.0 (compatible; meta-externalagent/1.1 (+https://developers.facebook.com/docs/sharing/webmasters/crawler))" 122 **0/122395**
74.7.243.247 - - [05/Aug/2026:01:41:36 -0700] "GET /?path=//proc/719607/root/lib/locale/en_AU.utf8 HTTP/2.0" 200 2580 "https://focbs.com/?path=//proc/719607/root/lib/locale" "Mozilla/5.0 AppleWebKit/537.36 (KHTML, like Gecko; compatible; GPTBot/1.4; +https://openai.com/gptbot)" 116 **0/116072**
74.7.243.247 - - [05/Aug/2026:01:41:36 -0700] "GET /?path=//proc/719607/root/lib/locale/en_US.utf8 HTTP/2.0" 200 2580 "https://focbs.com/?path=//proc/719607/root/lib/locale" "Mozilla/5.0 AppleWebKit/537.36 (KHTML, like Gecko; compatible; GPTBot/1.4; +https://openai.com/gptbot)" 136 **0/136473**
74.7.243.247 - - [05/Aug/2026:01:41:37 -0700] "GET /?path=//proc/719607/root/lib/locale/en_SG.utf8 HTTP/2.0" 200 2580 "https://focbs.com/?path=//proc/719607/root/lib/locale" "Mozilla/5.0 AppleWebKit/537.36 (KHTML, like Gecko; compatible; GPTBot/1.4; +https://openai.com/gptbot)" 110 **0/110772**
74.7.243.247 - - [05/Aug/2026:01:41:37 -0700] "GET /?path=//proc/719607/root/lib/locale/en_NZ.utf8 HTTP/2.0" 200 2579 "https://focbs.com/?path=//proc/719607/root/lib/locale" "Mozilla/5.0 AppleWebKit/537.36 (KHTML, like Gecko; compatible; GPTBot/1.4; +https://openai.com/gptbot)" 107 **0/107080**
57.141.18.100 - - [05/Aug/2026:01:41:37 -0700] "GET /2026/07/18/wie-fange-ich-an-bei-sportwetten-ohne-oasis-fur-maximale-gewinne/?fileloc=//lib/locale/en_DK.utf8/LC_IDENTIFICATION&path=//lib/locale/en_DK.utf8 HTTP/2.0" 200 2515 "-" "Mozilla/5.0 (Windows NT 10.0; Win64; x64) AppleWebKit/537.36 (KHTML, like Gecko) Chrome/145.0.0.0 Safari/537.36 (compatible; meta-externalagent/1.1 (+https://developers.facebook.com/docs/sharing/webmasters/crawler))" 109 **0/109288**
74.7.243.247 - - [05/Aug/2026:01:41:38 -0700] "GET /?path=//proc/719607/root/lib/locale/en_PH.utf8 HTTP/2.0" 200 2579 "https://focbs.com/?path=//proc/719607/root/lib/locale" "Mozilla/5.0 AppleWebKit/537.36 (KHTML, like Gecko; compatible; GPTBot/1.4; +https://openai.com/gptbot)" 101 **0/101844**
74.7.243.247 - - [05/Aug/2026:01:41:38 -0700] "GET /?path=//proc/719607/root/lib/locale/en_DK.utf8 HTTP/2.0" 200 2580 "https://focbs.com/?path=//proc/719607/root/lib/locale" "Mozilla/5.0 AppleWebKit/537.36 (KHTML, like Gecko; compatible; GPTBot/1.4; +https://openai.com/gptbot)" 120 **0/120767**
74.7.243.247 - - [05/Aug/2026:01:41:39 -0700] "GET /?path=//proc/719607/root/lib/locale/de_DE.utf8 HTTP/2.0" 200 2580 "https://focbs.com/?path=//proc/719607/root/lib/locale" "Mozilla/5.0 AppleWebKit/537.36 (KHTML, like Gecko; compatible; GPTBot/1.4; +https://openai.com/gptbot)" 106 **0/106438**
74.7.243.247 - - [05/Aug/2026:01:41:39 -0700] "GET /?path=//proc/719607/root/lib/locale/de_CH.utf8 HTTP/2.0" 200 2580 "https://focbs.com/?path=//proc/719607/root/lib/locale" "Mozilla/5.0 AppleWebKit/537.36 (KHTML, like Gecko; compatible; GPTBot/1.4; +https://openai.com/gptbot)" 113 **0/113789**
74.7.243.247 - - [05/Aug/2026:01:41:40 -0700] "GET /?path=//proc/719607/cwd/lib/modules/4.18.0-553.132.1.lve.el8.x86_64 HTTP/2.0" 200 2582 "https://focbs.com/?path=//proc/719607/cwd/lib/modules" "Mozilla/5.0 AppleWebKit/537.36 (KHTML, like Gecko; compatible; GPTBot/1.4; +https://openai.com/gptbot)" 113 **0/113315**
57.141.18.89 - - [05/Aug/2026:01:41:40 -0700] "GET /2026/07/19/skachat-1khbet-na-aifon-vozmozhnosti-dlia-zhivogo-stavok/?fileloc=/home/l2pbkn5l6xav/public_html/wp-includes/css/dist/edit-site/style.css&path=/home/l2pbkn5l6xav/public_html/wp-includes/css/dist/edit-site HTTP/2.0" 200 10950 "-" "Mozilla/5.0 (Windows NT 10.0; Win64; x64) AppleWebKit/537.36 (KHTML, like Gecko) Chrome/145.0.0.0 Safari/537.36 (compatible; meta-externalagent/1.1 (+https://developers.facebook.com/docs/sharing/webmasters/crawler))" 101 **0/101184**
74.7.243.247 - - [05/Aug/2026:01:41:40 -0700] "GET /?path=//proc/719607/cwd/usr/lib/modules/4.18.0-553.50.1.lve.el8.x86_64 HTTP/2.0" 200 2589 "https://focbs.com/?path=//proc/719607/cwd/usr/lib/modules" "Mozilla/5.0 AppleWebKit/537.36 (KHTML, like Gecko; compatible; GPTBot/1.4; +https://openai.com/gptbot)" 101 **0/101005**
74.7.243.247 - - [05/Aug/2026:01:41:41 -0700] "GET /?path=//proc/719607/cwd/lib/modules/4.18.0-553.50.1.lve.el8.x86_64 HTTP/2.0" 200 2580 "https://focbs.com/?path=//proc/719607/cwd/lib/modules" "Mozilla/5.0 AppleWebKit/537.36 (KHTML, like Gecko; compatible; GPTBot/1.4; +https://openai.com/gptbot)" 108 **0/108657**
57.141.18.35 - - [05/Aug/2026:01:41:41 -0700] "GET /2026/07/18/wie-fange-ich-an-bei-sportwetten-ohne-oasis-fur-maximale-gewinne/?fileloc=//usr/bin/gem&path=//usr/bin HTTP/2.0" 200 2791 "-" "Mozilla/5.0 (Macintosh; Intel Mac OS X 10_15_7) AppleWebKit/537.36 (KHTML, like Gecko) Chrome/145.0.0.0 Safari/537.36 (compatible; meta-externalagent/1.1 (+https://developers.facebook.com/docs/sharing/webmasters/crawler))" 109 **0/109266**
74.7.243.247 - - [05/Aug/2026:01:41:41 -0700] "GET /?path=//proc/719607/root/lib/dracut/modules.d/98dracut-systemd HTTP/2.0" 200 2592 "https://focbs.com/?path=//proc/719607/root/lib/dracut/modules.d" "Mozilla/5.0 AppleWebKit/537.36 (KHTML, like Gecko; compatible; GPTBot/1.4; +https://openai.com/gptbot)" 105 **0/105288**
74.7.243.247 - - [05/Aug/2026:01:41:42 -0700] "GET /?path=//proc/719607/root/lib/locale/en_US.utf8@ampm HTTP/2.0" 200 2583 "https://focbs.com/?path=//proc/719607/root/lib/locale" "Mozilla/5.0 AppleWebKit/537.36 (KHTML, like Gecko; compatible; GPTBot/1.4; +https://openai.com/gptbot)" 105 **0/105032**
74.7.243.247 - - [05/Aug/2026:01:41:42 -0700] "GET /?path=//proc/719607/cwd/lib/firmware/bnx2 HTTP/2.0" 200 2575 "https://focbs.com/?path=//proc/719607/cwd/lib/firmware" "Mozilla/5.0 AppleWebKit/537.36 (KHTML, like Gecko; compatible; GPTBot/1.4; +https://openai.com/gptbot)" 105 **0/105229**
74.7.243.247 - - [05/Aug/2026:01:41:43 -0700] "GET /?path=//proc/719607/cwd/usr/include/kadm5 HTTP/2.0" 200 2575 "https://focbs.com/?path=//proc/719607/cwd/usr/include" "Mozilla/5.0 AppleWebKit/537.36 (KHTML, like Gecko; compatible; GPTBot/1.4; +https://openai.com/gptbot)" 108 **0/108539**
57.141.18.67 - - [05/Aug/2026:01:41:43 -0700] "GET /2026/07/19/utmaningar-for-casino-utan-svensk-licens-med-10-euro-insattningar-en-vaxande-oro/?fileloc=/home/l2pbkn5l6xav/mail/new/1694106940.M693078P3117641.a2plcpnl0805.prod.iad2.secureserver.net,S=5249,W=5341&path=/home/l2pbkn5l6xav/mail/new HTTP/2.0" 200 4497 "-" "Mozilla/5.0 (Windows NT 10.0; Win64; x64) AppleWebKit/537.36 (KHTML, like Gecko) Chrome/145.0.0.0 Safari/537.36 (compatible; meta-externalagent/1.1 (+https://developers.facebook.com/docs/sharing/webmasters/crawler))" 113 **0/113812**
66.249.72.227 - - [05/Aug/2026:01:41:43 -0700] "GET /?p=72200627471100 HTTP/1.1" 200 18494 "-" "Mozilla/5.0 (compatible; Googlebot/2.1; +http://www.google.com/bot.html)" 332 **0/332494**
74.7.243.247 - - [05/Aug/2026:01:41:43 -0700] "GET /?path=//proc/719607/root/lib/firmware/ar3k HTTP/2.0" 200 2576 "https://focbs.com/?path=//proc/719607/root/lib/firmware" "Mozilla/5.0 AppleWebKit/537.36 (KHTML, like Gecko; compatible; GPTBot/1.4; +https://openai.com/gptbot)" 545 **0/545476**
57.141.18.49 - - [05/Aug/2026:01:41:44 -0700] "GET /2026/07/18/wie-fange-ich-an-bei-sportwetten-ohne-oasis-fur-maximale-gewinne/?fileloc=//usr/bin/id&path=//usr/bin HTTP/2.0" 200 2479 "-" "Mozilla/5.0 (Windows NT 10.0; Win64; x64) AppleWebKit/537.36 (KHTML, like Gecko) Chrome/145.0.0.0 Safari/537.36 (compatible; meta-externalagent/1.1 (+https://developers.facebook.com/docs/sharing/webmasters/crawler))" 120 **0/120510**
74.7.243.247 - - [05/Aug/2026:01:41:44 -0700] "GET /?path=//proc/719607/cwd/lib/firmware/cpia2 HTTP/2.0" 200 2575 "https://focbs.com/?path=//proc/719607/cwd/lib/firmware" "Mozilla/5.0 AppleWebKit/537.36 (KHTML, like Gecko; compatible; GPTBot/1.4; +https://openai.com/gptbot)" 131 **0/131793**
74.7.243.247 - - [05/Aug/2026:01:41:45 -0700] "GET /?path=//proc/719607/root/lib/firmware/ixp4xx HTTP/2.0" 200 2578 "https://focbs.com/?path=//proc/719607/root/lib/firmware" "Mozilla/5.0 AppleWebKit/537.36 (KHTML, like Gecko; compatible; GPTBot/1.4; +https://openai.com/gptbot)" 128 **0/128613**
74.7.243.247 - - [05/Aug/2026:01:41:45 -0700] "GET /?path=//proc/719607/cwd/opt/cpanel/libargon2 HTTP/2.0" 200 2578 "https://focbs.com/?path=//proc/719607/cwd/opt/cpanel" "Mozilla/5.0 AppleWebKit/537.36 (KHTML, like Gecko; compatible; GPTBot/1.4; +https://openai.com/gptbot)" 105 **0/105733**
74.7.243.247 - - [05/Aug/2026:01:41:46 -0700] "GET /?path=//proc/719607/root/usr/include/event2 HTTP/2.0" 200 2577 "https://focbs.com/?path=//proc/719607/root/usr/include" "Mozilla/5.0 AppleWebKit/537.36 (KHTML, like Gecko; compatible; GPTBot/1.4; +https://openai.com/gptbot)" 145 **0/145004**
74.7.243.247 - - [05/Aug/2026:01:41:46 -0700] "GET /?path=//proc/719607/root/lib/firmware/dpaa2 HTTP/2.0" 200 2575 "https://focbs.com/?path=//proc/719607/root/lib/firmware" "Mozilla/5.0 AppleWebKit/537.36 (KHTML, like Gecko; compatible; GPTBot/1.4; +https://openai.com/gptbot)" 104 **0/104759**
