74.7.243.247 - - [05/Aug/2026:01:56:27 -0700] "GET /?path=//proc/719607/cwd/usr/lib/.build-id/15 HTTP/2.0" 200 2584 "https://focbs.com/?path=//proc/719607/cwd/usr/lib/.build-id" "Mozilla/5.0 AppleWebKit/537.36 (KHTML, like Gecko; compatible; GPTBot/1.4; +https://openai.com/gptbot)" 106 **0/106355**
74.7.243.247 - - [05/Aug/2026:01:56:28 -0700] "GET /?path=//proc/719607/cwd/usr/lib/.build-id/65 HTTP/2.0" 200 2584 "https://focbs.com/?path=//proc/719607/cwd/usr/lib/.build-id" "Mozilla/5.0 AppleWebKit/537.36 (KHTML, like Gecko; compatible; GPTBot/1.4; +https://openai.com/gptbot)" 113 **0/113272**
74.7.243.247 - - [05/Aug/2026:01:56:28 -0700] "GET /?path=//proc/719607/cwd/usr/lib/.build-id/88 HTTP/2.0" 200 2584 "https://focbs.com/?path=//proc/719607/cwd/usr/lib/.build-id" "Mozilla/5.0 AppleWebKit/537.36 (KHTML, like Gecko; compatible; GPTBot/1.4; +https://openai.com/gptbot)" 109 **0/109730**
66.249.72.228 - - [05/Aug/2026:01:56:28 -0700] "GET /?p=46948191671100 HTTP/1.1" 200 18711 "-" "Mozilla/5.0 (compatible; Googlebot/2.1; +http://www.google.com/bot.html)" 350 **0/350402**
74.7.243.247 - - [05/Aug/2026:01:56:29 -0700] "GET /?path=//proc/719607/cwd/usr/lib/.build-id/44 HTTP/2.0" 200 2584 "https://focbs.com/?path=//proc/719607/cwd/usr/lib/.build-id" "Mozilla/5.0 AppleWebKit/537.36 (KHTML, like Gecko; compatible; GPTBot/1.4; +https://openai.com/gptbot)" 110 **0/110859**
57.141.18.37 - - [05/Aug/2026:01:56:29 -0700] "GET /2026/07/18/wie-fange-ich-an-bei-sportwetten-ohne-oasis-fur-maximale-gewinne/?path=//usr/lib64/libnfsidmap HTTP/2.0" 200 2927 "-" "Mozilla/5.0 (Windows NT 10.0; Win64; x64) AppleWebKit/537.36 (KHTML, like Gecko) Chrome/145.0.0.0 Safari/537.36 (compatible; meta-externalagent/1.1 (+https://developers.facebook.com/docs/sharing/webmasters/crawler))" 101 **0/101652**
74.7.243.247 - - [05/Aug/2026:01:56:29 -0700] "GET /?path=//proc/719607/cwd/usr/lib/.build-id/56 HTTP/2.0" 200 2584 "https://focbs.com/?path=//proc/719607/cwd/usr/lib/.build-id" "Mozilla/5.0 AppleWebKit/537.36 (KHTML, like Gecko; compatible; GPTBot/1.4; +https://openai.com/gptbot)" 109 **0/109185**
74.7.243.247 - - [05/Aug/2026:01:56:30 -0700] "GET /?path=//proc/719607/cwd/usr/lib/.build-id/59 HTTP/2.0" 200 2584 "https://focbs.com/?path=//proc/719607/cwd/usr/lib/.build-id" "Mozilla/5.0 AppleWebKit/537.36 (KHTML, like Gecko; compatible; GPTBot/1.4; +https://openai.com/gptbot)" 112 **0/112766**
74.7.243.247 - - [05/Aug/2026:01:56:30 -0700] "GET /?path=//proc/719607/cwd/usr/lib/.build-id/51 HTTP/2.0" 200 2584 "https://focbs.com/?path=//proc/719607/cwd/usr/lib/.build-id" "Mozilla/5.0 AppleWebKit/537.36 (KHTML, like Gecko; compatible; GPTBot/1.4; +https://openai.com/gptbot)" 105 **0/105952**
74.7.243.247 - - [05/Aug/2026:01:56:31 -0700] "GET /?path=//proc/719607/cwd/usr/lib/.build-id/55 HTTP/2.0" 200 2584 "https://focbs.com/?path=//proc/719607/cwd/usr/lib/.build-id" "Mozilla/5.0 AppleWebKit/537.36 (KHTML, like Gecko; compatible; GPTBot/1.4; +https://openai.com/gptbot)" 107 **0/107815**
216.73.216.114 - - [05/Aug/2026:01:56:31 -0700] "GET /?fileloc=%2F%2Flib64%2Flibcap.so.2&path=%2F%2Flib64 HTTP/2.0" 200 2477 "-" "Mozilla/5.0 AppleWebKit/537.36 (KHTML, like Gecko; compatible; ClaudeBot/1.0; +claudebot@anthropic.com)" 105 **0/105373**
74.7.243.247 - - [05/Aug/2026:01:56:31 -0700] "GET /?path=//proc/719607/cwd/usr/lib/.build-id/33 HTTP/2.0" 200 2584 "https://focbs.com/?path=//proc/719607/cwd/usr/lib/.build-id" "Mozilla/5.0 AppleWebKit/537.36 (KHTML, like Gecko; compatible; GPTBot/1.4; +https://openai.com/gptbot)" 108 **0/108243**
74.7.243.247 - - [05/Aug/2026:01:56:32 -0700] "GET /?path=//proc/719607/cwd/usr/lib/.build-id/49 HTTP/2.0" 200 2584 "https://focbs.com/?path=//proc/719607/cwd/usr/lib/.build-id" "Mozilla/5.0 AppleWebKit/537.36 (KHTML, like Gecko; compatible; GPTBot/1.4; +https://openai.com/gptbot)" 109 **0/109021**
74.7.243.247 - - [05/Aug/2026:01:56:32 -0700] "GET /?path=//proc/719607/cwd/usr/lib/.build-id/86 HTTP/2.0" 200 2584 "https://focbs.com/?path=//proc/719607/cwd/usr/lib/.build-id" "Mozilla/5.0 AppleWebKit/537.36 (KHTML, like Gecko; compatible; GPTBot/1.4; +https://openai.com/gptbot)" 102 **0/102380**
57.141.18.123 - - [05/Aug/2026:01:56:33 -0700] "GET /2026/07/18/wie-fange-ich-an-bei-sportwetten-ohne-oasis-fur-maximale-gewinne/?fileloc=//usr/lib64/libanl.so&path=//usr/lib64 HTTP/2.0" 200 2486 "-" "Mozilla/5.0 (X11; Linux x86_64) AppleWebKit/537.36 (KHTML, like Gecko) Chrome/145.0.0.0 Safari/537.36 (compatible; meta-externalagent/1.1 (+https://developers.facebook.com/docs/sharing/webmasters/crawler))" 106 **0/106635**
74.7.243.247 - - [05/Aug/2026:01:56:33 -0700] "GET /?path=//proc/719607/cwd/usr/lib/.build-id/98 HTTP/2.0" 200 2583 "https://focbs.com/?path=//proc/719607/cwd/usr/lib/.build-id" "Mozilla/5.0 AppleWebKit/537.36 (KHTML, like Gecko; compatible; GPTBot/1.4; +https://openai.com/gptbot)" 112 **0/112803**
74.7.243.247 - - [05/Aug/2026:01:56:33 -0700] "GET /?path=//proc/719607/cwd/usr/lib/.build-id/29 HTTP/2.0" 200 2583 "https://focbs.com/?path=//proc/719607/cwd/usr/lib/.build-id" "Mozilla/5.0 AppleWebKit/537.36 (KHTML, like Gecko; compatible; GPTBot/1.4; +https://openai.com/gptbot)" 107 **0/107656**
74.7.243.247 - - [05/Aug/2026:01:56:34 -0700] "GET /?path=//proc/719607/cwd/usr/lib/.build-id/50 HTTP/2.0" 200 2584 "https://focbs.com/?path=//proc/719607/cwd/usr/lib/.build-id" "Mozilla/5.0 AppleWebKit/537.36 (KHTML, like Gecko; compatible; GPTBot/1.4; +https://openai.com/gptbot)" 106 **0/106012**
74.7.243.247 - - [05/Aug/2026:01:56:34 -0700] "GET /?path=//proc/719607/cwd/usr/lib/.build-id/04 HTTP/2.0" 200 2584 "https://focbs.com/?path=//proc/719607/cwd/usr/lib/.build-id" "Mozilla/5.0 AppleWebKit/537.36 (KHTML, like Gecko; compatible; GPTBot/1.4; +https://openai.com/gptbot)" 112 **0/112800**
74.7.243.247 - - [05/Aug/2026:01:56:35 -0700] "GET /?path=//proc/719607/cwd/usr/lib/.build-id/13 HTTP/2.0" 200 2584 "https://focbs.com/?path=//proc/719607/cwd/usr/lib/.build-id" "Mozilla/5.0 AppleWebKit/537.36 (KHTML, like Gecko; compatible; GPTBot/1.4; +https://openai.com/gptbot)" 108 **0/108507**
74.7.243.247 - - [05/Aug/2026:01:56:35 -0700] "GET /?path=//proc/719607/cwd/usr/lib/.build-id/03 HTTP/2.0" 200 2584 "https://focbs.com/?path=//proc/719607/cwd/usr/lib/.build-id" "Mozilla/5.0 AppleWebKit/537.36 (KHTML, like Gecko; compatible; GPTBot/1.4; +https://openai.com/gptbot)" 107 **0/107664**
74.7.243.247 - - [05/Aug/2026:01:56:36 -0700] "GET /?path=//proc/719607/cwd/usr/lib/.build-id/39 HTTP/2.0" 200 2584 "https://focbs.com/?path=//proc/719607/cwd/usr/lib/.build-id" "Mozilla/5.0 AppleWebKit/537.36 (KHTML, like Gecko; compatible; GPTBot/1.4; +https://openai.com/gptbot)" 104 **0/104003**
216.73.216.114 - - [05/Aug/2026:01:56:36 -0700] "GET /?fileloc=%2F%2Flib64%2Flibsystemd.so.0&path=%2F%2Flib64 HTTP/2.0" 200 2478 "-" "Mozilla/5.0 AppleWebKit/537.36 (KHTML, like Gecko; compatible; ClaudeBot/1.0; +claudebot@anthropic.com)" 110 **0/110883**
74.7.243.247 - - [05/Aug/2026:01:56:37 -0700] "GET /?path=//proc/719607/cwd/usr/lib/.build-id/36 HTTP/2.0" 200 2584 "https://focbs.com/?path=//proc/719607/cwd/usr/lib/.build-id" "Mozilla/5.0 AppleWebKit/537.36 (KHTML, like Gecko; compatible; GPTBot/1.4; +https://openai.com/gptbot)" 108 **0/108515**
57.141.18.21 - - [05/Aug/2026:01:56:37 -0700] "GET /2026/07/18/wie-fange-ich-an-bei-sportwetten-ohne-oasis-fur-maximale-gewinne/?fileloc=//usr/lib64/libestr.so.0&path=//usr/lib64 HTTP/2.0" 200 2487 "-" "Mozilla/5.0 (Windows NT 10.0; Win64; x64) AppleWebKit/537.36 (KHTML, like Gecko) Chrome/145.0.0.0 Safari/537.36 (compatible; meta-externalagent/1.1 (+https://developers.facebook.com/docs/sharing/webmasters/crawler))" 100 **0/100103**
74.7.243.247 - - [05/Aug/2026:01:56:37 -0700] "GET /?path=//proc/719607/cwd/usr/lib/.build-id/94 HTTP/2.0" 200 2584 "https://focbs.com/?path=//proc/719607/cwd/usr/lib/.build-id" "Mozilla/5.0 AppleWebKit/537.36 (KHTML, like Gecko; compatible; GPTBot/1.4; +https://openai.com/gptbot)" 102 **0/102430**
74.7.243.247 - - [05/Aug/2026:01:56:38 -0700] "GET /?path=//proc/719607/cwd/usr/lib/.build-id/31 HTTP/2.0" 200 2584 "https://focbs.com/?path=//proc/719607/cwd/usr/lib/.build-id" "Mozilla/5.0 AppleWebKit/537.36 (KHTML, like Gecko; compatible; GPTBot/1.4; +https://openai.com/gptbot)" 104 **0/104195**
74.7.243.247 - - [05/Aug/2026:01:56:38 -0700] "GET /?path=//proc/719607/cwd/usr/lib/.build-id/41 HTTP/2.0" 200 2584 "https://focbs.com/?path=//proc/719607/cwd/usr/lib/.build-id" "Mozilla/5.0 AppleWebKit/537.36 (KHTML, like Gecko; compatible; GPTBot/1.4; +https://openai.com/gptbot)" 107 **0/107469**
74.7.243.247 - - [05/Aug/2026:01:56:39 -0700] "GET /?path=//proc/719607/cwd/usr/lib/.build-id/21 HTTP/2.0" 200 2584 "https://focbs.com/?path=//proc/719607/cwd/usr/lib/.build-id" "Mozilla/5.0 AppleWebKit/537.36 (KHTML, like Gecko; compatible; GPTBot/1.4; +https://openai.com/gptbot)" 106 **0/106504**
74.7.243.247 - - [05/Aug/2026:01:56:39 -0700] "GET /?path=//proc/719607/cwd/usr/lib/.build-id/95 HTTP/2.0" 200 2584 "https://focbs.com/?path=//proc/719607/cwd/usr/lib/.build-id" "Mozilla/5.0 AppleWebKit/537.36 (KHTML, like Gecko; compatible; GPTBot/1.4; +https://openai.com/gptbot)" 103 **0/103504**
74.7.243.247 - - [05/Aug/2026:01:56:40 -0700] "GET /?path=//proc/719607/cwd/usr/lib/.build-id/40 HTTP/2.0" 200 2584 "https://focbs.com/?path=//proc/719607/cwd/usr/lib/.build-id" "Mozilla/5.0 AppleWebKit/537.36 (KHTML, like Gecko; compatible; GPTBot/1.4; +https://openai.com/gptbot)" 111 **0/111564**
74.7.243.247 - - [05/Aug/2026:01:56:40 -0700] "GET /?path=//proc/719607/cwd/usr/lib/.build-id/93 HTTP/2.0" 200 2584 "https://focbs.com/?path=//proc/719607/cwd/usr/lib/.build-id" "Mozilla/5.0 AppleWebKit/537.36 (KHTML, like Gecko; compatible; GPTBot/1.4; +https://openai.com/gptbot)" 107 **0/107682**
74.7.243.247 - - [05/Aug/2026:01:56:41 -0700] "GET /?path=//proc/719607/cwd/usr/lib/.build-id/62 HTTP/2.0" 200 2584 "https://focbs.com/?path=//proc/719607/cwd/usr/lib/.build-id" "Mozilla/5.0 AppleWebKit/537.36 (KHTML, like Gecko; compatible; GPTBot/1.4; +https://openai.com/gptbot)" 107 **0/107627**
57.141.18.33 - - [05/Aug/2026:01:56:41 -0700] "GET /2026/07/18/wie-fange-ich-an-bei-sportwetten-ohne-oasis-fur-maximale-gewinne/?fileloc=//usr/bin/bzless&path=//usr/bin HTTP/2.0" 200 3129 "-" "Mozilla/5.0 (Macintosh; Intel Mac OS X 10_15_7) AppleWebKit/537.36 (KHTML, like Gecko) Chrome/145.0.0.0 Safari/537.36 (compatible; meta-externalagent/1.1 (+https://developers.facebook.com/docs/sharing/webmasters/crawler))" 102 **0/102859**
74.7.243.247 - - [05/Aug/2026:01:56:41 -0700] "GET /?path=//proc/719607/cwd/usr/lib/.build-id/81 HTTP/2.0" 200 2584 "https://focbs.com/?path=//proc/719607/cwd/usr/lib/.build-id" "Mozilla/5.0 AppleWebKit/537.36 (KHTML, like Gecko; compatible; GPTBot/1.4; +https://openai.com/gptbot)" 103 **0/103319**
74.7.243.247 - - [05/Aug/2026:01:56:42 -0700] "GET /?path=//proc/719607/cwd/usr/lib/.build-id/05 HTTP/2.0" 200 2584 "https://focbs.com/?path=//proc/719607/cwd/usr/lib/.build-id" "Mozilla/5.0 AppleWebKit/537.36 (KHTML, like Gecko; compatible; GPTBot/1.4; +https://openai.com/gptbot)" 121 **0/121279**
74.7.243.247 - - [05/Aug/2026:01:56:42 -0700] "GET /?path=//proc/719607/cwd/usr/lib/.build-id/02 HTTP/2.0" 200 2584 "https://focbs.com/?path=//proc/719607/cwd/usr/lib/.build-id" "Mozilla/5.0 AppleWebKit/537.36 (KHTML, like Gecko; compatible; GPTBot/1.4; +https://openai.com/gptbot)" 103 **0/103635**
74.7.243.247 - - [05/Aug/2026:01:56:43 -0700] "GET /?path=//proc/719607/cwd/usr/lib/.build-id/46 HTTP/2.0" 200 2584 "https://focbs.com/?path=//proc/719607/cwd/usr/lib/.build-id" "Mozilla/5.0 AppleWebKit/537.36 (KHTML, like Gecko; compatible; GPTBot/1.4; +https://openai.com/gptbot)" 125 **0/125767**
74.7.243.247 - - [05/Aug/2026:01:56:43 -0700] "GET /?path=//proc/719607/cwd/usr/lib/.build-id/20 HTTP/2.0" 200 2584 "https://focbs.com/?path=//proc/719607/cwd/usr/lib/.build-id" "Mozilla/5.0 AppleWebKit/537.36 (KHTML, like Gecko; compatible; GPTBot/1.4; +https://openai.com/gptbot)" 113 **0/113313**
74.7.243.247 - - [05/Aug/2026:01:56:44 -0700] "GET /?path=//proc/719607/cwd/usr/lib/.build-id/68 HTTP/2.0" 200 2584 "https://focbs.com/?path=//proc/719607/cwd/usr/lib/.build-id" "Mozilla/5.0 AppleWebKit/537.36 (KHTML, like Gecko; compatible; GPTBot/1.4; +https://openai.com/gptbot)" 115 **0/115332**
57.141.18.50 - - [05/Aug/2026:01:56:44 -0700] "GET /2026/07/19/utmaningar-for-casino-utan-svensk-licens-med-10-euro-insattningar-en-vaxande-oro/?path=//lib/locale/en_HK.utf8/LC_MESSAGES HTTP/2.0" 200 2851 "-" "Mozilla/5.0 (X11; Linux x86_64) AppleWebKit/537.36 (KHTML, like Gecko) Chrome/145.0.0.0 Safari/537.36 (compatible; meta-externalagent/1.1 (+https://developers.facebook.com/docs/sharing/webmasters/crawler))" 97 **0/97738**
74.7.243.247 - - [05/Aug/2026:01:56:44 -0700] "GET /?path=//proc/719607/cwd/usr/lib/.build-id/92 HTTP/2.0" 200 2583 "https://focbs.com/?path=//proc/719607/cwd/usr/lib/.build-id" "Mozilla/5.0 AppleWebKit/537.36 (KHTML, like Gecko; compatible; GPTBot/1.4; +https://openai.com/gptbot)" 109 **0/109368**
74.7.243.247 - - [05/Aug/2026:01:56:45 -0700] "GET /?path=//proc/719607/cwd/usr/lib/.build-id/64 HTTP/2.0" 200 2584 "https://focbs.com/?path=//proc/719607/cwd/usr/lib/.build-id" "Mozilla/5.0 AppleWebKit/537.36 (KHTML, like Gecko; compatible; GPTBot/1.4; +https://openai.com/gptbot)" 116 **0/116347**
74.7.243.247 - - [05/Aug/2026:01:56:45 -0700] "GET /?path=//proc/719607/cwd/usr/lib/.build-id/30 HTTP/2.0" 200 2584 "https://focbs.com/?path=//proc/719607/cwd/usr/lib/.build-id" "Mozilla/5.0 AppleWebKit/537.36 (KHTML, like Gecko; compatible; GPTBot/1.4; +https://openai.com/gptbot)" 115 **0/115819**
74.7.243.247 - - [05/Aug/2026:01:56:46 -0700] "GET /?path=//proc/719607/root/lib/dracut/modules.d/71prefixdevname-tools HTTP/2.0" 200 2600 "https://focbs.com/?path=//proc/719607/root/lib/dracut/modules.d" "Mozilla/5.0 AppleWebKit/537.36 (KHTML, like Gecko; compatible; GPTBot/1.4; +https://openai.com/gptbot)" 113 **0/113524**
74.7.243.247 - - [05/Aug/2026:01:56:46 -0700] "GET /?path=//proc/719607/root/proc/self/root/lib/tuned/cloudlinux-vz HTTP/2.0" 200 2603 "https://focbs.com/?path=//proc/719607/root/proc/self/root/lib/tuned" "Mozilla/5.0 AppleWebKit/537.36 (KHTML, like Gecko; compatible; GPTBot/1.4; +https://openai.com/gptbot)" 108 **0/108599**
74.7.243.247 - - [05/Aug/2026:01:56:47 -0700] "GET /?path=//proc/719607/root/proc/self/root/lib/firmware/nvidia/ad107.rpmmoved HTTP/2.0" 200 2616 "https://focbs.com/?path=//proc/719607/root/proc/self/root/lib/firmware/nvidia" "Mozilla/5.0 AppleWebKit/537.36 (KHTML, like Gecko; compatible; GPTBot/1.4; +https://openai.com/gptbot)" 104 **0/104481**
74.7.243.247 - - [05/Aug/2026:01:56:48 -0700] "GET /?path=//proc/719607/cwd/opt/cpanel/ea-libicu HTTP/2.0" 200 2577 "https://focbs.com/?path=//proc/719607/cwd/opt/cpanel" "Mozilla/5.0 AppleWebKit/537.36 (KHTML, like Gecko; compatible; GPTBot/1.4; +https://openai.com/gptbot)" 100 **0/100934**
74.7.243.247 - - [05/Aug/2026:01:56:48 -0700] "GET /?path=//proc/719607/root/lib/tuned/intel-sst HTTP/2.0" 200 2576 "https://focbs.com/?path=//proc/719607/root/lib/tuned" "Mozilla/5.0 AppleWebKit/537.36 (KHTML, like Gecko; compatible; GPTBot/1.4; +https://openai.com/gptbot)" 100 **0/100375**
57.141.18.98 - - [05/Aug/2026:01:56:48 -0700] "GET /?fileloc=//usr/lib64/ruby/enc/koi8_r.so&path=//usr/lib64/ruby/enc HTTP/2.0" 200 2505 "-" "Mozilla/5.0 (Windows NT 10.0; Win64; x64) AppleWebKit/537.36 (KHTML, like Gecko) Chrome/145.0.0.0 Safari/537.36 (compatible; meta-externalagent/1.1 (+https://developers.facebook.com/docs/sharing/webmasters/crawler))" 116 **0/116523**
74.7.243.247 - - [05/Aug/2026:01:56:49 -0700] "GET /?path=//proc/719607/cwd/usr/lib/rpm/platform HTTP/2.0" 200 2582 "https://focbs.com/?path=//proc/719607/cwd/usr/lib/rpm" "Mozilla/5.0 AppleWebKit/537.36 (KHTML, like Gecko; compatible; GPTBot/1.4; +https://openai.com/gptbot)" 109 **0/109934**
74.7.243.247 - - [05/Aug/2026:01:56:49 -0700] "GET /?path=//proc/719607/root/lib/firmware/4.18.0-553.141.2.lve.el8.x86_64 HTTP/2.0" 200 2577 "https://focbs.com/?path=//proc/719607/root/lib/firmware" "Mozilla/5.0 AppleWebKit/537.36 (KHTML, like Gecko; compatible; GPTBot/1.4; +https://openai.com/gptbot)" 105 **0/105230**
74.7.243.247 - - [05/Aug/2026:01:56:50 -0700] "GET /?path=//proc/719607/root/lib/firmware/4.18.0-553.132.1.lve.el8.x86_64 HTTP/2.0" 200 2582 "https://focbs.com/?path=//proc/719607/root/lib/firmware" "Mozilla/5.0 AppleWebKit/537.36 (KHTML, like Gecko; compatible; GPTBot/1.4; +https://openai.com/gptbot)" 113 **0/113447**
74.7.243.247 - - [05/Aug/2026:01:56:50 -0700] "GET /?path=//proc/719607/cwd/usr/lib/locale/en_IE@euro HTTP/2.0" 200 2589 "https://focbs.com/?path=//proc/719607/cwd/usr/lib/locale" "Mozilla/5.0 AppleWebKit/537.36 (KHTML, like Gecko; compatible; GPTBot/1.4; +https://openai.com/gptbot)" 121 **0/121973**
74.7.243.247 - - [05/Aug/2026:01:56:51 -0700] "GET /?path=//proc/719607/cwd/usr/lib/locale/en_US@ampm HTTP/2.0" 200 2588 "https://focbs.com/?path=//proc/719607/cwd/usr/lib/locale" "Mozilla/5.0 AppleWebKit/537.36 (KHTML, like Gecko; compatible; GPTBot/1.4; +https://openai.com/gptbot)" 112 **0/112623**
74.7.243.247 - - [05/Aug/2026:01:56:51 -0700] "GET /?path=//proc/719607/root/proc/self/root/lib/dracut/modules.d/99microcode_ctl-fw_dir_override HTTP/2.0" 200 2628 "https://focbs.com/?path=//proc/719607/root/proc/self/root/lib/dracut/modules.d" "Mozilla/5.0 AppleWebKit/537.36 (KHTML, like Gecko; compatible; GPTBot/1.4; +https://openai.com/gptbot)" 113 **0/113992**
74.7.243.247 - - [05/Aug/2026:01:56:52 -0700] "GET /?path=//proc/719607/cwd/opt/alt/tests/alt-php73-pecl-memcached_3.1.5-1.el8 HTTP/2.0" 200 2602 "https://focbs.com/?path=//proc/719607/cwd/opt/alt/tests" "Mozilla/5.0 AppleWebKit/537.36 (KHTML, like Gecko; compatible; GPTBot/1.4; +https://openai.com/gptbot)" 118 **0/118925**
57.141.18.50 - - [05/Aug/2026:01:56:52 -0700] "GET /2026/07/18/wie-fange-ich-an-bei-sportwetten-ohne-oasis-fur-maximale-gewinne/?fileloc=//proc/sys/net/ipv4/igmp_link_local_mcast_reports&path=//proc/sys/net/ipv4 HTTP/2.0" 200 2520 "-" "Mozilla/5.0 (Windows NT 10.0; Win64; x64) AppleWebKit/537.36 (KHTML, like Gecko) Chrome/145.0.0.0 Safari/537.36 (compatible; meta-externalagent/1.1 (+https://developers.facebook.com/docs/sharing/webmasters/crawler))" 263 **0/263937**
74.7.243.247 - - [05/Aug/2026:01:56:52 -0700] "GET /?path=//proc/719607/cwd/opt/alt/tests/alt-php83-pecl-mailparse_3.1.8-1.el8 HTTP/2.0" 200 2604 "https://focbs.com/?path=//proc/719607/cwd/opt/alt/tests" "Mozilla/5.0 AppleWebKit/537.36 (KHTML, like Gecko; compatible; GPTBot/1.4; +https://openai.com/gptbot)" 111 **0/111572**
74.7.243.247 - - [05/Aug/2026:01:56:53 -0700] "GET /?path=//proc/719607/cwd/opt/alt/tests/alt-php70-pecl-mailparse_3.1.3-1.el8 HTTP/2.0" 200 2603 "https://focbs.com/?path=//proc/719607/cwd/opt/alt/tests" "Mozilla/5.0 AppleWebKit/537.36 (KHTML, like Gecko; compatible; GPTBot/1.4; +https://openai.com/gptbot)" 112 **0/112393**
74.7.243.247 - - [05/Aug/2026:01:56:53 -0700] "GET /?path=//proc/719607/cwd/opt/alt/tests/alt-php74-pecl-mailparse_3.1.8-1.el8 HTTP/2.0" 200 2603 "https://focbs.com/?path=//proc/719607/cwd/opt/alt/tests" "Mozilla/5.0 AppleWebKit/537.36 (KHTML, like Gecko; compatible; GPTBot/1.4; +https://openai.com/gptbot)" 111 **0/111329**
74.7.243.247 - - [05/Aug/2026:01:56:54 -0700] "GET /?path=//proc/719607/cwd/opt/alt/tests/alt-php84-pecl-mailparse_3.1.8-1.el8 HTTP/2.0" 200 2604 "https://focbs.com/?path=//proc/719607/cwd/opt/alt/tests" "Mozilla/5.0 AppleWebKit/537.36 (KHTML, like Gecko; compatible; GPTBot/1.4; +https://openai.com/gptbot)" 111 **0/111957**
74.7.243.247 - - [05/Aug/2026:01:56:54 -0700] "GET /?path=//proc/719607/cwd/opt/alt/tests/alt-php71-pecl-memcached_3.1.5-1.el8 HTTP/2.0" 200 2602 "https://focbs.com/?path=//proc/719607/cwd/opt/alt/tests" "Mozilla/5.0 AppleWebKit/537.36 (KHTML, like Gecko; compatible; GPTBot/1.4; +https://openai.com/gptbot)" 116 **0/116491**
74.7.243.247 - - [05/Aug/2026:01:56:55 -0700] "GET /?path=//proc/719607/cwd/opt/alt/tests/alt-php74-pecl-mailparse_3.2.0-1.el8 HTTP/2.0" 200 2603 "https://focbs.com/?path=//proc/719607/cwd/opt/alt/tests" "Mozilla/5.0 AppleWebKit/537.36 (KHTML, like Gecko; compatible; GPTBot/1.4; +https://openai.com/gptbot)" 115 **0/115491**
57.141.18.76 - - [05/Aug/2026:01:56:55 -0700] "GET /?product/category/view_more/56324659071100 HTTP/2.0" 200 3983 "-" "Mozilla/5.0 (Windows NT 10.0; Win64; x64) AppleWebKit/537.36 (KHTML, like Gecko) Chrome/145.0.0.0 Safari/537.36 (compatible; meta-externalagent/1.1 (+https://developers.facebook.com/docs/sharing/webmasters/crawler))" 110 **0/110239**
74.7.243.247 - - [05/Aug/2026:01:56:55 -0700] "GET /?path=//proc/719607/cwd/opt/alt/tests/alt-php56-pecl-mailparse_2.1.6-1.el8 HTTP/2.0" 200 2605 "https://focbs.com/?path=//proc/719607/cwd/opt/alt/tests" "Mozilla/5.0 AppleWebKit/537.36 (KHTML, like Gecko; compatible; GPTBot/1.4; +https://openai.com/gptbot)" 108 **0/108506**
74.7.243.247 - - [05/Aug/2026:01:56:56 -0700] "GET /?path=//proc/719607/cwd/opt/alt/tests/alt-php81-pecl-memcached_3.2.0-1.el8 HTTP/2.0" 200 2603 "https://focbs.com/?path=//proc/719607/cwd/opt/alt/tests" "Mozilla/5.0 AppleWebKit/537.36 (KHTML, like Gecko; compatible; GPTBot/1.4; +https://openai.com/gptbot)" 111 **0/111907**
74.7.243.247 - - [05/Aug/2026:01:56:56 -0700] "GET /?path=//proc/719607/cwd/opt/alt/tests/alt-php81-pecl-mailparse_3.2.0-1.el8 HTTP/2.0" 200 2604 "https://focbs.com/?path=//proc/719607/cwd/opt/alt/tests" "Mozilla/5.0 AppleWebKit/537.36 (KHTML, like Gecko; compatible; GPTBot/1.4; +https://openai.com/gptbot)" 124 **0/124752**
74.7.243.247 - - [05/Aug/2026:01:56:57 -0700] "GET /?path=//proc/719607/cwd/opt/alt/tests/alt-php70-pecl-memcached_3.1.5-1.el8 HTTP/2.0" 200 2602 "https://focbs.com/?path=//proc/719607/cwd/opt/alt/tests" "Mozilla/5.0 AppleWebKit/537.36 (KHTML, like Gecko; compatible; GPTBot/1.4; +https://openai.com/gptbot)" 109 **0/109899**
74.7.243.247 - - [05/Aug/2026:01:56:58 -0700] "GET /?path=//proc/719607/cwd/opt/alt/tests/alt-php80-pecl-mailparse_3.1.8-1.el8 HTTP/2.0" 200 2605 "https://focbs.com/?path=//proc/719607/cwd/opt/alt/tests" "Mozilla/5.0 AppleWebKit/537.36 (KHTML, like Gecko; compatible; GPTBot/1.4; +https://openai.com/gptbot)" 113 **0/113880**
74.7.243.247 - - [05/Aug/2026:01:56:58 -0700] "GET /?path=//proc/719607/cwd/opt/alt/tests/alt-php74-pecl-memcached_3.2.0-1.el8 HTTP/2.0" 200 2602 "https://focbs.com/?path=//proc/719607/cwd/opt/alt/tests" "Mozilla/5.0 AppleWebKit/537.36 (KHTML, like Gecko; compatible; GPTBot/1.4; +https://openai.com/gptbot)" 108 **0/108428**
74.7.243.247 - - [05/Aug/2026:01:56:59 -0700] "GET /?path=//proc/719607/cwd/opt/alt/tests/alt-php83-pecl-mailparse_3.2.0-1.el8 HTTP/2.0" 200 2604 "https://focbs.com/?path=//proc/719607/cwd/opt/alt/tests" "Mozilla/5.0 AppleWebKit/537.36 (KHTML, like Gecko; compatible; GPTBot/1.4; +https://openai.com/gptbot)" 107 **0/107337**
57.141.18.4 - - [05/Aug/2026:01:56:59 -0700] "GET /2026/07/19/utmaningar-for-casino-utan-svensk-licens-med-10-euro-insattningar-en-vaxande-oro/?fileloc=//usr/share/mysql/wsrep_notify&path=//usr/share/mysql HTTP/2.0" 200 4376 "-" "Mozilla/5.0 (Windows NT 10.0; Win64; x64) AppleWebKit/537.36 (KHTML, like Gecko) Chrome/145.0.0.0 Safari/537.36 (compatible; meta-externalagent/1.1 (+https://developers.facebook.com/docs/sharing/webmasters/crawler))" 107 **0/107717**
74.7.243.247 - - [05/Aug/2026:01:56:59 -0700] "GET /?path=//proc/719607/cwd/opt/alt/tests/alt-php73-pecl-mailparse_3.2.0-1.el8 HTTP/2.0" 200 2603 "https://focbs.com/?path=//proc/719607/cwd/opt/alt/tests" "Mozilla/5.0 AppleWebKit/537.36 (KHTML, like Gecko; compatible; GPTBot/1.4; +https://openai.com/gptbot)" 110 **0/110358**
74.7.243.247 - - [05/Aug/2026:01:57:00 -0700] "GET /?path=//proc/719607/cwd/opt/alt/tests/alt-php80-pecl-mailparse_3.2.0-1.el8 HTTP/2.0" 200 2604 "https://focbs.com/?path=//proc/719607/cwd/opt/alt/tests" "Mozilla/5.0 AppleWebKit/537.36 (KHTML, like Gecko; compatible; GPTBot/1.4; +https://openai.com/gptbot)" 119 **0/119034**
74.7.243.247 - - [05/Aug/2026:01:57:00 -0700] "GET /?path=//proc/719607/cwd/opt/alt/tests/alt-php54-pecl-memcached_2.2.0-1.el8 HTTP/2.0" 200 2603 "https://focbs.com/?path=//proc/719607/cwd/opt/alt/tests" "Mozilla/5.0 AppleWebKit/537.36 (KHTML, like Gecko; compatible; GPTBot/1.4; +https://openai.com/gptbot)" 107 **0/107755**
74.7.243.247 - - [05/Aug/2026:01:57:01 -0700] "GET /?path=//proc/719607/cwd/opt/alt/tests/alt-php84-pecl-mailparse_3.2.0-1.el8 HTTP/2.0" 200 2604 "https://focbs.com/?path=//proc/719607/cwd/opt/alt/tests" "Mozilla/5.0 AppleWebKit/537.36 (KHTML, like Gecko; compatible; GPTBot/1.4; +https://openai.com/gptbot)" 120 **0/120045**
74.7.243.247 - - [05/Aug/2026:01:57:01 -0700] "GET /?path=//proc/719607/cwd/opt/alt/tests/alt-php82-pecl-mailparse_3.2.0-1.el8 HTTP/2.0" 200 2604 "https://focbs.com/?path=//proc/719607/cwd/opt/alt/tests" "Mozilla/5.0 AppleWebKit/537.36 (KHTML, like Gecko; compatible; GPTBot/1.4; +https://openai.com/gptbot)" 142 **0/142278**
74.7.243.247 - - [05/Aug/2026:01:57:02 -0700] "GET /?path=//proc/719607/cwd/opt/alt/tests/alt-php82-pecl-memcached_3.2.0-1.el8 HTTP/2.0" 200 2603 "https://focbs.com/?path=//proc/719607/cwd/opt/alt/tests" "Mozilla/5.0 AppleWebKit/537.36 (KHTML, like Gecko; compatible; GPTBot/1.4; +https://openai.com/gptbot)" 130 **0/130389**
57.141.18.38 - - [05/Aug/2026:01:57:02 -0700] "GET /2026/07/18/pinko-kazino-tipichnye-oshibki-nachinaiushchikh-igrokov/?fileloc=/home/l2pbkn5l6xav/public_html/wp-includes/css/wp-auth-check-rtl.css&path=/home/l2pbkn5l6xav/public_html/wp-includes/css HTTP/2.0" 200 3312 "-" "Mozilla/5.0 (Windows NT 10.0; Win64; x64) AppleWebKit/537.36 (KHTML, like Gecko) Chrome/145.0.0.0 Safari/537.36 (compatible; meta-externalagent/1.1 (+https://developers.facebook.com/docs/sharing/webmasters/crawler))" 140 **0/140169**
74.7.243.247 - - [05/Aug/2026:01:57:02 -0700] "GET /?path=//proc/719607/cwd/opt/alt/tests/alt-php80-pecl-memcached_3.2.0-1.el8 HTTP/2.0" 200 2603 "https://focbs.com/?path=//proc/719607/cwd/opt/alt/tests" "Mozilla/5.0 AppleWebKit/537.36 (KHTML, like Gecko; compatible; GPTBot/1.4; +https://openai.com/gptbot)" 141 **0/141030**
74.7.243.247 - - [05/Aug/2026:01:57:03 -0700] "GET /?path=//proc/719607/cwd/opt/alt/tests/alt-php82-pecl-mailparse_3.1.8-1.el8 HTTP/2.0" 200 2605 "https://focbs.com/?path=//proc/719607/cwd/opt/alt/tests" "Mozilla/5.0 AppleWebKit/537.36 (KHTML, like Gecko; compatible; GPTBot/1.4; +https://openai.com/gptbot)" 130 **0/130538**
74.7.243.247 - - [05/Aug/2026:01:57:03 -0700] "GET /?path=//proc/719607/cwd/opt/alt/tests/alt-php54-pecl-htscanner_1.0.1-1.el8 HTTP/2.0" 200 2605 "https://focbs.com/?path=//proc/719607/cwd/opt/alt/tests" "Mozilla/5.0 AppleWebKit/537.36 (KHTML, like Gecko; compatible; GPTBot/1.4; +https://openai.com/gptbot)" 123 **0/123288**
74.7.243.247 - - [05/Aug/2026:01:57:04 -0700] "GET /?path=//proc/719607/cwd/opt/alt/tests/alt-php56-pecl-memcached_2.2.0-1.el8 HTTP/2.0" 200 2603 "https://focbs.com/?path=//proc/719607/cwd/opt/alt/tests" "Mozilla/5.0 AppleWebKit/537.36 (KHTML, like Gecko; compatible; GPTBot/1.4; +https://openai.com/gptbot)" 134 **0/134406**
74.7.243.247 - - [05/Aug/2026:01:57:04 -0700] "GET /?path=//proc/719607/cwd/opt/alt/tests/alt-php73-pecl-mailparse_3.1.8-1.el8 HTTP/2.0" 200 2603 "https://focbs.com/?path=//proc/719607/cwd/opt/alt/tests" "Mozilla/5.0 AppleWebKit/537.36 (KHTML, like Gecko; compatible; GPTBot/1.4; +https://openai.com/gptbot)" 119 **0/119322**
74.7.243.247 - - [05/Aug/2026:01:57:05 -0700] "GET /?path=//proc/719607/cwd/opt/alt/tests/alt-php72-pecl-memcached_3.1.5-1.el8 HTTP/2.0" 200 2602 "https://focbs.com/?path=//proc/719607/cwd/opt/alt/tests" "Mozilla/5.0 AppleWebKit/537.36 (KHTML, like Gecko; compatible; GPTBot/1.4; +https://openai.com/gptbot)" 120 **0/120303**
57.141.18.50 - - [05/Aug/2026:01:57:05 -0700] "GET /2026/07/19/utmaningar-for-casino-utan-svensk-licens-med-10-euro-insattningar-en-vaxande-oro/?fileloc=/home/l2pbkn5l6xav/public_html/wp-includes/Requests/Proxy.php&path=/home/l2pbkn5l6xav/public_html/wp-includes/Requests HTTP/2.0" 200 2881 "-" "Mozilla/5.0 (Windows NT 10.0; Win64; x64) AppleWebKit/537.36 (KHTML, like Gecko) Chrome/145.0.0.0 Safari/537.36 (compatible; meta-externalagent/1.1 (+https://developers.facebook.com/docs/sharing/webmasters/crawler))" 135 **0/135991**
74.7.243.247 - - [05/Aug/2026:01:57:05 -0700] "GET /?path=//proc/719607/cwd/opt/alt/tests/alt-php72-pecl-mailparse_3.1.3-1.el8 HTTP/2.0" 200 2603 "https://focbs.com/?path=//proc/719607/cwd/opt/alt/tests" "Mozilla/5.0 AppleWebKit/537.36 (KHTML, like Gecko; compatible; GPTBot/1.4; +https://openai.com/gptbot)" 166 **0/166222**
74.7.243.247 - - [05/Aug/2026:01:57:06 -0700] "GET /?path=//proc/719607/cwd/opt/alt/tests/alt-php83-pecl-memcached_3.2.0-1.el8 HTTP/2.0" 200 2603 "https://focbs.com/?path=//proc/719607/cwd/opt/alt/tests" "Mozilla/5.0 AppleWebKit/537.36 (KHTML, like Gecko; compatible; GPTBot/1.4; +https://openai.com/gptbot)" 120 **0/120575**
74.7.243.247 - - [05/Aug/2026:01:57:06 -0700] "GET /?path=//proc/719607/cwd/opt/alt/tests/alt-php84-pecl-memcached_3.2.0-2.el8 HTTP/2.0" 200 2603 "https://focbs.com/?path=//proc/719607/cwd/opt/alt/tests" "Mozilla/5.0 AppleWebKit/537.36 (KHTML, like Gecko; compatible; GPTBot/1.4; +https://openai.com/gptbot)" 113 **0/113760**
74.7.243.247 - - [05/Aug/2026:01:57:07 -0700] "GET /?path=//proc/719607/cwd/opt/alt/tests/alt-php54-pecl-mailparse_2.1.6-1.el8 HTTP/2.0" 200 2605 "https://focbs.com/?path=//proc/719607/cwd/opt/alt/tests" "Mozilla/5.0 AppleWebKit/537.36 (KHTML, like Gecko; compatible; GPTBot/1.4; +https://openai.com/gptbot)" 115 **0/115319**
74.7.243.247 - - [05/Aug/2026:01:57:07 -0700] "GET /?fileloc=//proc/719607/root/proc/self/root/lib/systemd/system/bluetooth.target&path=//proc/719607/root/proc/self/root/lib/systemd/system HTTP/2.0" 200 2546 "https://focbs.com/?path=//proc/719607/root/proc/self/root/lib/systemd/system" "Mozilla/5.0 AppleWebKit/537.36 (KHTML, like Gecko; compatible; GPTBot/1.4; +https://openai.com/gptbot)" 113 **0/113431**
74.7.243.247 - - [05/Aug/2026:01:57:08 -0700] "GET /?path=//proc/irq/87/virtio0-control HTTP/2.0" 200 2559 "https://focbs.com/?path=//proc/irq/87" "Mozilla/5.0 AppleWebKit/537.36 (KHTML, like Gecko; compatible; GPTBot/1.4; +https://openai.com/gptbot)" 115 **0/115077**
74.7.243.247 - - [05/Aug/2026:01:57:09 -0700] "GET /?path=//proc/719607/cwd/proc/bus/pci/03 HTTP/2.0" 200 2576 "https://focbs.com/?path=//proc/719607/cwd/proc/bus/pci" "Mozilla/5.0 AppleWebKit/537.36 (KHTML, like Gecko; compatible; GPTBot/1.4; +https://openai.com/gptbot)" 114 **0/114962**
57.141.18.30 - - [05/Aug/2026:01:57:09 -0700] "GET /?fileloc=//opt/liblve/libsecureio.so&path=//opt/liblve HTTP/2.0" 200 2487 "-" "Mozilla/5.0 (Windows NT 10.0; Win64; x64) AppleWebKit/537.36 (KHTML, like Gecko) Chrome/145.0.0.0 Safari/537.36 Edg/145.0.0.0 (compatible; meta-externalagent/1.1 (+https://developers.facebook.com/docs/sharing/webmasters/crawler))" 118 **0/118709**
74.7.243.247 - - [05/Aug/2026:01:57:09 -0700] "GET /?path=//proc/719607/cwd/proc/bus/pci/05 HTTP/2.0" 200 2576 "https://focbs.com/?path=//proc/719607/cwd/proc/bus/pci" "Mozilla/5.0 AppleWebKit/537.36 (KHTML, like Gecko; compatible; GPTBot/1.4; +https://openai.com/gptbot)" 119 **0/119752**
74.7.243.247 - - [05/Aug/2026:01:57:10 -0700] "GET /?path=//proc/719607/cwd/proc/bus/pci/02 HTTP/2.0" 200 2576 "https://focbs.com/?path=//proc/719607/cwd/proc/bus/pci" "Mozilla/5.0 AppleWebKit/537.36 (KHTML, like Gecko; compatible; GPTBot/1.4; +https://openai.com/gptbot)" 124 **0/124328**
74.7.243.247 - - [05/Aug/2026:01:57:10 -0700] "GET /?path=//proc/719607/cwd/proc/bus/pci/07 HTTP/2.0" 200 2573 "https://focbs.com/?path=//proc/719607/cwd/proc/bus/pci" "Mozilla/5.0 AppleWebKit/537.36 (KHTML, like Gecko; compatible; GPTBot/1.4; +https://openai.com/gptbot)" 108 **0/108854**
74.7.243.247 - - [05/Aug/2026:01:57:11 -0700] "GET /?path=//proc/719607/cwd/proc/bus/pci/06 HTTP/2.0" 200 2576 "https://focbs.com/?path=//proc/719607/cwd/proc/bus/pci" "Mozilla/5.0 AppleWebKit/537.36 (KHTML, like Gecko; compatible; GPTBot/1.4; +https://openai.com/gptbot)" 136 **0/136828**
74.7.243.247 - - [05/Aug/2026:01:57:11 -0700] "GET /?path=//proc/719607/cwd/proc/irq/8/rtc0 HTTP/2.0" 200 2575 "https://focbs.com/?path=//proc/719607/cwd/proc/irq/8" "Mozilla/5.0 AppleWebKit/537.36 (KHTML, like Gecko; compatible; GPTBot/1.4; +https://openai.com/gptbot)" 106 **0/106908**
57.141.18.45 - - [05/Aug/2026:01:57:12 -0700] "GET /?p=23753845471100 HTTP/2.0" 200 3983 "-" "Mozilla/5.0 (Windows NT 10.0; Win64; x64) AppleWebKit/537.36 (KHTML, like Gecko) Chrome/145.0.0.0 Safari/537.36 (compatible; meta-externalagent/1.1 (+https://developers.facebook.com/docs/sharing/webmasters/crawler))" 126 **0/126549**
74.7.243.247 - - [05/Aug/2026:01:57:12 -0700] "GET /?path=//proc/719607/cwd/proc/bus/pci/00 HTTP/2.0" 200 2576 "https://focbs.com/?path=//proc/719607/cwd/proc/bus/pci" "Mozilla/5.0 AppleWebKit/537.36 (KHTML, like Gecko; compatible; GPTBot/1.4; +https://openai.com/gptbot)" 131 **0/131000**
74.7.243.247 - - [05/Aug/2026:01:57:12 -0700] "GET /?path=//proc/719607/cwd/proc/bus/pci/01 HTTP/2.0" 200 2576 "https://focbs.com/?path=//proc/719607/cwd/proc/bus/pci" "Mozilla/5.0 AppleWebKit/537.36 (KHTML, like Gecko; compatible; GPTBot/1.4; +https://openai.com/gptbot)" 111 **0/111086**
74.7.243.247 - - [05/Aug/2026:01:57:13 -0700] "GET /?path=//proc/719607/cwd/proc/bus/pci/04 HTTP/2.0" 200 2576 "https://focbs.com/?path=//proc/719607/cwd/proc/bus/pci" "Mozilla/5.0 AppleWebKit/537.36 (KHTML, like Gecko; compatible; GPTBot/1.4; +https://openai.com/gptbot)" 120 **0/120821**
74.7.243.247 - - [05/Aug/2026:01:57:13 -0700] "GET /?path=//proc/719607/root/var/cpanel/ea4 HTTP/2.0" 200 2572 "https://focbs.com/?path=//proc/719607/root/var/cpanel" "Mozilla/5.0 AppleWebKit/537.36 (KHTML, like Gecko; compatible; GPTBot/1.4; +https://openai.com/gptbot)" 115 **0/115323**
74.7.243.247 - - [05/Aug/2026:01:57:14 -0700] "GET /?path=//proc/719607/cwd/opt/alt/tests/alt-php73-pecl-stomp_2.0.3-1.el8/tools HTTP/2.0" 200 2611 "https://focbs.com/?path=//proc/719607/cwd/opt/alt/tests/alt-php73-pecl-stomp_2.0.3-1.el8" "Mozilla/5.0 AppleWebKit/537.36 (KHTML, like Gecko; compatible; GPTBot/1.4; +https://openai.com/gptbot)" 114 **0/114343**
57.141.18.16 - - [05/Aug/2026:01:57:14 -0700] "GET /2026/07/18/exploring-the-appeal-of-mostbet-oferuje-bogaty-wybor-gier-in-2023/?fileloc=/home/l2pbkn5l6xav/tmp/webalizer/hourly_usage_201808.png&path=/home/l2pbkn5l6xav/tmp/webalizer HTTP/2.0" 200 2506 "-" "Mozilla/5.0 (Windows NT 10.0; Win64; x64) AppleWebKit/537.36 (KHTML, like Gecko) Chrome/145.0.0.0 Safari/537.36 (compatible; meta-externalagent/1.1 (+https://developers.facebook.com/docs/sharing/webmasters/crawler))" 105 **0/105205**
74.7.243.247 - - [05/Aug/2026:01:57:14 -0700] "GET /?path=//proc/719607/cwd/opt/alt/tests/alt-php54-pecl-stomp_1.0.8-1.el8/tools HTTP/2.0" 200 2612 "https://focbs.com/?path=//proc/719607/cwd/opt/alt/tests/alt-php54-pecl-stomp_1.0.8-1.el8" "Mozilla/5.0 AppleWebKit/537.36 (KHTML, like Gecko; compatible; GPTBot/1.4; +https://openai.com/gptbot)" 110 **0/110326**
74.7.243.247 - - [05/Aug/2026:01:57:15 -0700] "GET /?path=//proc/719607/cwd/opt/alt/tests/alt-php82-pecl-stomp_2.0.3-1.el8/tests HTTP/2.0" 200 2605 "https://focbs.com/?path=//proc/719607/cwd/opt/alt/tests/alt-php82-pecl-stomp_2.0.3-1.el8" "Mozilla/5.0 AppleWebKit/537.36 (KHTML, like Gecko; compatible; GPTBot/1.4; +https://openai.com/gptbot)" 112 **0/112024**
74.7.243.247 - - [05/Aug/2026:01:57:15 -0700] "GET /?path=//proc/719607/cwd/opt/alt/tests/alt-php83-pecl-solr_2.9.3-1.el8/tests HTTP/2.0" 200 2605 "https://focbs.com/?path=//proc/719607/cwd/opt/alt/tests/alt-php83-pecl-solr_2.9.3-1.el8" "Mozilla/5.0 AppleWebKit/537.36 (KHTML, like Gecko; compatible; GPTBot/1.4; +https://openai.com/gptbot)" 120 **0/120640**
74.7.243.247 - - [05/Aug/2026:01:57:16 -0700] "GET /?path=//proc/719607/cwd/opt/alt/tests/alt-php81-pecl-stomp_2.0.3-1.el8/tools HTTP/2.0" 200 2612 "https://focbs.com/?path=//proc/719607/cwd/opt/alt/tests/alt-php81-pecl-stomp_2.0.3-1.el8" "Mozilla/5.0 AppleWebKit/537.36 (KHTML, like Gecko; compatible; GPTBot/1.4; +https://openai.com/gptbot)" 109 **0/109893**
74.7.243.247 - - [05/Aug/2026:01:57:16 -0700] "GET /?path=//proc/719607/cwd/opt/alt/tests/alt-php74-pecl-oauth_2.0.7-2.el8/tests HTTP/2.0" 200 2605 "https://focbs.com/?path=//proc/719607/cwd/opt/alt/tests/alt-php74-pecl-oauth_2.0.7-2.el8" "Mozilla/5.0 AppleWebKit/537.36 (KHTML, like Gecko; compatible; GPTBot/1.4; +https://openai.com/gptbot)" 104 **0/104842**
216.73.216.114 - - [05/Aug/2026:01:57:16 -0700] "GET /?fileloc=%2F%2Fusr%2Fshare%2Fzoneinfo%2FPacific%2FGuam&path=%2F%2Fusr%2Fshare%2Fzoneinfo%2FPacific HTTP/2.0" 200 2506 "-" "Mozilla/5.0 AppleWebKit/537.36 (KHTML, like Gecko; compatible; ClaudeBot/1.0; +claudebot@anthropic.com)" 113 **0/113186**
57.141.18.73 - - [05/Aug/2026:01:57:17 -0700] "GET /2026/07/18/wie-fange-ich-an-bei-sportwetten-ohne-oasis-fur-maximale-gewinne/?fileloc=//usr/lib64/liblscapi.so.1.1&path=//usr/lib64 HTTP/2.0" 200 2490 "-" "Mozilla/5.0 (Macintosh; Intel Mac OS X 10_15_7) AppleWebKit/537.36 (KHTML, like Gecko) Chrome/145.0.0.0 Safari/537.36 (compatible; meta-externalagent/1.1 (+https://developers.facebook.com/docs/sharing/webmasters/crawler))" 109 **0/109004**
74.7.243.247 - - [05/Aug/2026:01:57:17 -0700] "GET /?path=//proc/719607/cwd/opt/alt/tests/alt-php72-pecl-raphf_2.0.1-1.el8/tests HTTP/2.0" 200 2604 "https://focbs.com/?path=//proc/719607/cwd/opt/alt/tests/alt-php72-pecl-raphf_2.0.1-1.el8" "Mozilla/5.0 AppleWebKit/537.36 (KHTML, like Gecko; compatible; GPTBot/1.4; +https://openai.com/gptbot)" 109 **0/109007**
74.7.243.247 - - [05/Aug/2026:01:57:17 -0700] "GET /?path=//proc/719607/cwd/opt/alt/tests/alt-php71-pecl-stomp_2.0.3-1.el8/tools HTTP/2.0" 200 2611 "https://focbs.com/?path=//proc/719607/cwd/opt/alt/tests/alt-php71-pecl-stomp_2.0.3-1.el8" "Mozilla/5.0 AppleWebKit/537.36 (KHTML, like Gecko; compatible; GPTBot/1.4; +https://openai.com/gptbot)" 115 **0/115801**
216.73.216.114 - - [05/Aug/2026:01:57:18 -0700] "GET /?path=%2F%2Fopt%2Falt%2Ftests%2Falt-php81-pecl-gender_1.1.0-3.el8 HTTP/2.0" 200 2825 "-" "Mozilla/5.0 AppleWebKit/537.36 (KHTML, like Gecko; compatible; ClaudeBot/1.0; +claudebot@anthropic.com)" 110 **0/110685**
74.7.243.247 - - [05/Aug/2026:01:57:18 -0700] "GET /?path=//proc/719607/cwd/opt/alt/tests/alt-php72-pecl-stomp_2.0.3-1.el8/tools HTTP/2.0" 200 2611 "https://focbs.com/?path=//proc/719607/cwd/opt/alt/tests/alt-php72-pecl-stomp_2.0.3-1.el8" "Mozilla/5.0 AppleWebKit/537.36 (KHTML, like Gecko; compatible; GPTBot/1.4; +https://openai.com/gptbot)" 111 **0/111570**
74.7.243.247 - - [05/Aug/2026:01:57:18 -0700] "GET /?path=//proc/719607/cwd/opt/alt/tests/alt-php73-pecl-oauth_2.0.7-2.el8/tests HTTP/2.0" 200 2605 "https://focbs.com/?path=//proc/719607/cwd/opt/alt/tests/alt-php73-pecl-oauth_2.0.7-2.el8" "Mozilla/5.0 AppleWebKit/537.36 (KHTML, like Gecko; compatible; GPTBot/1.4; +https://openai.com/gptbot)" 120 **0/120693**
74.7.243.247 - - [05/Aug/2026:01:57:19 -0700] "GET /?path=//proc/719607/cwd/opt/alt/tests/alt-php82-pecl-solr_2.9.3-1.el8/tests HTTP/2.0" 200 2605 "https://focbs.com/?path=//proc/719607/cwd/opt/alt/tests/alt-php82-pecl-solr_2.9.3-1.el8" "Mozilla/5.0 AppleWebKit/537.36 (KHTML, like Gecko; compatible; GPTBot/1.4; +https://openai.com/gptbot)" 118 **0/118531**
74.7.243.247 - - [05/Aug/2026:01:57:20 -0700] "GET /?path=//proc/719607/cwd/opt/alt/tests/alt-php83-pecl-stomp_2.0.3-1.el8/tests HTTP/2.0" 200 2605 "https://focbs.com/?path=//proc/719607/cwd/opt/alt/tests/alt-php83-pecl-stomp_2.0.3-1.el8" "Mozilla/5.0 AppleWebKit/537.36 (KHTML, like Gecko; compatible; GPTBot/1.4; +https://openai.com/gptbot)" 117 **0/117406**
57.141.18.96 - - [05/Aug/2026:01:57:20 -0700] "GET /2026/07/18/wie-fange-ich-an-bei-sportwetten-ohne-oasis-fur-maximale-gewinne/?path=//usr/lib64/gettext HTTP/2.0" 200 3006 "-" "Mozilla/5.0 (Windows NT 10.0; Win64; x64) AppleWebKit/537.36 (KHTML, like Gecko) Chrome/145.0.0.0 Safari/537.36 (compatible; meta-externalagent/1.1 (+https://developers.facebook.com/docs/sharing/webmasters/crawler))" 122 **0/122071**
74.7.243.247 - - [05/Aug/2026:01:57:20 -0700] "GET /?path=//proc/719607/cwd/opt/alt/tests/alt-php80-pecl-stomp_2.0.3-1.el8/tools HTTP/2.0" 200 2612 "https://focbs.com/?path=//proc/719607/cwd/opt/alt/tests/alt-php80-pecl-stomp_2.0.3-1.el8" "Mozilla/5.0 AppleWebKit/537.36 (KHTML, like Gecko; compatible; GPTBot/1.4; +https://openai.com/gptbot)" 118 **0/118589**
74.7.243.247 - - [05/Aug/2026:01:57:21 -0700] "GET /?path=//proc/719607/cwd/opt/alt/tests/alt-php70-pecl-stomp_2.0.3-1.el8/tools HTTP/2.0" 200 2611 "https://focbs.com/?path=//proc/719607/cwd/opt/alt/tests/alt-php70-pecl-stomp_2.0.3-1.el8" "Mozilla/5.0 AppleWebKit/537.36 (KHTML, like Gecko; compatible; GPTBot/1.4; +https://openai.com/gptbot)" 136 **0/136926**
74.7.243.247 - - [05/Aug/2026:01:57:21 -0700] "GET /?path=//proc/719607/cwd/opt/alt/tests/alt-php80-pecl-raphf_2.0.1-1.el8/tests HTTP/2.0" 200 2606 "https://focbs.com/?path=//proc/719607/cwd/opt/alt/tests/alt-php80-pecl-raphf_2.0.1-1.el8" "Mozilla/5.0 AppleWebKit/537.36 (KHTML, like Gecko; compatible; GPTBot/1.4; +https://openai.com/gptbot)" 119 **0/119510**
57.141.18.105 - - [05/Aug/2026:01:57:22 -0700] "GET /2026/07/18/wie-fange-ich-an-bei-sportwetten-ohne-oasis-fur-maximale-gewinne/?path=//usr/lib64/NetworkManager HTTP/2.0" 200 2817 "-" "Mozilla/5.0 (Windows NT 10.0; Win64; x64) AppleWebKit/537.36 (KHTML, like Gecko) Chrome/145.0.0.0 Safari/537.36 (compatible; meta-externalagent/1.1 (+https://developers.facebook.com/docs/sharing/webmasters/crawler))" 112 **0/112680**
74.7.243.247 - - [05/Aug/2026:01:57:22 -0700] "GET /?path=//proc/719607/cwd/opt/alt/tests/alt-php82-pecl-raphf_2.0.1-1.el8/tests HTTP/2.0" 200 2606 "https://focbs.com/?path=//proc/719607/cwd/opt/alt/tests/alt-php82-pecl-raphf_2.0.1-1.el8" "Mozilla/5.0 AppleWebKit/537.36 (KHTML, like Gecko; compatible; GPTBot/1.4; +https://openai.com/gptbot)" 118 **0/118153**
74.7.243.247 - - [05/Aug/2026:01:57:22 -0700] "GET /?path=//proc/719607/cwd/opt/alt/tests/alt-php80-pecl-solr_2.9.3-1.el8/tests HTTP/2.0" 200 2605 "https://focbs.com/?path=//proc/719607/cwd/opt/alt/tests/alt-php80-pecl-solr_2.9.3-1.el8" "Mozilla/5.0 AppleWebKit/537.36 (KHTML, like Gecko; compatible; GPTBot/1.4; +https://openai.com/gptbot)" 114 **0/114144**
74.7.243.247 - - [05/Aug/2026:01:57:23 -0700] "GET /?fileloc=//proc/sys/fs/aio-max-nr&path=//proc/sys/fs HTTP/2.0" 200 2496 "https://focbs.com/?path=//proc/sys/fs" "Mozilla/5.0 AppleWebKit/537.36 (KHTML, like Gecko; compatible; GPTBot/1.4; +https://openai.com/gptbot)" 117 **0/117097**
216.73.216.114 - - [05/Aug/2026:01:57:23 -0700] "GET /?fileloc=%2F%2Fusr%2Fshare%2Fman%2Fman3%2FENGINE_ctrl.3ssl.gz&path=%2F%2Fusr%2Fshare%2Fman%2Fman3 HTTP/2.0" 200 2512 "-" "Mozilla/5.0 AppleWebKit/537.36 (KHTML, like Gecko; compatible; ClaudeBot/1.0; +claudebot@anthropic.com)" 131 **0/131350**
74.7.243.247 - - [05/Aug/2026:01:57:23 -0700] "GET /?path=//proc/719607/root/proc/self/root/lib/firmware/nvidia/tu10x HTTP/2.0" 200 2611 "https://focbs.com/?path=//proc/719607/root/proc/self/root/lib/firmware/nvidia" "Mozilla/5.0 AppleWebKit/537.36 (KHTML, like Gecko; compatible; GPTBot/1.4; +https://openai.com/gptbot)" 109 **0/109911**
74.7.243.247 - - [05/Aug/2026:01:57:24 -0700] "GET /?path=//proc/719607/root/proc/self/root/lib/firmware/nvidia/gp10b HTTP/2.0" 200 2611 "https://focbs.com/?path=//proc/719607/root/proc/self/root/lib/firmware/nvidia" "Mozilla/5.0 AppleWebKit/537.36 (KHTML, like Gecko; compatible; GPTBot/1.4; +https://openai.com/gptbot)" 110 **0/110299**
57.141.18.61 - - [05/Aug/2026:01:57:24 -0700] "GET /2026/07/19/utmaningar-for-casino-utan-svensk-licens-med-10-euro-insattningar-en-vaxande-oro/?fileloc=//usr/include/asm/kvm.h&path=//usr/include/asm HTTP/2.0" 200 6347 "-" "Mozilla/5.0 (Windows NT 10.0; Win64; x64) AppleWebKit/537.36 (KHTML, like Gecko) Chrome/145.0.0.0 Safari/537.36 (compatible; meta-externalagent/1.1 (+https://developers.facebook.com/docs/sharing/webmasters/crawler))" 109 **0/109552**
74.7.243.247 - - [05/Aug/2026:01:57:24 -0700] "GET /?path=//proc/719607/cwd/opt/alt/tests/alt-php81-pecl-trader_0.5.1-1.el8 HTTP/2.0" 200 2603 "https://focbs.com/?path=//proc/719607/cwd/opt/alt/tests" "Mozilla/5.0 AppleWebKit/537.36 (KHTML, like Gecko; compatible; GPTBot/1.4; +https://openai.com/gptbot)" 106 **0/106603**
74.7.243.247 - - [05/Aug/2026:01:57:25 -0700] "GET /?path=//proc/irq/88/virtio0-cursor HTTP/2.0" 200 2557 "https://focbs.com/?path=//proc/irq/88" "Mozilla/5.0 AppleWebKit/537.36 (KHTML, like Gecko; compatible; GPTBot/1.4; +https://openai.com/gptbot)" 119 **0/119281**
74.7.243.247 - - [05/Aug/2026:01:57:25 -0700] "GET /?fileloc=//proc/sys/fs/process_symlinks_by_task&path=//proc/sys/fs HTTP/2.0" 200 2500 "https://focbs.com/?path=//proc/sys/fs" "Mozilla/5.0 AppleWebKit/537.36 (KHTML, like Gecko; compatible; GPTBot/1.4; +https://openai.com/gptbot)" 108 **0/108811**
74.7.243.247 - - [05/Aug/2026:01:57:26 -0700] "GET /?path=//proc/719607/cwd/usr/lib/modules/4.18.0-553.141.2.lve.el8.x86_64 HTTP/2.0" 200 2584 "https://focbs.com/?path=//proc/719607/cwd/usr/lib/modules" "Mozilla/5.0 AppleWebKit/537.36 (KHTML, like Gecko; compatible; GPTBot/1.4; +https://openai.com/gptbot)" 145 **0/145536**
74.7.243.247 - - [05/Aug/2026:01:57:26 -0700] "GET /?path=//proc/719607/cwd/opt/alt/tests/alt-php70-diseval_0.1-2.el8 HTTP/2.0" 200 2596 "https://focbs.com/?path=//proc/719607/cwd/opt/alt/tests" "Mozilla/5.0 AppleWebKit/537.36 (KHTML, like Gecko; compatible; GPTBot/1.4; +https://openai.com/gptbot)" 120 **0/120552**
74.7.243.247 - - [05/Aug/2026:01:57:27 -0700] "GET /?path=//proc/719607/cwd/opt/alt/tests/alt-php56-diseval_0.1-2.el8 HTTP/2.0" 200 2598 "https://focbs.com/?path=//proc/719607/cwd/opt/alt/tests" "Mozilla/5.0 AppleWebKit/537.36 (KHTML, like Gecko; compatible; GPTBot/1.4; +https://openai.com/gptbot)" 116 **0/116391**
74.7.243.247 - - [05/Aug/2026:01:57:28 -0700] "GET /?path=//proc/719607/cwd/opt/alt/tests/alt-php80-diseval_0.2-2.el8 HTTP/2.0" 200 2598 "https://focbs.com/?path=//proc/719607/cwd/opt/alt/tests" "Mozilla/5.0 AppleWebKit/537.36 (KHTML, like Gecko; compatible; GPTBot/1.4; +https://openai.com/gptbot)" 124 **0/124981**
57.141.18.52 - - [05/Aug/2026:01:57:28 -0700] "GET /2026/07/19/utmaningar-for-casino-utan-svensk-licens-med-10-euro-insattningar-en-vaxande-oro/?fileloc=/home/l2pbkn5l6xav/mail/new/1741592698.M504273P28560.p3plzcpnl504740.prod.phx3.secureserver.net,S=2912,W=2971&path=/home/l2pbkn5l6xav/mail/new HTTP/2.0" 200 3682 "-" "Mozilla/5.0 (Windows NT 10.0; Win64; x64) AppleWebKit/537.36 (KHTML, like Gecko) Chrome/145.0.0.0 Safari/537.36 (compatible; meta-externalagent/1.1 (+https://developers.facebook.com/docs/sharing/webmasters/crawler))" 122 **0/122898**
216.73.216.114 - - [05/Aug/2026:01:57:28 -0700] "GET /?fileloc=%2F%2Fusr%2Fshare%2Fman%2Fman3%2FENGINE_set_finish_function.3ssl.gz&path=%2F%2Fusr%2Fshare%2Fman%2Fman3 HTTP/2.0" 200 2522 "-" "Mozilla/5.0 AppleWebKit/537.36 (KHTML, like Gecko; compatible; ClaudeBot/1.0; +claudebot@anthropic.com)" 136 **0/136791**
74.7.243.247 - - [05/Aug/2026:01:57:28 -0700] "GET /?path=//proc/719607/cwd/opt/alt/tests/alt-php81-diseval_0.2-2.el8 HTTP/2.0" 200 2598 "https://focbs.com/?path=//proc/719607/cwd/opt/alt/tests" "Mozilla/5.0 AppleWebKit/537.36 (KHTML, like Gecko; compatible; GPTBot/1.4; +https://openai.com/gptbot)" 124 **0/124867**
74.7.243.247 - - [05/Aug/2026:01:57:29 -0700] "GET /?path=//proc/719607/cwd/opt/alt/tests/alt-php73-diseval_0.2-2.el8 HTTP/2.0" 200 2596 "https://focbs.com/?path=//proc/719607/cwd/opt/alt/tests" "Mozilla/5.0 AppleWebKit/537.36 (KHTML, like Gecko; compatible; GPTBot/1.4; +https://openai.com/gptbot)" 120 **0/120611**
74.7.243.247 - - [05/Aug/2026:01:57:29 -0700] "GET /?path=//proc/719607/cwd/opt/alt/tests/alt-php84-diseval_0.2-3.el8 HTTP/2.0" 200 2598 "https://focbs.com/?path=//proc/719607/cwd/opt/alt/tests" "Mozilla/5.0 AppleWebKit/537.36 (KHTML, like Gecko; compatible; GPTBot/1.4; +https://openai.com/gptbot)" 118 **0/118037**
74.7.243.247 - - [05/Aug/2026:01:57:30 -0700] "GET /?path=//proc/719607/cwd/opt/alt/tests/alt-php83-diseval_0.2-2.el8 HTTP/2.0" 200 2598 "https://focbs.com/?path=//proc/719607/cwd/opt/alt/tests" "Mozilla/5.0 AppleWebKit/537.36 (KHTML, like Gecko; compatible; GPTBot/1.4; +https://openai.com/gptbot)" 714 **0/714581**
74.7.243.247 - - [05/Aug/2026:01:57:30 -0700] "GET /?path=//proc/719607/cwd/opt/alt/tests/alt-php82-diseval_0.2-2.el8 HTTP/2.0" 200 2598 "https://focbs.com/?path=//proc/719607/cwd/opt/alt/tests" "Mozilla/5.0 AppleWebKit/537.36 (KHTML, like Gecko; compatible; GPTBot/1.4; +https://openai.com/gptbot)" 117 **0/117686**
57.141.18.47 - - [05/Aug/2026:01:57:31 -0700] "GET /2026/07/18/wie-fange-ich-an-bei-sportwetten-ohne-oasis-fur-maximale-gewinne/?fileloc=//usr/lib64/ld-2.28.so&path=//usr/lib64 HTTP/2.0" 200 2488 "-" "Mozilla/5.0 (Windows NT 10.0; Win64; x64) AppleWebKit/537.36 (KHTML, like Gecko) Chrome/145.0.0.0 Safari/537.36 (compatible; meta-externalagent/1.1 (+https://developers.facebook.com/docs/sharing/webmasters/crawler))" 119 **0/119714**
74.7.243.247 - - [05/Aug/2026:01:57:31 -0700] "GET /?path=//proc/719607/cwd/opt/alt/tests/alt-php82-diseval_0.2-3.el8 HTTP/2.0" 200 2598 "https://focbs.com/?path=//proc/719607/cwd/opt/alt/tests" "Mozilla/5.0 AppleWebKit/537.36 (KHTML, like Gecko; compatible; GPTBot/1.4; +https://openai.com/gptbot)" 112 **0/112767**
74.7.243.247 - - [05/Aug/2026:01:57:31 -0700] "GET /?path=//proc/719607/cwd/opt/alt/tests/alt-php71-diseval_0.1-2.el8 HTTP/2.0" 200 2596 "https://focbs.com/?path=//proc/719607/cwd/opt/alt/tests" "Mozilla/5.0 AppleWebKit/537.36 (KHTML, like Gecko; compatible; GPTBot/1.4; +https://openai.com/gptbot)" 126 **0/126088**
