74.7.243.247 - - [05/Aug/2026:01:13:17 -0700] "GET /?path=//proc/719607/cwd/lib/firmware/qca HTTP/2.0" 200 2575 "https://focbs.com/?path=//proc/719607/cwd/lib/firmware" "Mozilla/5.0 AppleWebKit/537.36 (KHTML, like Gecko; compatible; GPTBot/1.4; +https://openai.com/gptbot)" 115 **0/115428**
74.7.243.247 - - [05/Aug/2026:01:13:18 -0700] "GET /?path=//proc/719607/cwd/lib/firmware/cnm HTTP/2.0" 200 2574 "https://focbs.com/?path=//proc/719607/cwd/lib/firmware" "Mozilla/5.0 AppleWebKit/537.36 (KHTML, like Gecko; compatible; GPTBot/1.4; +https://openai.com/gptbot)" 113 **0/113201**
216.73.216.114 - - [05/Aug/2026:01:13:18 -0700] "GET /?fileloc=%2F%2Fusr%2Fshare%2Fman%2Fman7%2Fsystemd.journal-fields.7.gz&path=%2F%2Fusr%2Fshare%2Fman%2Fman7 HTTP/2.0" 200 2514 "-" "Mozilla/5.0 AppleWebKit/537.36 (KHTML, like Gecko; compatible; ClaudeBot/1.0; +claudebot@anthropic.com)" 113 **0/113055**
74.7.243.247 - - [05/Aug/2026:01:13:18 -0700] "GET /?path=//proc/719607/cwd/var/run/faillock HTTP/2.0" 200 2575 "https://focbs.com/?path=//proc/719607/cwd/var/run" "Mozilla/5.0 AppleWebKit/537.36 (KHTML, like Gecko; compatible; GPTBot/1.4; +https://openai.com/gptbot)" 119 **0/119597**
74.7.243.247 - - [05/Aug/2026:01:13:19 -0700] "GET /?path=//proc/719607/cwd/lib/systemd/boot HTTP/2.0" 200 2572 "https://focbs.com/?path=//proc/719607/cwd/lib/systemd" "Mozilla/5.0 AppleWebKit/537.36 (KHTML, like Gecko; compatible; GPTBot/1.4; +https://openai.com/gptbot)" 114 **0/114455**
74.7.243.247 - - [05/Aug/2026:01:13:19 -0700] "GET /?path=//proc/719607/root/proc/self/root/var/www/html HTTP/2.0" 200 2593 "https://focbs.com/?path=//proc/719607/root/proc/self/root/var/www" "Mozilla/5.0 AppleWebKit/537.36 (KHTML, like Gecko; compatible; GPTBot/1.4; +https://openai.com/gptbot)" 111 **0/111471**
74.7.243.247 - - [05/Aug/2026:01:13:20 -0700] "GET /?path=//proc/719607/root/proc/self/root/var/.cagefs HTTP/2.0" 200 2586 "https://focbs.com/?path=//proc/719607/root/proc/self/root/var" "Mozilla/5.0 AppleWebKit/537.36 (KHTML, like Gecko; compatible; GPTBot/1.4; +https://openai.com/gptbot)" 116 **0/116181**
74.7.243.247 - - [05/Aug/2026:01:13:20 -0700] "GET /?fileloc=//proc/mounts&path=//proc HTTP/2.0" 200 3618 "https://focbs.com/?path=//proc" "Mozilla/5.0 AppleWebKit/537.36 (KHTML, like Gecko; compatible; GPTBot/1.4; +https://openai.com/gptbot)" 115 **0/115557**
74.7.243.247 - - [05/Aug/2026:01:13:21 -0700] "GET /?path=//proc/719607/root/proc/self/root/lib/debug/.dwz HTTP/2.0" 200 2594 "https://focbs.com/?path=//proc/719607/root/proc/self/root/lib/debug" "Mozilla/5.0 AppleWebKit/537.36 (KHTML, like Gecko; compatible; GPTBot/1.4; +https://openai.com/gptbot)" 106 **0/106745**
74.7.243.247 - - [05/Aug/2026:01:13:22 -0700] "GET /?path=//proc/719607/root/lib/dracut/modules.d/98pollcdrom HTTP/2.0" 200 2594 "https://focbs.com/?path=//proc/719607/root/lib/dracut/modules.d" "Mozilla/5.0 AppleWebKit/537.36 (KHTML, like Gecko; compatible; GPTBot/1.4; +https://openai.com/gptbot)" 109 **0/109880**
74.7.243.247 - - [05/Aug/2026:01:13:22 -0700] "GET /?path=//proc/719607/cwd/opt/alt/tests/alt-php71-pecl-swoole_4.5.11-1.el8 HTTP/2.0" 200 2602 "https://focbs.com/?path=//proc/719607/cwd/opt/alt/tests" "Mozilla/5.0 AppleWebKit/537.36 (KHTML, like Gecko; compatible; GPTBot/1.4; +https://openai.com/gptbot)" 108 **0/108328**
74.7.243.247 - - [05/Aug/2026:01:13:23 -0700] "GET /?path=//proc/719607/cwd/opt/alt/tests/alt-php74-pecl-stomp_2.0.3-1.el8/tests HTTP/2.0" 200 2604 "https://focbs.com/?path=//proc/719607/cwd/opt/alt/tests/alt-php74-pecl-stomp_2.0.3-1.el8" "Mozilla/5.0 AppleWebKit/537.36 (KHTML, like Gecko; compatible; GPTBot/1.4; +https://openai.com/gptbot)" 116 **0/116869**
216.73.216.114 - - [05/Aug/2026:01:13:23 -0700] "GET /?fileloc=%2Fhome%2Fl2pbkn5l6xav%2Fpublic_html%2Fwp-admin%2Fcss%2Fwp-admin-rtl.css&path=%2Fhome%2Fl2pbkn5l6xav%2Fpublic_html%2Fwp-admin%2Fcss HTTP/2.0" 200 2642 "-" "Mozilla/5.0 AppleWebKit/537.36 (KHTML, like Gecko; compatible; ClaudeBot/1.0; +claudebot@anthropic.com)" 113 **0/113503**
74.7.243.247 - - [05/Aug/2026:01:13:23 -0700] "GET /?path=//proc/719607/cwd/opt/alt/tests/alt-php70-pecl-yaml_2.0.3-1.el8/tests HTTP/2.0" 200 2603 "https://focbs.com/?path=//proc/719607/cwd/opt/alt/tests/alt-php70-pecl-yaml_2.0.3-1.el8" "Mozilla/5.0 AppleWebKit/537.36 (KHTML, like Gecko; compatible; GPTBot/1.4; +https://openai.com/gptbot)" 125 **0/125118**
74.7.243.247 - - [05/Aug/2026:01:13:24 -0700] "GET /?path=//proc/719607/cwd/opt/alt/tests/alt-php56-pecl-rsync_0.1.0-1.el8/tests HTTP/2.0" 200 2606 "https://focbs.com/?path=//proc/719607/cwd/opt/alt/tests/alt-php56-pecl-rsync_0.1.0-1.el8" "Mozilla/5.0 AppleWebKit/537.36 (KHTML, like Gecko; compatible; GPTBot/1.4; +https://openai.com/gptbot)" 111 **0/111115**
74.7.243.247 - - [05/Aug/2026:01:13:24 -0700] "GET /?path=//proc/719607/cwd/opt/alt/tests/alt-php80-pecl-amqp_2.2.0-1.el8/tests HTTP/2.0" 200 2604 "https://focbs.com/?path=//proc/719607/cwd/opt/alt/tests/alt-php80-pecl-amqp_2.2.0-1.el8" "Mozilla/5.0 AppleWebKit/537.36 (KHTML, like Gecko; compatible; GPTBot/1.4; +https://openai.com/gptbot)" 116 **0/116685**
74.7.243.247 - - [05/Aug/2026:01:13:25 -0700] "GET /?path=//proc/719607/cwd/opt/alt/tests/alt-php74-pecl-raphf_2.0.1-1.el8/tests HTTP/2.0" 200 2605 "https://focbs.com/?path=//proc/719607/cwd/opt/alt/tests/alt-php74-pecl-raphf_2.0.1-1.el8" "Mozilla/5.0 AppleWebKit/537.36 (KHTML, like Gecko; compatible; GPTBot/1.4; +https://openai.com/gptbot)" 111 **0/111578**
74.7.243.247 - - [05/Aug/2026:01:13:25 -0700] "GET /?path=//proc/719607/cwd/opt/alt/tests/alt-php71-pecl-gnupg_1.5.1-1.el8/tests HTTP/2.0" 200 2605 "https://focbs.com/?path=//proc/719607/cwd/opt/alt/tests/alt-php71-pecl-gnupg_1.5.1-1.el8" "Mozilla/5.0 AppleWebKit/537.36 (KHTML, like Gecko; compatible; GPTBot/1.4; +https://openai.com/gptbot)" 118 **0/118136**
74.7.243.247 - - [05/Aug/2026:01:13:26 -0700] "GET /?path=//proc/719607/cwd/opt/alt/tests/alt-php82-pecl-amqp_2.2.0-1.el8/tests HTTP/2.0" 200 2604 "https://focbs.com/?path=//proc/719607/cwd/opt/alt/tests/alt-php82-pecl-amqp_2.2.0-1.el8" "Mozilla/5.0 AppleWebKit/537.36 (KHTML, like Gecko; compatible; GPTBot/1.4; +https://openai.com/gptbot)" 109 **0/109684**
74.7.243.247 - - [05/Aug/2026:01:13:26 -0700] "GET /?path=//proc/719607/cwd/opt/alt/tests/alt-php82-pecl-stomp_2.0.3-1.el8/tools HTTP/2.0" 200 2612 "https://focbs.com/?path=//proc/719607/cwd/opt/alt/tests/alt-php82-pecl-stomp_2.0.3-1.el8" "Mozilla/5.0 AppleWebKit/537.36 (KHTML, like Gecko; compatible; GPTBot/1.4; +https://openai.com/gptbot)" 107 **0/107256**
74.7.243.247 - - [05/Aug/2026:01:13:27 -0700] "GET /?path=//proc/719607/cwd/opt/alt/tests/alt-php84-pecl-raphf_2.0.1-1.el8/tests HTTP/2.0" 200 2606 "https://focbs.com/?path=//proc/719607/cwd/opt/alt/tests/alt-php84-pecl-raphf_2.0.1-1.el8" "Mozilla/5.0 AppleWebKit/537.36 (KHTML, like Gecko; compatible; GPTBot/1.4; +https://openai.com/gptbot)" 115 **0/115910**
57.141.18.91 - - [05/Aug/2026:01:13:27 -0700] "GET /2026/07/19/jak-aktywowac-voucher-free-spins-w-mostbet-dla-doswiadczonych-graczy/?fileloc=//lib64/libIex-2_2.so.12.0.0&path=//lib64 HTTP/2.0" 200 2485 "-" "Mozilla/5.0 (Windows NT 10.0; Win64; x64) AppleWebKit/537.36 (KHTML, like Gecko) Chrome/145.0.0.0 Safari/537.36 Edg/145.0.0.0 (compatible; meta-externalagent/1.1 (+https://developers.facebook.com/docs/sharing/webmasters/crawler))" 124 **0/124490**
74.7.243.247 - - [05/Aug/2026:01:13:27 -0700] "GET /?path=//proc/719607/cwd/opt/alt/tests/alt-php83-pecl-stomp_2.0.3-1.el8/tools HTTP/2.0" 200 2613 "https://focbs.com/?path=//proc/719607/cwd/opt/alt/tests/alt-php83-pecl-stomp_2.0.3-1.el8" "Mozilla/5.0 AppleWebKit/537.36 (KHTML, like Gecko; compatible; GPTBot/1.4; +https://openai.com/gptbot)" 144 **0/144530**
74.7.243.247 - - [05/Aug/2026:01:13:28 -0700] "GET /?path=//proc/719607/cwd/opt/alt/tests/alt-php81-pecl-gnupg_1.5.1-1.el8/tests HTTP/2.0" 200 2606 "https://focbs.com/?path=//proc/719607/cwd/opt/alt/tests/alt-php81-pecl-gnupg_1.5.1-1.el8" "Mozilla/5.0 AppleWebKit/537.36 (KHTML, like Gecko; compatible; GPTBot/1.4; +https://openai.com/gptbot)" 111 **0/111151**
216.73.216.114 - - [05/Aug/2026:01:13:28 -0700] "GET /?path=%2F%2Fusr%2Flib%2Ftuned%2Fthroughput-performance HTTP/2.0" 200 2841 "-" "Mozilla/5.0 AppleWebKit/537.36 (KHTML, like Gecko; compatible; ClaudeBot/1.0; +claudebot@anthropic.com)" 109 **0/109504**
74.7.243.247 - - [05/Aug/2026:01:13:28 -0700] "GET /?path=//proc/719607/cwd/opt/alt/tests/alt-php54-pecl-geoip_1.1.1-1.el8/tests HTTP/2.0" 200 2605 "https://focbs.com/?path=//proc/719607/cwd/opt/alt/tests/alt-php54-pecl-geoip_1.1.1-1.el8" "Mozilla/5.0 AppleWebKit/537.36 (KHTML, like Gecko; compatible; GPTBot/1.4; +https://openai.com/gptbot)" 108 **0/108805**
74.7.243.247 - - [05/Aug/2026:01:13:29 -0700] "GET /?path=//proc/719607/cwd/opt/alt/tests/alt-php73-pecl-yaml_2.2.3-1.el8/tests HTTP/2.0" 200 2602 "https://focbs.com/?path=//proc/719607/cwd/opt/alt/tests/alt-php73-pecl-yaml_2.2.3-1.el8" "Mozilla/5.0 AppleWebKit/537.36 (KHTML, like Gecko; compatible; GPTBot/1.4; +https://openai.com/gptbot)" 112 **0/112634**
74.7.243.247 - - [05/Aug/2026:01:13:29 -0700] "GET /?path=//proc/719607/cwd/opt/alt/tests/alt-php74-pecl-amqp_2.1.2-1.el8/tests HTTP/2.0" 200 2603 "https://focbs.com/?path=//proc/719607/cwd/opt/alt/tests/alt-php74-pecl-amqp_2.1.2-1.el8" "Mozilla/5.0 AppleWebKit/537.36 (KHTML, like Gecko; compatible; GPTBot/1.4; +https://openai.com/gptbot)" 115 **0/115010**
74.7.243.247 - - [05/Aug/2026:01:13:30 -0700] "GET /?path=//proc/719607/cwd/opt/alt/tests/alt-php70-pecl-gnupg_1.5.1-1.el8/tests HTTP/2.0" 200 2605 "https://focbs.com/?path=//proc/719607/cwd/opt/alt/tests/alt-php70-pecl-gnupg_1.5.1-1.el8" "Mozilla/5.0 AppleWebKit/537.36 (KHTML, like Gecko; compatible; GPTBot/1.4; +https://openai.com/gptbot)" 118 **0/118102**
74.7.243.247 - - [05/Aug/2026:01:13:30 -0700] "GET /?path=//proc/719607/cwd/opt/alt/tests/alt-php81-pecl-yaml_2.2.3-1.el8/tests HTTP/2.0" 200 2603 "https://focbs.com/?path=//proc/719607/cwd/opt/alt/tests/alt-php81-pecl-yaml_2.2.3-1.el8" "Mozilla/5.0 AppleWebKit/537.36 (KHTML, like Gecko; compatible; GPTBot/1.4; +https://openai.com/gptbot)" 115 **0/115480**
74.7.243.247 - - [05/Aug/2026:01:13:31 -0700] "GET /?path=//proc/719607/cwd/opt/alt/tests/alt-php83-pecl-oauth_2.0.7-2.el8/tests HTTP/2.0" 200 2605 "https://focbs.com/?path=//proc/719607/cwd/opt/alt/tests/alt-php83-pecl-oauth_2.0.7-2.el8" "Mozilla/5.0 AppleWebKit/537.36 (KHTML, like Gecko; compatible; GPTBot/1.4; +https://openai.com/gptbot)" 108 **0/108620**
74.7.243.247 - - [05/Aug/2026:01:13:31 -0700] "GET /?path=//proc/719607/cwd/opt/alt/tests/alt-php71-pecl-uuid_1.3.0-1.el8/tests HTTP/2.0" 200 2604 "https://focbs.com/?path=//proc/719607/cwd/opt/alt/tests/alt-php71-pecl-uuid_1.3.0-1.el8" "Mozilla/5.0 AppleWebKit/537.36 (KHTML, like Gecko; compatible; GPTBot/1.4; +https://openai.com/gptbot)" 117 **0/117233**
74.7.243.247 - - [05/Aug/2026:01:13:32 -0700] "GET /?path=//proc/719607/cwd/opt/alt/tests/alt-php73-pecl-uuid_1.3.0-1.el8/tests HTTP/2.0" 200 2604 "https://focbs.com/?path=//proc/719607/cwd/opt/alt/tests/alt-php73-pecl-uuid_1.3.0-1.el8" "Mozilla/5.0 AppleWebKit/537.36 (KHTML, like Gecko; compatible; GPTBot/1.4; +https://openai.com/gptbot)" 111 **0/111909**
74.7.243.247 - - [05/Aug/2026:01:13:33 -0700] "GET /?path=//proc/719607/cwd/opt/alt/tests/alt-php81-pecl-amqp_2.2.0-1.el8/tests HTTP/2.0" 200 2604 "https://focbs.com/?path=//proc/719607/cwd/opt/alt/tests/alt-php81-pecl-amqp_2.2.0-1.el8" "Mozilla/5.0 AppleWebKit/537.36 (KHTML, like Gecko; compatible; GPTBot/1.4; +https://openai.com/gptbot)" 118 **0/118354**
74.7.243.247 - - [05/Aug/2026:01:13:33 -0700] "GET /?path=//proc/719607/cwd/opt/alt/tests/alt-php74-pecl-stomp_2.0.3-1.el8/tools HTTP/2.0" 200 2611 "https://focbs.com/?path=//proc/719607/cwd/opt/alt/tests/alt-php74-pecl-stomp_2.0.3-1.el8" "Mozilla/5.0 AppleWebKit/537.36 (KHTML, like Gecko; compatible; GPTBot/1.4; +https://openai.com/gptbot)" 133 **0/133061**
74.7.243.247 - - [05/Aug/2026:01:13:34 -0700] "GET /?path=//proc/719607/cwd/opt/alt/tests/alt-php84-pecl-stomp_2.0.3-1.el8/tests HTTP/2.0" 200 2605 "https://focbs.com/?path=//proc/719607/cwd/opt/alt/tests/alt-php84-pecl-stomp_2.0.3-1.el8" "Mozilla/5.0 AppleWebKit/537.36 (KHTML, like Gecko; compatible; GPTBot/1.4; +https://openai.com/gptbot)" 144 **0/144959**
74.7.243.247 - - [05/Aug/2026:01:13:34 -0700] "GET /?path=//proc/719607/cwd/opt/alt/tests/alt-php83-pecl-raphf_2.0.1-1.el8/tests HTTP/2.0" 200 2606 "https://focbs.com/?path=//proc/719607/cwd/opt/alt/tests/alt-php83-pecl-raphf_2.0.1-1.el8" "Mozilla/5.0 AppleWebKit/537.36 (KHTML, like Gecko; compatible; GPTBot/1.4; +https://openai.com/gptbot)" 120 **0/120295**
66.249.72.228 - - [05/Aug/2026:01:13:34 -0700] "GET /?p=34531377271100 HTTP/1.1" 200 18112 "-" "Mozilla/5.0 (Linux; Android 6.0.1; Nexus 5X Build/MMB29P) AppleWebKit/537.36 (KHTML, like Gecko) Chrome/150.0.7871.186 Mobile Safari/537.36 (compatible; Googlebot/2.1; +http://www.google.com/bot.html)" 311 **0/311451**
74.7.243.247 - - [05/Aug/2026:01:13:35 -0700] "GET /?path=//proc/719607/cwd/opt/alt/tests/alt-php84-pecl-imap_1.0.3-1.el8/tests HTTP/2.0" 200 2605 "https://focbs.com/?path=//proc/719607/cwd/opt/alt/tests/alt-php84-pecl-imap_1.0.3-1.el8" "Mozilla/5.0 AppleWebKit/537.36 (KHTML, like Gecko; compatible; GPTBot/1.4; +https://openai.com/gptbot)" 122 **0/122774**
74.7.243.247 - - [05/Aug/2026:01:13:35 -0700] "GET /?path=//proc/719607/cwd/opt/alt/tests/alt-php80-pecl-uuid_1.3.0-1.el8/tests HTTP/2.0" 200 2605 "https://focbs.com/?path=//proc/719607/cwd/opt/alt/tests/alt-php80-pecl-uuid_1.3.0-1.el8" "Mozilla/5.0 AppleWebKit/537.36 (KHTML, like Gecko; compatible; GPTBot/1.4; +https://openai.com/gptbot)" 129 **0/129300**
74.7.243.247 - - [05/Aug/2026:01:13:36 -0700] "GET /?path=//proc/719607/cwd/opt/alt/tests/alt-php84-pecl-solr_2.9.3-1.el8/tests HTTP/2.0" 200 2605 "https://focbs.com/?path=//proc/719607/cwd/opt/alt/tests/alt-php84-pecl-solr_2.9.3-1.el8" "Mozilla/5.0 AppleWebKit/537.36 (KHTML, like Gecko; compatible; GPTBot/1.4; +https://openai.com/gptbot)" 120 **0/120203**
74.7.243.247 - - [05/Aug/2026:01:13:36 -0700] "GET /?path=//proc/719607/cwd/opt/alt/tests/alt-php54-pecl-solr_2.4.0-1.el8/tests HTTP/2.0" 200 2605 "https://focbs.com/?path=//proc/719607/cwd/opt/alt/tests/alt-php54-pecl-solr_2.4.0-1.el8" "Mozilla/5.0 AppleWebKit/537.36 (KHTML, like Gecko; compatible; GPTBot/1.4; +https://openai.com/gptbot)" 106 **0/106770**
74.7.243.247 - - [05/Aug/2026:01:13:37 -0700] "GET /?path=//proc/719607/cwd/opt/alt/tests/alt-php70-pecl-uuid_1.3.0-1.el8/tests HTTP/2.0" 200 2604 "https://focbs.com/?path=//proc/719607/cwd/opt/alt/tests/alt-php70-pecl-uuid_1.3.0-1.el8" "Mozilla/5.0 AppleWebKit/537.36 (KHTML, like Gecko; compatible; GPTBot/1.4; +https://openai.com/gptbot)" 114 **0/114437**
74.7.243.247 - - [05/Aug/2026:01:13:37 -0700] "GET /?path=//proc/719607/cwd/opt/alt/tests/alt-php74-pecl-solr_2.9.3-1.el8/tests HTTP/2.0" 200 2604 "https://focbs.com/?path=//proc/719607/cwd/opt/alt/tests/alt-php74-pecl-solr_2.9.3-1.el8" "Mozilla/5.0 AppleWebKit/537.36 (KHTML, like Gecko; compatible; GPTBot/1.4; +https://openai.com/gptbot)" 106 **0/106827**
74.7.243.247 - - [05/Aug/2026:01:13:38 -0700] "GET /?path=//proc/719607/cwd/opt/alt/tests/alt-php71-pecl-yaml_2.2.3-1.el8/tests HTTP/2.0" 200 2602 "https://focbs.com/?path=//proc/719607/cwd/opt/alt/tests/alt-php71-pecl-yaml_2.2.3-1.el8" "Mozilla/5.0 AppleWebKit/537.36 (KHTML, like Gecko; compatible; GPTBot/1.4; +https://openai.com/gptbot)" 120 **0/120100**
74.7.243.247 - - [05/Aug/2026:01:13:38 -0700] "GET /?path=//proc/719607/cwd/opt/alt/tests/alt-php56-pecl-solr_2.4.0-1.el8/tests HTTP/2.0" 200 2605 "https://focbs.com/?path=//proc/719607/cwd/opt/alt/tests/alt-php56-pecl-solr_2.4.0-1.el8" "Mozilla/5.0 AppleWebKit/537.36 (KHTML, like Gecko; compatible; GPTBot/1.4; +https://openai.com/gptbot)" 121 **0/121511**
74.7.243.247 - - [05/Aug/2026:01:13:39 -0700] "GET /?path=//proc/719607/cwd/opt/alt/tests/alt-php81-pecl-uuid_1.3.0-1.el8/tests HTTP/2.0" 200 2605 "https://focbs.com/?path=//proc/719607/cwd/opt/alt/tests/alt-php81-pecl-uuid_1.3.0-1.el8" "Mozilla/5.0 AppleWebKit/537.36 (KHTML, like Gecko; compatible; GPTBot/1.4; +https://openai.com/gptbot)" 122 **0/122793**
74.7.243.247 - - [05/Aug/2026:01:13:39 -0700] "GET /?path=//proc/719607/cwd/opt/alt/tests/alt-php84-pecl-stomp_2.0.3-1.el8/tools HTTP/2.0" 200 2613 "https://focbs.com/?path=//proc/719607/cwd/opt/alt/tests/alt-php84-pecl-stomp_2.0.3-1.el8" "Mozilla/5.0 AppleWebKit/537.36 (KHTML, like Gecko; compatible; GPTBot/1.4; +https://openai.com/gptbot)" 127 **0/127017**
74.7.243.247 - - [05/Aug/2026:01:13:40 -0700] "GET /?path=//proc/719607/cwd/opt/alt/tests/alt-php54-pecl-raphf_1.1.2-1.el8/tests HTTP/2.0" 200 2606 "https://focbs.com/?path=//proc/719607/cwd/opt/alt/tests/alt-php54-pecl-raphf_1.1.2-1.el8" "Mozilla/5.0 AppleWebKit/537.36 (KHTML, like Gecko; compatible; GPTBot/1.4; +https://openai.com/gptbot)" 111 **0/111993**
74.7.243.247 - - [05/Aug/2026:01:13:40 -0700] "GET /?path=//proc/719607/cwd/opt/alt/tests/alt-php82-pecl-yaml_2.2.3-1.el8/tests HTTP/2.0" 200 2603 "https://focbs.com/?path=//proc/719607/cwd/opt/alt/tests/alt-php82-pecl-yaml_2.2.3-1.el8" "Mozilla/5.0 AppleWebKit/537.36 (KHTML, like Gecko; compatible; GPTBot/1.4; +https://openai.com/gptbot)" 103 **0/103472**
57.141.18.51 - - [05/Aug/2026:01:13:40 -0700] "GET /2026/07/19/jak-aktywowac-voucher-free-spins-w-mostbet-dla-doswiadczonych-graczy/?fileloc=//lib64/libXt.so.6&path=//lib64 HTTP/2.0" 200 2477 "-" "Mozilla/5.0 (Macintosh; Intel Mac OS X 10_15_7) AppleWebKit/537.36 (KHTML, like Gecko) Chrome/145.0.0.0 Safari/537.36 (compatible; meta-externalagent/1.1 (+https://developers.facebook.com/docs/sharing/webmasters/crawler))" 110 **0/110900**
74.7.243.247 - - [05/Aug/2026:01:13:41 -0700] "GET /?path=//proc/719607/cwd/opt/alt/tests/alt-php84-pecl-oauth_2.0.7-4.el8/tests HTTP/2.0" 200 2605 "https://focbs.com/?path=//proc/719607/cwd/opt/alt/tests/alt-php84-pecl-oauth_2.0.7-4.el8" "Mozilla/5.0 AppleWebKit/537.36 (KHTML, like Gecko; compatible; GPTBot/1.4; +https://openai.com/gptbot)" 121 **0/121753**
74.7.243.247 - - [05/Aug/2026:01:13:41 -0700] "GET /?path=//proc/719607/cwd/opt/alt/tests/alt-php56-pecl-oauth_1.2.3-2.el8/tests HTTP/2.0" 200 2605 "https://focbs.com/?path=//proc/719607/cwd/opt/alt/tests/alt-php56-pecl-oauth_1.2.3-2.el8" "Mozilla/5.0 AppleWebKit/537.36 (KHTML, like Gecko; compatible; GPTBot/1.4; +https://openai.com/gptbot)" 543 **0/543442**
74.7.243.247 - - [05/Aug/2026:01:13:42 -0700] "GET /?path=//proc/719607/cwd/opt/alt/tests/alt-php73-pecl-raphf_2.0.1-1.el8/tests HTTP/2.0" 200 2605 "https://focbs.com/?path=//proc/719607/cwd/opt/alt/tests/alt-php73-pecl-raphf_2.0.1-1.el8" "Mozilla/5.0 AppleWebKit/537.36 (KHTML, like Gecko; compatible; GPTBot/1.4; +https://openai.com/gptbot)" 117 **0/117207**
74.7.243.247 - - [05/Aug/2026:01:13:42 -0700] "GET /?path=//proc/719607/cwd/opt/alt/tests/alt-php56-pecl-raphf_1.1.2-1.el8/tests HTTP/2.0" 200 2606 "https://focbs.com/?path=//proc/719607/cwd/opt/alt/tests/alt-php56-pecl-raphf_1.1.2-1.el8" "Mozilla/5.0 AppleWebKit/537.36 (KHTML, like Gecko; compatible; GPTBot/1.4; +https://openai.com/gptbot)" 129 **0/129922**
74.7.243.247 - - [05/Aug/2026:01:13:43 -0700] "GET /?path=//proc/719607/cwd/opt/alt/tests/alt-php54-pecl-imagick_3.7.0-12.el8 HTTP/2.0" 200 2602 "https://focbs.com/?path=//proc/719607/cwd/opt/alt/tests" "Mozilla/5.0 AppleWebKit/537.36 (KHTML, like Gecko; compatible; GPTBot/1.4; +https://openai.com/gptbot)" 127 **0/127929**
74.7.243.247 - - [05/Aug/2026:01:13:44 -0700] "GET /?path=//proc/719607/cwd/opt/alt/tests/alt-php54-pecl-imagick_3.7.0-10.el8 HTTP/2.0" 429 267 "https://focbs.com/?path=//proc/719607/cwd/opt/alt/tests" "Mozilla/5.0 AppleWebKit/537.36 (KHTML, like Gecko; compatible; GPTBot/1.4; +https://openai.com/gptbot)" 24 **0/24283**
74.7.243.247 - - [05/Aug/2026:01:13:44 -0700] "GET /?path=//proc/719607/cwd/opt/alt/tests/alt-php54-pecl-imagick_3.7.0-17.el8 HTTP/2.0" 429 267 "https://focbs.com/?path=//proc/719607/cwd/opt/alt/tests" "Mozilla/5.0 AppleWebKit/537.36 (KHTML, like Gecko; compatible; GPTBot/1.4; +https://openai.com/gptbot)" 21 **0/21194**
74.7.243.247 - - [05/Aug/2026:01:13:46 -0700] "GET /?path=//proc/719607/cwd/opt/alt/tests/alt-php71-pecl-igbinary_3.2.15-1.el8 HTTP/2.0" 429 267 "https://focbs.com/?path=//proc/719607/cwd/opt/alt/tests" "Mozilla/5.0 AppleWebKit/537.36 (KHTML, like Gecko; compatible; GPTBot/1.4; +https://openai.com/gptbot)" 16 **0/16806**
66.249.72.227 - - [05/Aug/2026:01:13:47 -0700] "GET /?p=40264404471100 HTTP/1.1" 200 20142 "-" "Mozilla/5.0 (Linux; Android 6.0.1; Nexus 5X Build/MMB29P) AppleWebKit/537.36 (KHTML, like Gecko) Chrome/150.0.7871.186 Mobile Safari/537.36 (compatible; Googlebot/2.1; +http://www.google.com/bot.html)" 356 **0/356040**
74.7.243.247 - - [05/Aug/2026:01:13:50 -0700] "GET /?path=//proc/719607/cwd/opt/alt/tests/alt-php54-pecl-imagick_3.7.0-19.el8 HTTP/2.0" 429 267 "https://focbs.com/?path=//proc/719607/cwd/opt/alt/tests" "Mozilla/5.0 AppleWebKit/537.36 (KHTML, like Gecko; compatible; GPTBot/1.4; +https://openai.com/gptbot)" 14 **0/14056**
57.141.18.118 - - [05/Aug/2026:01:13:51 -0700] "GET /2026/07/19/jak-aktywowac-voucher-free-spins-w-mostbet-dla-doswiadczonych-graczy/?fileloc=//lib64/libmount.so.1.1.0&path=//lib64 HTTP/2.0" 200 2481 "-" "Mozilla/5.0 (Macintosh; Intel Mac OS X 10_15_7) AppleWebKit/537.36 (KHTML, like Gecko) Chrome/145.0.0.0 Safari/537.36 (compatible; meta-externalagent/1.1 (+https://developers.facebook.com/docs/sharing/webmasters/crawler))" 125 **0/125616**
66.249.72.227 - - [05/Aug/2026:01:13:58 -0700] "GET /?p=52497433071100 HTTP/1.1" 200 18870 "-" "Mozilla/5.0 (Linux; Android 6.0.1; Nexus 5X Build/MMB29P) AppleWebKit/537.36 (KHTML, like Gecko) Chrome/150.0.7871.186 Mobile Safari/537.36 (compatible; Googlebot/2.1; +http://www.google.com/bot.html)" 332 **0/332494**
57.141.18.24 - - [05/Aug/2026:01:14:01 -0700] "GET /2026/07/19/jak-aktywowac-voucher-free-spins-w-mostbet-dla-doswiadczonych-graczy/?fileloc=//lib64/libpango-1.0.so.0.4200.3&path=//lib64 HTTP/2.0" 200 2490 "-" "Mozilla/5.0 (Windows NT 10.0; Win64; x64) AppleWebKit/537.36 (KHTML, like Gecko) Chrome/145.0.0.0 Safari/537.36 (compatible; meta-externalagent/1.1 (+https://developers.facebook.com/docs/sharing/webmasters/crawler))" 121 **0/121081**
74.7.243.247 - - [05/Aug/2026:01:14:04 -0700] "GET /?path=//proc/719607/cwd/opt/alt/tests/alt-php74-pecl-imagick_3.8.0-15.el8 HTTP/2.0" 429 267 "https://focbs.com/?path=//proc/719607/cwd/opt/alt/tests" "Mozilla/5.0 AppleWebKit/537.36 (KHTML, like Gecko; compatible; GPTBot/1.4; +https://openai.com/gptbot)" 14 **0/14297**
57.141.18.101 - - [05/Aug/2026:01:14:09 -0700] "GET /2026/07/19/jak-aktywowac-voucher-free-spins-w-mostbet-dla-doswiadczonych-graczy/?fileloc=//lib64/libpcre2-posix.so&path=//lib64 HTTP/2.0" 200 2482 "-" "Mozilla/5.0 (Macintosh; Intel Mac OS X 10_15_7) AppleWebKit/537.36 (KHTML, like Gecko) Chrome/145.0.0.0 Safari/537.36 (compatible; meta-externalagent/1.1 (+https://developers.facebook.com/docs/sharing/webmasters/crawler))" 112 **0/112592**
66.249.72.228 - - [05/Aug/2026:01:14:14 -0700] "GET /pt/2026/07/19/local-pipeline-compass-test-5/?fileloc=/home/l2pbkn5l6xav/public_html/wp-comments-post.php&path=/home/l2pbkn5l6xav/public_html HTTP/1.1" 200 3547 "-" "Mozilla/5.0 (Linux; Android 6.0.1; Nexus 5X Build/MMB29P) AppleWebKit/537.36 (KHTML, like Gecko) Chrome/150.0.7871.186 Mobile Safari/537.36 (compatible; Googlebot/2.1; +http://www.google.com/bot.html)" 123 **0/123680**
66.249.72.228 - - [05/Aug/2026:01:14:15 -0700] "GET /?product/review/29862728671100 HTTP/1.1" 200 18302 "-" "Mozilla/5.0 (Linux; Android 6.0.1; Nexus 5X Build/MMB29P) AppleWebKit/537.36 (KHTML, like Gecko) Chrome/150.0.7871.186 Mobile Safari/537.36 (compatible; Googlebot/2.1; +http://www.google.com/bot.html)" 306 **0/306131**
66.249.72.228 - - [05/Aug/2026:01:14:17 -0700] "GET /?productSearch/pictureSearch?id=42677027471100 HTTP/1.1" 200 18795 "-" "Mozilla/5.0 (compatible; Googlebot/2.1; +http://www.google.com/bot.html)" 324 **0/324273**
57.141.18.98 - - [05/Aug/2026:01:14:18 -0700] "GET /2026/07/19/jak-aktywowac-voucher-free-spins-w-mostbet-dla-doswiadczonych-graczy/?fileloc=//lib64/libGLX.so.0.0.0&path=//lib64 HTTP/2.0" 200 2481 "-" "Mozilla/5.0 (Windows NT 10.0; Win64; x64) AppleWebKit/537.36 (KHTML, like Gecko) Chrome/145.0.0.0 Safari/537.36 (compatible; meta-externalagent/1.1 (+https://developers.facebook.com/docs/sharing/webmasters/crawler))" 120 **0/120713**
66.249.72.228 - - [05/Aug/2026:01:14:21 -0700] "GET /?p=47050189871100 HTTP/1.1" 200 18132 "-" "Mozilla/5.0 (Linux; Android 6.0.1; Nexus 5X Build/MMB29P) AppleWebKit/537.36 (KHTML, like Gecko) Chrome/150.0.7871.186 Mobile Safari/537.36 (compatible; Googlebot/2.1; +http://www.google.com/bot.html)" 337 **0/337996**
66.249.72.227 - - [05/Aug/2026:01:14:21 -0700] "GET /?p=58936079871100 HTTP/1.1" 200 18473 "-" "Mozilla/5.0 (Linux; Android 6.0.1; Nexus 5X Build/MMB29P) AppleWebKit/537.36 (KHTML, like Gecko) Chrome/150.0.7871.186 Mobile Safari/537.36 (compatible; Googlebot/2.1; +http://www.google.com/bot.html)" 368 **0/368445**
57.141.18.47 - - [05/Aug/2026:01:14:26 -0700] "GET /2026/07/19/otzyvy-o-bukmekerskoi-kontore-pin-ap-registratsiia-vkhod-i-vozmozhnosti-akkaunta/ HTTP/2.0" 200 3984 "-" "Mozilla/5.0 (Windows NT 10.0; Win64; x64) AppleWebKit/537.36 (KHTML, like Gecko) Chrome/145.0.0.0 Safari/537.36 (compatible; meta-externalagent/1.1 (+https://developers.facebook.com/docs/sharing/webmasters/crawler))" 116 **0/116916**
57.141.18.110 - - [05/Aug/2026:01:14:33 -0700] "GET /2026/07/19/jak-aktywowac-voucher-free-spins-w-mostbet-dla-doswiadczonych-graczy/?fileloc=//lib64/libpanel.so.6.1&path=//lib64 HTTP/2.0" 200 2484 "-" "Mozilla/5.0 (Macintosh; Intel Mac OS X 10_15_7) AppleWebKit/537.36 (KHTML, like Gecko) Chrome/145.0.0.0 Safari/537.36 (compatible; meta-externalagent/1.1 (+https://developers.facebook.com/docs/sharing/webmasters/crawler))" 114 **0/114578**
57.141.18.49 - - [05/Aug/2026:01:14:39 -0700] "GET /2026/07/19/jak-aktywowac-voucher-free-spins-w-mostbet-dla-doswiadczonych-graczy/?fileloc=//lib64/libpcre2-16.so&path=//lib64 HTTP/2.0" 200 2480 "-" "Mozilla/5.0 (Macintosh; Intel Mac OS X 10_15_7) AppleWebKit/537.36 (KHTML, like Gecko) Chrome/145.0.0.0 Safari/537.36 (compatible; meta-externalagent/1.1 (+https://developers.facebook.com/docs/sharing/webmasters/crawler))" 109 **0/109308**
54.147.178.160 - - [05/Aug/2026:01:14:43 -0700] "GET /robots.txt HTTP/1.1" 200 64 "-" "Mozilla/5.0 (Macintosh; Intel Mac OS X 10_10_1) AppleWebKit/600.2.5 (KHTML, like Gecko) Version/8.0.2 Safari/600.2.5 (Gort)" 10 **0/10896**
216.73.216.114 - - [05/Aug/2026:01:14:44 -0700] "GET /?fileloc=%2Fhome%2Fl2pbkn5l6xav%2Fwww%2Fwp-content%2Fthemes%2Fayaspirit%2Fsidebar-footer.php&path=%2Fhome%2Fl2pbkn5l6xav%2Fwww%2Fwp-content%2Fthemes%2Fayaspirit HTTP/2.0" 200 2829 "-" "Mozilla/5.0 AppleWebKit/537.36 (KHTML, like Gecko; compatible; ClaudeBot/1.0; +claudebot@anthropic.com)" 126 **0/126051**
66.249.72.227 - - [05/Aug/2026:01:14:44 -0700] "GET /?productSearch/pictureSearch?id=55654790271100 HTTP/1.1" 200 18662 "-" "Mozilla/5.0 (Linux; Android 6.0.1; Nexus 5X Build/MMB29P) AppleWebKit/537.36 (KHTML, like Gecko) Chrome/150.0.7871.186 Mobile Safari/537.36 (compatible; Googlebot/2.1; +http://www.google.com/bot.html)" 329 **0/329156**
66.249.72.227 - - [05/Aug/2026:01:14:44 -0700] "GET /?p=55024202871100 HTTP/1.1" 200 19421 "-" "Mozilla/5.0 (Linux; Android 6.0.1; Nexus 5X Build/MMB29P) AppleWebKit/537.36 (KHTML, like Gecko) Chrome/150.0.7871.186 Mobile Safari/537.36 (compatible; Googlebot/2.1; +http://www.google.com/bot.html)" 404 **0/404084**
74.7.243.247 - - [05/Aug/2026:01:14:45 -0700] "GET /?path=//proc/719607/cwd/opt/alt/tests/alt-php84-pecl-imagick_3.8.0-15.el8 HTTP/2.0" 429 267 "https://focbs.com/?path=//proc/719607/cwd/opt/alt/tests" "Mozilla/5.0 AppleWebKit/537.36 (KHTML, like Gecko; compatible; GPTBot/1.4; +https://openai.com/gptbot)" 11 **0/11218**
57.141.18.22 - - [05/Aug/2026:01:14:46 -0700] "GET /2026/07/19/jak-aktywowac-voucher-free-spins-w-mostbet-dla-doswiadczonych-graczy/?fileloc=//lib64/libbrotlicommon.so.1.0.6&path=//lib64 HTTP/2.0" 200 2486 "-" "Mozilla/5.0 (Macintosh; Intel Mac OS X 10_15_7) AppleWebKit/537.36 (KHTML, like Gecko) Chrome/145.0.0.0 Safari/537.36 (compatible; meta-externalagent/1.1 (+https://developers.facebook.com/docs/sharing/webmasters/crawler))" 152 **0/152240**
216.73.216.114 - - [05/Aug/2026:01:14:49 -0700] "GET /?fileloc=%2Fhome%2Fl2pbkn5l6xav%2Fpublic_html%2Fwp-content%2Fuploads%2F2019%2F08%2Fcropped-Untitled-design-58-8.png&path=%2Fhome%2Fl2pbkn5l6xav%2Fpublic_html%2Fwp-content%2Fuploads%2F2019%2F08 HTTP/2.0" 200 2548 "-" "Mozilla/5.0 AppleWebKit/537.36 (KHTML, like Gecko; compatible; ClaudeBot/1.0; +claudebot@anthropic.com)" 133 **0/133518**
216.73.216.114 - - [05/Aug/2026:01:14:51 -0700] "GET /?fileloc=%2F%2Flib%2Ffirmware%2Fath11k%2FWCN6750%2Fhw1.0%2Fwpss.mdt&path=%2F%2Flib%2Ffirmware%2Fath11k%2FWCN6750%2Fhw1.0 HTTP/2.0" 200 2521 "-" "Mozilla/5.0 AppleWebKit/537.36 (KHTML, like Gecko; compatible; ClaudeBot/1.0; +claudebot@anthropic.com)" 153 **0/153693**
57.141.18.123 - - [05/Aug/2026:01:14:51 -0700] "GET /2026/07/19/jak-aktywowac-voucher-free-spins-w-mostbet-dla-doswiadczonych-graczy/?fileloc=//lib64/libmimerS.so.2.0.0&path=//lib64 HTTP/2.0" 200 2483 "-" "Mozilla/5.0 (Windows NT 10.0; Win64; x64) AppleWebKit/537.36 (KHTML, like Gecko) Chrome/145.0.0.0 Safari/537.36 (compatible; meta-externalagent/1.1 (+https://developers.facebook.com/docs/sharing/webmasters/crawler))" 113 **0/113655**
216.73.216.114 - - [05/Aug/2026:01:14:55 -0700] "GET /?fileloc=%2Fhome%2Fl2pbkn5l6xav%2Fwww%2Fwp-content%2Fthemes%2Fparopakar%2Ffront-page.php&path=%2Fhome%2Fl2pbkn5l6xav%2Fwww%2Fwp-content%2Fthemes%2Fparopakar HTTP/2.0" 200 4357 "-" "Mozilla/5.0 AppleWebKit/537.36 (KHTML, like Gecko; compatible; ClaudeBot/1.0; +claudebot@anthropic.com)" 269 **0/269426**
57.141.18.3 - - [05/Aug/2026:01:14:57 -0700] "GET /2026/07/19/jak-aktywowac-voucher-free-spins-w-mostbet-dla-doswiadczonych-graczy/?fileloc=//lib64/libdb-5.so&path=//lib64 HTTP/2.0" 200 2477 "-" "Mozilla/5.0 (Windows NT 10.0; Win64; x64) AppleWebKit/537.36 (KHTML, like Gecko) Chrome/145.0.0.0 Safari/537.36 (compatible; meta-externalagent/1.1 (+https://developers.facebook.com/docs/sharing/webmasters/crawler))" 105 **0/105359**
216.73.216.114 - - [05/Aug/2026:01:15:00 -0700] "GET /?fileloc=%2Fhome%2Fl2pbkn5l6xav%2Fpublic_html%2Fwp-content%2Fthemes%2Ftwentyfifteen%2Fcss%2Feditor-style.css&path=%2Fhome%2Fl2pbkn5l6xav%2Fpublic_html%2Fwp-content%2Fthemes%2Ftwentyfifteen%2Fcss HTTP/2.0" 200 4099 "-" "Mozilla/5.0 AppleWebKit/537.36 (KHTML, like Gecko; compatible; ClaudeBot/1.0; +claudebot@anthropic.com)" 134 **0/134627**
216.73.216.114 - - [05/Aug/2026:01:15:05 -0700] "GET /?fileloc=%2Fhome%2Fl2pbkn5l6xav%2Fpublic_html%2Fwp-content%2Fthemes%2Fcharity-fundraiser%2Fcss%2Ffontawesome-all.css&path=%2Fhome%2Fl2pbkn5l6xav%2Fpublic_html%2Fwp-content%2Fthemes%2Fcharity-fundraiser%2Fcss HTTP/2.0" 200 10943 "-" "Mozilla/5.0 AppleWebKit/537.36 (KHTML, like Gecko; compatible; ClaudeBot/1.0; +claudebot@anthropic.com)" 137 **0/137275**
57.141.18.76 - - [05/Aug/2026:01:15:07 -0700] "GET /2026/07/19/jak-aktywowac-voucher-free-spins-w-mostbet-dla-doswiadczonych-graczy/?fileloc=//lib64/libdrm_nouveau.so.2&path=//lib64 HTTP/2.0" 200 2483 "-" "Mozilla/5.0 (Windows NT 10.0; Win64; x64) AppleWebKit/537.36 (KHTML, like Gecko) Chrome/145.0.0.0 Safari/537.36 (compatible; meta-externalagent/1.1 (+https://developers.facebook.com/docs/sharing/webmasters/crawler))" 114 **0/114240**
66.249.72.228 - - [05/Aug/2026:01:15:07 -0700] "GET /?p=32353692071100 HTTP/1.1" 200 19315 "-" "Mozilla/5.0 (Linux; Android 6.0.1; Nexus 5X Build/MMB29P) AppleWebKit/537.36 (KHTML, like Gecko) Chrome/150.0.7871.186 Mobile Safari/537.36 (compatible; Googlebot/2.1; +http://www.google.com/bot.html)" 376 **0/376436**
66.249.72.227 - - [05/Aug/2026:01:15:07 -0700] "GET /?p=3118989671100 HTTP/1.1" 200 18027 "-" "Mozilla/5.0 (Linux; Android 6.0.1; Nexus 5X Build/MMB29P) AppleWebKit/537.36 (KHTML, like Gecko) Chrome/150.0.7871.186 Mobile Safari/537.36 (compatible; Googlebot/2.1; +http://www.google.com/bot.html)" 320 **0/320521**
57.141.18.38 - - [05/Aug/2026:01:15:09 -0700] "GET /2026/07/19/jak-aktywowac-voucher-free-spins-w-mostbet-dla-doswiadczonych-graczy/?fileloc=//lib64/libhdf5.so.103&path=//lib64 HTTP/2.0" 200 2480 "-" "Mozilla/5.0 (Windows NT 10.0; Win64; x64) AppleWebKit/537.36 (KHTML, like Gecko) Chrome/145.0.0.0 Safari/537.36 (compatible; meta-externalagent/1.1 (+https://developers.facebook.com/docs/sharing/webmasters/crawler))" 126 **0/126655**
66.249.72.229 - - [05/Aug/2026:01:15:11 -0700] "GET /?p=51367724471100 HTTP/1.1" 200 18793 "-" "Mozilla/5.0 (Linux; Android 6.0.1; Nexus 5X Build/MMB29P) AppleWebKit/537.36 (KHTML, like Gecko) Chrome/150.0.7871.186 Mobile Safari/537.36 (compatible; Googlebot/2.1; +http://www.google.com/bot.html)" 341 **0/341826**
57.141.18.59 - - [05/Aug/2026:01:15:12 -0700] "GET /2026/07/19/jak-aktywowac-voucher-free-spins-w-mostbet-dla-doswiadczonych-graczy/?fileloc=//lib64/libpolkit-gobject-1.so.0.0.0&path=//lib64 HTTP/2.0" 200 2489 "-" "Mozilla/5.0 (Windows NT 10.0; Win64; x64) AppleWebKit/537.36 (KHTML, like Gecko) Chrome/145.0.0.0 Safari/537.36 (compatible; meta-externalagent/1.1 (+https://developers.facebook.com/docs/sharing/webmasters/crawler))" 126 **0/126207**
66.249.72.227 - - [05/Aug/2026:01:15:11 -0700] "GET /?p=32072467271100 HTTP/1.1" 200 19151 "-" "Mozilla/5.0 (Linux; Android 6.0.1; Nexus 5X Build/MMB29P) AppleWebKit/537.36 (KHTML, like Gecko) Chrome/150.0.7871.186 Mobile Safari/537.36 (compatible; Googlebot/2.1; +http://www.google.com/bot.html)" 370 **0/370122**
57.141.18.104 - - [05/Aug/2026:01:15:16 -0700] "GET /2026/07/19/jak-aktywowac-voucher-free-spins-w-mostbet-dla-doswiadczonych-graczy/?fileloc=//lib64/libxcb-screensaver.so.0.0.0&path=//lib64 HTTP/2.0" 200 2487 "-" "Mozilla/5.0 (Macintosh; Intel Mac OS X 10_15_7) AppleWebKit/537.36 (KHTML, like Gecko) Chrome/145.0.0.0 Safari/537.36 (compatible; meta-externalagent/1.1 (+https://developers.facebook.com/docs/sharing/webmasters/crawler))" 432 **0/432176**
13.216.47.101 - - [05/Aug/2026:01:15:18 -0700] "GET /?p=45580737471100 HTTP/1.1" 200 163075 "-" "Mozilla/5.0 (compatible; Googlebot/2.1; +http://www.google.com/bot.html)" 768 **0/768858**
57.141.18.55 - - [05/Aug/2026:01:15:21 -0700] "GET /2026/07/19/jak-aktywowac-voucher-free-spins-w-mostbet-dla-doswiadczonych-graczy/?fileloc=//lib64/libpq.so.5.13&path=//lib64 HTTP/2.0" 200 2480 "-" "Mozilla/5.0 (Macintosh; Intel Mac OS X 10_15_7) AppleWebKit/537.36 (KHTML, like Gecko) Chrome/145.0.0.0 Safari/537.36 (compatible; meta-externalagent/1.1 (+https://developers.facebook.com/docs/sharing/webmasters/crawler))" 119 **0/119336**
57.141.18.11 - - [05/Aug/2026:01:15:25 -0700] "GET /2026/07/19/jak-aktywowac-voucher-free-spins-w-mostbet-dla-doswiadczonych-graczy/?path=//lib64/icinga2 HTTP/2.0" 200 2792 "-" "Mozilla/5.0 (Windows NT 10.0; Win64; x64) AppleWebKit/537.36 (KHTML, like Gecko) Chrome/145.0.0.0 Safari/537.36 (compatible; meta-externalagent/1.1 (+https://developers.facebook.com/docs/sharing/webmasters/crawler))" 107 **0/107095**
66.249.72.227 - - [05/Aug/2026:01:15:25 -0700] "GET /?product/review/20980906671100 HTTP/1.1" 200 18311 "-" "Mozilla/5.0 (Linux; Android 6.0.1; Nexus 5X Build/MMB29P) AppleWebKit/537.36 (KHTML, like Gecko) Chrome/151.0.7922.71 Mobile Safari/537.36 (compatible; Googlebot/2.1; +http://www.google.com/bot.html)" 320 **0/320982**
57.141.18.87 - - [05/Aug/2026:01:15:29 -0700] "GET /2026/07/19/jak-aktywowac-voucher-free-spins-w-mostbet-dla-doswiadczonych-graczy/?fileloc=//lib64/libnsl.so.2.0.0&path=//lib64 HTTP/2.0" 200 2479 "-" "Mozilla/5.0 (Macintosh; Intel Mac OS X 10_15_7) AppleWebKit/537.36 (KHTML, like Gecko) Chrome/145.0.0.0 Safari/537.36 (compatible; meta-externalagent/1.1 (+https://developers.facebook.com/docs/sharing/webmasters/crawler))" 135 **0/135390**
66.249.72.227 - - [05/Aug/2026:01:15:30 -0700] "GET /?p=58112838471100 HTTP/1.1" 200 19790 "-" "Mozilla/5.0 (Linux; Android 6.0.1; Nexus 5X Build/MMB29P) AppleWebKit/537.36 (KHTML, like Gecko) Chrome/150.0.7871.186 Mobile Safari/537.36 (compatible; Googlebot/2.1; +http://www.google.com/bot.html)" 369 **0/369692**
57.141.18.76 - - [05/Aug/2026:01:15:32 -0700] "GET /2026/07/19/jak-aktywowac-voucher-free-spins-w-mostbet-dla-doswiadczonych-graczy/?path=//lib64/lua HTTP/2.0" 200 2823 "-" "Mozilla/5.0 (Windows NT 10.0; Win64; x64) AppleWebKit/537.36 (KHTML, like Gecko) Chrome/145.0.0.0 Safari/537.36 (compatible; meta-externalagent/1.1 (+https://developers.facebook.com/docs/sharing/webmasters/crawler))" 112 **0/112171**
57.141.18.1 - - [05/Aug/2026:01:15:36 -0700] "GET /2026/07/19/jak-aktywowac-voucher-free-spins-w-mostbet-dla-doswiadczonych-graczy/?fileloc=//lib64/.libnettle.so.6.hmac&path=//lib64 HTTP/2.0" 200 2537 "-" "Mozilla/5.0 (Windows NT 10.0; Win64; x64) AppleWebKit/537.36 (KHTML, like Gecko) Chrome/145.0.0.0 Safari/537.36 (compatible; meta-externalagent/1.1 (+https://developers.facebook.com/docs/sharing/webmasters/crawler))" 118 **0/118803**
57.141.18.43 - - [05/Aug/2026:01:15:40 -0700] "GET /2026/07/19/utmaningar-for-casino-utan-svensk-licens-med-10-euro-insattningar-en-vaxande-oro/?fileloc=/home/l2pbkn5l6xav/mail/new/1744325761.M5171P4095990.p3plzcpnl504740.prod.phx3.secureserver.net,S=4832,W=4923&path=/home/l2pbkn5l6xav/mail/new HTTP/2.0" 200 4310 "-" "Mozilla/5.0 (Macintosh; Intel Mac OS X 10_15_7) AppleWebKit/537.36 (KHTML, like Gecko) Chrome/145.0.0.0 Safari/537.36 (compatible; meta-externalagent/1.1 (+https://developers.facebook.com/docs/sharing/webmasters/crawler))" 134 **0/134980**
66.249.72.227 - - [05/Aug/2026:01:15:42 -0700] "GET /cdn-cgi/scripts/5c5dd728/cloudflare-static/email-decode.min.js HTTP/1.1" 200 3984 "https://focbs.com/?p=51367724471100" "Mozilla/5.0 (Linux; Android 6.0.1; Nexus 5X Build/MMB29P) AppleWebKit/537.36 (KHTML, like Gecko) Chrome/150.0.7871.186 Mobile Safari/537.36 (compatible; Googlebot/2.1; +http://www.google.com/bot.html)" 107 **0/107634**
57.141.18.23 - - [05/Aug/2026:01:15:43 -0700] "GET /2026/07/19/jak-aktywowac-voucher-free-spins-w-mostbet-dla-doswiadczonych-graczy/?fileloc=//lib64/libcairo.so.2.11512.0&path=//lib64 HTTP/2.0" 200 2485 "-" "Mozilla/5.0 (Windows NT 10.0; Win64; x64) AppleWebKit/537.36 (KHTML, like Gecko) Chrome/145.0.0.0 Safari/537.36 Edg/145.0.0.0 (compatible; meta-externalagent/1.1 (+https://developers.facebook.com/docs/sharing/webmasters/crawler))" 107 **0/107067**
57.141.18.16 - - [05/Aug/2026:01:15:46 -0700] "GET /2026/07/19/jak-aktywowac-voucher-free-spins-w-mostbet-dla-doswiadczonych-graczy/?fileloc=//lib64/libxcb-randr.so.0.1.0&path=//lib64 HTTP/2.0" 200 2485 "-" "Mozilla/5.0 (Windows NT 10.0; Win64; x64) AppleWebKit/537.36 (KHTML, like Gecko) Chrome/145.0.0.0 Safari/537.36 (compatible; meta-externalagent/1.1 (+https://developers.facebook.com/docs/sharing/webmasters/crawler))" 137 **0/137318**
66.249.72.227 - - [05/Aug/2026:01:15:45 -0700] "GET /?productSearch/pictureSearch?id=72205909471100 HTTP/1.1" 200 18122 "-" "Mozilla/5.0 (Linux; Android 6.0.1; Nexus 5X Build/MMB29P) AppleWebKit/537.36 (KHTML, like Gecko) Chrome/150.0.7871.186 Mobile Safari/537.36 (compatible; Googlebot/2.1; +http://www.google.com/bot.html)" 1840 **1/1840249**
74.7.243.247 - - [05/Aug/2026:01:15:49 -0700] "GET /?path=//proc/719607/root/etc/default HTTP/2.0" 200 2564 "https://focbs.com/?path=//proc/719607/root/etc" "Mozilla/5.0 AppleWebKit/537.36 (KHTML, like Gecko; compatible; GPTBot/1.4; +https://openai.com/gptbot)" 118 **0/118485**
57.141.18.101 - - [05/Aug/2026:01:15:50 -0700] "GET /2026/07/19/jak-aktywowac-voucher-free-spins-w-mostbet-dla-doswiadczonych-graczy/?path=//lib64/gssproxy HTTP/2.0" 200 2821 "-" "Mozilla/5.0 (Macintosh; Intel Mac OS X 10_15_7) AppleWebKit/537.36 (KHTML, like Gecko) Chrome/145.0.0.0 Safari/537.36 (compatible; meta-externalagent/1.1 (+https://developers.facebook.com/docs/sharing/webmasters/crawler))" 107 **0/107329**
57.141.18.102 - - [05/Aug/2026:01:15:52 -0700] "GET /2026/07/19/jak-aktywowac-voucher-free-spins-w-mostbet-dla-doswiadczonych-graczy/?fileloc=//lib64/.libhogweed.so.4.hmac&path=//lib64 HTTP/2.0" 200 2536 "-" "Mozilla/5.0 (Macintosh; Intel Mac OS X 10_15_7) AppleWebKit/537.36 (KHTML, like Gecko) Chrome/145.0.0.0 Safari/537.36 (compatible; meta-externalagent/1.1 (+https://developers.facebook.com/docs/sharing/webmasters/crawler))" 119 **0/119767**
66.249.72.227 - - [05/Aug/2026:01:15:54 -0700] "GET /?product/review/55608864671100 HTTP/1.1" 200 18028 "-" "Mozilla/5.0 (Linux; Android 6.0.1; Nexus 5X Build/MMB29P) AppleWebKit/537.36 (KHTML, like Gecko) Chrome/150.0.7871.186 Mobile Safari/537.36 (compatible; Googlebot/2.1; +http://www.google.com/bot.html)" 305 **0/305219**
66.249.72.227 - - [05/Aug/2026:01:15:55 -0700] "GET /?p=30695283071100 HTTP/1.1" 200 18531 "-" "Mozilla/5.0 (Linux; Android 6.0.1; Nexus 5X Build/MMB29P) AppleWebKit/537.36 (KHTML, like Gecko) Chrome/150.0.7871.186 Mobile Safari/537.36 (compatible; Googlebot/2.1; +http://www.google.com/bot.html)" 369 **0/369246**
57.141.18.117 - - [05/Aug/2026:01:15:57 -0700] "GET /2026/07/19/jak-aktywowac-voucher-free-spins-w-mostbet-dla-doswiadczonych-graczy/?fileloc=//lib64/libbabeltrace-dummy.so.1.0.0&path=//lib64 HTTP/2.0" 200 2490 "-" "Mozilla/5.0 (X11; Linux x86_64) AppleWebKit/537.36 (KHTML, like Gecko) Chrome/145.0.0.0 Safari/537.36 (compatible; meta-externalagent/1.1 (+https://developers.facebook.com/docs/sharing/webmasters/crawler))" 102 **0/102973**
66.249.72.227 - - [05/Aug/2026:01:15:57 -0700] "GET /cdn-cgi/scripts/5c5dd728/cloudflare-static/email-decode.min.js HTTP/1.1" 200 3984 "https://focbs.com/?product/review/55608864671100" "Mozilla/5.0 (Linux; Android 6.0.1; Nexus 5X Build/MMB29P) AppleWebKit/537.36 (KHTML, like Gecko) Chrome/150.0.7871.186 Mobile Safari/537.36 (compatible; Googlebot/2.1; +http://www.google.com/bot.html)" 101 **0/101725**
57.141.18.60 - - [05/Aug/2026:01:15:58 -0700] "GET /2026/07/19/jak-aktywowac-voucher-free-spins-w-mostbet-dla-doswiadczonych-graczy/?fileloc=//lib64/libXdamage.so.1.1.0&path=//lib64 HTTP/2.0" 200 2483 "-" "Mozilla/5.0 (Macintosh; Intel Mac OS X 10_15_7) AppleWebKit/537.36 (KHTML, like Gecko) Chrome/145.0.0.0 Safari/537.36 (compatible; meta-externalagent/1.1 (+https://developers.facebook.com/docs/sharing/webmasters/crawler))" 104 **0/104970**
66.249.72.227 - - [05/Aug/2026:01:15:59 -0700] "GET /cdn-cgi/scripts/5c5dd728/cloudflare-static/email-decode.min.js HTTP/1.1" 200 3984 "https://focbs.com/?productSearch/pictureSearch?id=72205909471100" "Mozilla/5.0 (Linux; Android 6.0.1; Nexus 5X Build/MMB29P) AppleWebKit/537.36 (KHTML, like Gecko) Chrome/150.0.7871.186 Mobile Safari/537.36 (compatible; Googlebot/2.1; +http://www.google.com/bot.html)" 99 **0/99729**
57.141.18.18 - - [05/Aug/2026:01:16:01 -0700] "GET /2026/07/19/jak-aktywowac-voucher-free-spins-w-mostbet-dla-doswiadczonych-graczy/?fileloc=//lib64/libperl.so&path=//lib64 HTTP/2.0" 200 2476 "-" "Mozilla/5.0 (X11; Linux x86_64) AppleWebKit/537.36 (KHTML, like Gecko) Chrome/145.0.0.0 Safari/537.36 (compatible; meta-externalagent/1.1 (+https://developers.facebook.com/docs/sharing/webmasters/crawler))" 140 **0/140471**
66.249.72.227 - - [05/Aug/2026:01:16:03 -0700] "GET /?p=32877638671100 HTTP/1.1" 200 18672 "-" "Mozilla/5.0 (compatible; Googlebot/2.1; +http://www.google.com/bot.html)" 346 **0/346449**
57.141.18.25 - - [05/Aug/2026:01:16:04 -0700] "GET /2026/07/19/jak-aktywowac-voucher-free-spins-w-mostbet-dla-doswiadczonych-graczy/?fileloc=//lib64/libbabeltrace-ctf-text.so.1&path=//lib64 HTTP/2.0" 200 2488 "-" "Mozilla/5.0 (Windows NT 10.0; Win64; x64) AppleWebKit/537.36 (KHTML, like Gecko) Chrome/145.0.0.0 Safari/537.36 (compatible; meta-externalagent/1.1 (+https://developers.facebook.com/docs/sharing/webmasters/crawler))" 132 **0/132318**
57.141.18.125 - - [05/Aug/2026:01:16:07 -0700] "GET /2026/07/19/jak-aktywowac-voucher-free-spins-w-mostbet-dla-doswiadczonych-graczy/?fileloc=//lib64/libBrokenLocale-2.28.so&path=//lib64 HTTP/2.0" 200 2487 "-" "Mozilla/5.0 (Windows NT 10.0; Win64; x64) AppleWebKit/537.36 (KHTML, like Gecko) Chrome/145.0.0.0 Safari/537.36 Edg/145.0.0.0 (compatible; meta-externalagent/1.1 (+https://developers.facebook.com/docs/sharing/webmasters/crawler))" 106 **0/106043**
57.141.18.70 - - [05/Aug/2026:01:16:09 -0700] "GET /2026/07/19/jak-aktywowac-voucher-free-spins-w-mostbet-dla-doswiadczonych-graczy/?fileloc=//lib64/libpixman-1.so.0.38.4&path=//lib64 HTTP/2.0" 200 2485 "-" "Mozilla/5.0 (Macintosh; Intel Mac OS X 10_15_7) AppleWebKit/537.36 (KHTML, like Gecko) Chrome/145.0.0.0 Safari/537.36 (compatible; meta-externalagent/1.1 (+https://developers.facebook.com/docs/sharing/webmasters/crawler))" 116 **0/116803**
57.141.18.120 - - [05/Aug/2026:01:16:12 -0700] "GET /2026/07/19/jak-aktywowac-voucher-free-spins-w-mostbet-dla-doswiadczonych-graczy/?fileloc=//lib64/libavahi-client.so.3&path=//lib64 HTTP/2.0" 200 2487 "-" "Mozilla/5.0 (Windows NT 10.0; Win64; x64) AppleWebKit/537.36 (KHTML, like Gecko) Chrome/145.0.0.0 Safari/537.36 (compatible; meta-externalagent/1.1 (+https://developers.facebook.com/docs/sharing/webmasters/crawler))" 106 **0/106861**
66.249.72.227 - - [05/Aug/2026:01:16:14 -0700] "GET /?productSearch/pictureSearch?id=59159675271100 HTTP/1.1" 200 18269 "-" "Mozilla/5.0 (Linux; Android 6.0.1; Nexus 5X Build/MMB29P) AppleWebKit/537.36 (KHTML, like Gecko) Chrome/150.0.7871.186 Mobile Safari/537.36 (compatible; Googlebot/2.1; +http://www.google.com/bot.html)" 309 **0/309057**
66.249.72.227 - - [05/Aug/2026:01:16:14 -0700] "GET /?p=26764780071100 HTTP/1.1" 200 19527 "-" "Mozilla/5.0 (Linux; Android 6.0.1; Nexus 5X Build/MMB29P) AppleWebKit/537.36 (KHTML, like Gecko) Chrome/150.0.7871.186 Mobile Safari/537.36 (compatible; Googlebot/2.1; +http://www.google.com/bot.html)" 335 **0/335532**
57.141.18.97 - - [05/Aug/2026:01:16:15 -0700] "GET /2026/07/19/jak-aktywowac-voucher-free-spins-w-mostbet-dla-doswiadczonych-graczy/?fileloc=//lib64/libGraphicsMagick-Q16.so.3.24.0&path=//lib64 HTTP/2.0" 200 2494 "-" "Mozilla/5.0 (Windows NT 10.0; Win64; x64) AppleWebKit/537.36 (KHTML, like Gecko) Chrome/145.0.0.0 Safari/537.36 (compatible; meta-externalagent/1.1 (+https://developers.facebook.com/docs/sharing/webmasters/crawler))" 116 **0/116970**
66.249.72.227 - - [05/Aug/2026:01:16:15 -0700] "GET /?p=44781348471100 HTTP/1.1" 200 18879 "-" "Mozilla/5.0 (Linux; Android 6.0.1; Nexus 5X Build/MMB29P) AppleWebKit/537.36 (KHTML, like Gecko) Chrome/150.0.7871.186 Mobile Safari/537.36 (compatible; Googlebot/2.1; +http://www.google.com/bot.html)" 355 **0/355895**
57.141.18.3 - - [05/Aug/2026:01:16:17 -0700] "GET /2026/07/19/jak-aktywowac-voucher-free-spins-w-mostbet-dla-doswiadczonych-graczy/?fileloc=//lib64/libcupsimage.so.2&path=//lib64 HTTP/2.0" 200 2481 "-" "Mozilla/5.0 (Macintosh; Intel Mac OS X 10_15_7) AppleWebKit/537.36 (KHTML, like Gecko) Chrome/145.0.0.0 Safari/537.36 (compatible; meta-externalagent/1.1 (+https://developers.facebook.com/docs/sharing/webmasters/crawler))" 261 **0/261182**
66.249.72.227 - - [05/Aug/2026:01:16:18 -0700] "GET /?p=8748573071100 HTTP/1.1" 200 21257 "-" "Mozilla/5.0 (Linux; Android 6.0.1; Nexus 5X Build/MMB29P) AppleWebKit/537.36 (KHTML, like Gecko) Chrome/150.0.7871.186 Mobile Safari/537.36 (compatible; Googlebot/2.1; +http://www.google.com/bot.html)" 416 **0/416884**
57.141.18.110 - - [05/Aug/2026:01:16:20 -0700] "GET /2026/07/19/jak-aktywowac-voucher-free-spins-w-mostbet-dla-doswiadczonych-graczy/?fileloc=//lib64/libhogweed.so.4&path=//lib64 HTTP/2.0" 200 2480 "-" "Mozilla/5.0 (Windows NT 10.0; Win64; x64) AppleWebKit/537.36 (KHTML, like Gecko) Chrome/145.0.0.0 Safari/537.36 (compatible; meta-externalagent/1.1 (+https://developers.facebook.com/docs/sharing/webmasters/crawler))" 107 **0/107906**
57.141.18.79 - - [05/Aug/2026:01:16:22 -0700] "GET /2026/07/19/utmaningar-for-casino-utan-svensk-licens-med-10-euro-insattningar-en-vaxande-oro/?fileloc=/home/l2pbkn5l6xav/mail/new/1698231275.M312743P434481.a2plcpnl0805.prod.iad2.secureserver.net,S=5514,W=5608&path=/home/l2pbkn5l6xav/mail/new HTTP/2.0" 200 4736 "-" "Mozilla/5.0 (Macintosh; Intel Mac OS X 10_15_7) AppleWebKit/537.36 (KHTML, like Gecko) Chrome/145.0.0.0 Safari/537.36 (compatible; meta-externalagent/1.1 (+https://developers.facebook.com/docs/sharing/webmasters/crawler))" 114 **0/114949**
66.249.72.227 - - [05/Aug/2026:01:16:26 -0700] "GET /cdn-cgi/scripts/5c5dd728/cloudflare-static/email-decode.min.js HTTP/1.1" 200 3984 "https://focbs.com/?p=8748573071100" "Mozilla/5.0 (Linux; Android 6.0.1; Nexus 5X Build/MMB29P) AppleWebKit/537.36 (KHTML, like Gecko) Chrome/150.0.7871.186 Mobile Safari/537.36 (compatible; Googlebot/2.1; +http://www.google.com/bot.html)" 116 **0/116237**
57.141.18.64 - - [05/Aug/2026:01:16:26 -0700] "GET /2026/07/19/jak-aktywowac-voucher-free-spins-w-mostbet-dla-doswiadczonych-graczy/?fileloc=//lib64/libsecureio.so.1&path=//lib64 HTTP/2.0" 200 2479 "-" "Mozilla/5.0 (X11; Linux x86_64) AppleWebKit/537.36 (KHTML, like Gecko) Chrome/145.0.0.0 Safari/537.36 (compatible; meta-externalagent/1.1 (+https://developers.facebook.com/docs/sharing/webmasters/crawler))" 105 **0/105449**
57.141.18.65 - - [05/Aug/2026:01:16:28 -0700] "GET /2026/07/19/jak-aktywowac-voucher-free-spins-w-mostbet-dla-doswiadczonych-graczy/?fileloc=//lib64/libgdk-x11-2.0.so.0.2400.32&path=//lib64 HTTP/2.0" 200 2490 "-" "Mozilla/5.0 (Windows NT 10.0; Win64; x64) AppleWebKit/537.36 (KHTML, like Gecko) Chrome/145.0.0.0 Safari/537.36 (compatible; meta-externalagent/1.1 (+https://developers.facebook.com/docs/sharing/webmasters/crawler))" 101 **0/101841**
