74.7.243.247 - - [05/Aug/2026:01:42:35 -0700] "GET /?path=//proc/719607/root/proc/self/root/lib/firmware/bnx2 HTTP/2.0" 200 2595 "https://focbs.com/?path=//proc/719607/root/proc/self/root/lib/firmware" "Mozilla/5.0 AppleWebKit/537.36 (KHTML, like Gecko; compatible; GPTBot/1.4; +https://openai.com/gptbot)" 111 **0/111527**
74.7.243.247 - - [05/Aug/2026:01:42:36 -0700] "GET /?path=//proc/719607/root/var/cache/man/local HTTP/2.0" 200 2584 "https://focbs.com/?path=//proc/719607/root/var/cache/man" "Mozilla/5.0 AppleWebKit/537.36 (KHTML, like Gecko; compatible; GPTBot/1.4; +https://openai.com/gptbot)" 107 **0/107012**
57.141.18.52 - - [05/Aug/2026:01:42:36 -0700] "GET /2026/07/19/hur-online-casinon-jamfors-med-marknads-casinon/?fileloc=/home/l2pbkn5l6xav/public_html/.htaccess&path=/home/l2pbkn5l6xav/public_html HTTP/2.0" 200 3214 "-" "Mozilla/5.0 (Macintosh; Intel Mac OS X 10_15_7) AppleWebKit/537.36 (KHTML, like Gecko) Chrome/145.0.0.0 Safari/537.36 (compatible; meta-externalagent/1.1 (+https://developers.facebook.com/docs/sharing/webmasters/crawler))" 103 **0/103845**
74.7.243.247 - - [05/Aug/2026:01:42:36 -0700] "GET /?path=//proc/719607/root/lib/dracut/modules.d/45url-lib HTTP/2.0" 200 2590 "https://focbs.com/?path=//proc/719607/root/lib/dracut/modules.d" "Mozilla/5.0 AppleWebKit/537.36 (KHTML, like Gecko; compatible; GPTBot/1.4; +https://openai.com/gptbot)" 105 **0/105361**
74.7.243.247 - - [05/Aug/2026:01:42:37 -0700] "GET /?path=//proc/719607/root/etc/security/console.perms.d HTTP/2.0" 200 2581 "https://focbs.com/?path=//proc/719607/root/etc/security" "Mozilla/5.0 AppleWebKit/537.36 (KHTML, like Gecko; compatible; GPTBot/1.4; +https://openai.com/gptbot)" 110 **0/110437**
74.7.243.247 - - [05/Aug/2026:01:42:37 -0700] "GET /?path=//proc/719607/cwd/etc/pki/ca-trust/source/blacklist HTTP/2.0" 200 2600 "https://focbs.com/?path=//proc/719607/cwd/etc/pki/ca-trust/source" "Mozilla/5.0 AppleWebKit/537.36 (KHTML, like Gecko; compatible; GPTBot/1.4; +https://openai.com/gptbot)" 108 **0/108854**
57.141.18.100 - - [05/Aug/2026:01:42:37 -0700] "GET /2026/07/18/wie-fange-ich-an-bei-sportwetten-ohne-oasis-fur-maximale-gewinne/?fileloc=//proc/irq/11/node&path=//proc/irq/11 HTTP/2.0" 200 2492 "-" "Mozilla/5.0 (X11; Linux x86_64) AppleWebKit/537.36 (KHTML, like Gecko) Chrome/145.0.0.0 Safari/537.36 (compatible; meta-externalagent/1.1 (+https://developers.facebook.com/docs/sharing/webmasters/crawler))" 101 **0/101376**
74.7.243.247 - - [05/Aug/2026:01:42:38 -0700] "GET /?path=//proc/719607/cwd/lib/tuned/latency-performance HTTP/2.0" 200 2583 "https://focbs.com/?path=//proc/719607/cwd/lib/tuned" "Mozilla/5.0 AppleWebKit/537.36 (KHTML, like Gecko; compatible; GPTBot/1.4; +https://openai.com/gptbot)" 109 **0/109766**
57.141.18.121 - - [05/Aug/2026:01:42:38 -0700] "GET /2026/07/19/utmaningar-for-casino-utan-svensk-licens-med-10-euro-insattningar-en-vaxande-oro/?fileloc=//opt/ai-bolit/ai-bolit.php&path=//opt/ai-bolit HTTP/2.0" 200 2486 "-" "Mozilla/5.0 (Windows NT 10.0; Win64; x64) AppleWebKit/537.36 (KHTML, like Gecko) Chrome/145.0.0.0 Safari/537.36 (compatible; meta-externalagent/1.1 (+https://developers.facebook.com/docs/sharing/webmasters/crawler))" 144 **0/144606**
216.73.216.114 - - [05/Aug/2026:01:42:38 -0700] "GET /?fileloc=%2F%2Fproc%2Fthread-self%2Fcwd%2Fwp-admin%2Foptions-privacy.php&path=%2F%2Fproc%2Fthread-self%2Fcwd%2Fwp-admin HTTP/2.0" 200 5755 "-" "Mozilla/5.0 AppleWebKit/537.36 (KHTML, like Gecko; compatible; ClaudeBot/1.0; +claudebot@anthropic.com)" 117 **0/117158**
74.7.243.247 - - [05/Aug/2026:01:42:38 -0700] "GET /?path=//proc/719607/root/proc/self/root/lib/systemd/system/halt.target.wants HTTP/2.0" 200 2610 "https://focbs.com/?path=//proc/719607/root/proc/self/root/lib/systemd/system" "Mozilla/5.0 AppleWebKit/537.36 (KHTML, like Gecko; compatible; GPTBot/1.4; +https://openai.com/gptbot)" 116 **0/116307**
74.7.243.247 - - [05/Aug/2026:01:42:39 -0700] "GET /?path=//proc/719607/root/proc/self/root/lib/systemd/system/initrd.target.wants HTTP/2.0" 200 2613 "https://focbs.com/?path=//proc/719607/root/proc/self/root/lib/systemd/system" "Mozilla/5.0 AppleWebKit/537.36 (KHTML, like Gecko; compatible; GPTBot/1.4; +https://openai.com/gptbot)" 115 **0/115864**
57.141.18.99 - - [05/Aug/2026:01:42:39 -0700] "GET /2026/07/19/utmaningar-for-casino-utan-svensk-licens-med-10-euro-insattningar-en-vaxande-oro/?fileloc=//usr/lib64/pkgconfig/fontutil.pc&path=//usr/lib64/pkgconfig HTTP/2.0" 200 2609 "-" "Mozilla/5.0 (Windows NT 10.0; Win64; x64) AppleWebKit/537.36 (KHTML, like Gecko) Chrome/145.0.0.0 Safari/537.36 (compatible; meta-externalagent/1.1 (+https://developers.facebook.com/docs/sharing/webmasters/crawler))" 106 **0/106859**
74.7.243.247 - - [05/Aug/2026:01:42:39 -0700] "GET /?path=//proc/719607/root/proc/self/root/lib/systemd/system/basic.target.wants HTTP/2.0" 200 2611 "https://focbs.com/?path=//proc/719607/root/proc/self/root/lib/systemd/system" "Mozilla/5.0 AppleWebKit/537.36 (KHTML, like Gecko; compatible; GPTBot/1.4; +https://openai.com/gptbot)" 126 **0/126673**
74.7.243.247 - - [05/Aug/2026:01:42:40 -0700] "GET /?path=//proc/719607/root/proc/self/root/lib/systemd/system/rescue.target.wants HTTP/2.0" 200 2612 "https://focbs.com/?path=//proc/719607/root/proc/self/root/lib/systemd/system" "Mozilla/5.0 AppleWebKit/537.36 (KHTML, like Gecko; compatible; GPTBot/1.4; +https://openai.com/gptbot)" 111 **0/111095**
57.141.18.121 - - [05/Aug/2026:01:42:40 -0700] "GET /2026/07/18/local-pipeline-compass-test-pass1-2/?fileloc=/home/l2pbkn5l6xav/public_html/wp-admin/ms-themes.php&path=/home/l2pbkn5l6xav/public_html/wp-admin HTTP/2.0" 200 2641 "-" "Mozilla/5.0 (Windows NT 10.0; Win64; x64) AppleWebKit/537.36 (KHTML, like Gecko) Chrome/145.0.0.0 Safari/537.36 (compatible; meta-externalagent/1.1 (+https://developers.facebook.com/docs/sharing/webmasters/crawler))" 98 **0/98149**
74.7.243.247 - - [05/Aug/2026:01:42:40 -0700] "GET /?path=//proc/719607/root/proc/self/root/lib/systemd/system/sockets.target.wants HTTP/2.0" 200 2612 "https://focbs.com/?path=//proc/719607/root/proc/self/root/lib/systemd/system" "Mozilla/5.0 AppleWebKit/537.36 (KHTML, like Gecko; compatible; GPTBot/1.4; +https://openai.com/gptbot)" 106 **0/106116**
74.7.243.247 - - [05/Aug/2026:01:42:41 -0700] "GET /?path=//proc/719607/root/proc/self/root/lib/systemd/system/sysinit.target.wants HTTP/2.0" 200 2613 "https://focbs.com/?path=//proc/719607/root/proc/self/root/lib/systemd/system" "Mozilla/5.0 AppleWebKit/537.36 (KHTML, like Gecko; compatible; GPTBot/1.4; +https://openai.com/gptbot)" 116 **0/116515**
66.249.72.227 - - [05/Aug/2026:01:42:41 -0700] "GET /?p=18845533071100 HTTP/1.1" 200 18222 "-" "Mozilla/5.0 (Linux; Android 6.0.1; Nexus 5X Build/MMB29P) AppleWebKit/537.36 (KHTML, like Gecko) Chrome/150.0.7871.186 Mobile Safari/537.36 (compatible; Googlebot/2.1; +http://www.google.com/bot.html)" 336 **0/336650**
74.7.243.247 - - [05/Aug/2026:01:42:41 -0700] "GET /?path=//proc/719607/root/proc/self/root/lib/systemd/system/syslog.target.wants HTTP/2.0" 200 2611 "https://focbs.com/?path=//proc/719607/root/proc/self/root/lib/systemd/system" "Mozilla/5.0 AppleWebKit/537.36 (KHTML, like Gecko; compatible; GPTBot/1.4; +https://openai.com/gptbot)" 105 **0/105702**
57.141.18.109 - - [05/Aug/2026:01:42:42 -0700] "GET /2026/07/19/jak-aktywowac-voucher-free-spins-w-mostbet-dla-doswiadczonych-graczy/?fileloc=//lib64/libboost_regex.so.1.66.0&path=//lib64 HTTP/2.0" 200 2488 "-" "Mozilla/5.0 (Macintosh; Intel Mac OS X 10_15_7) AppleWebKit/537.36 (KHTML, like Gecko) Chrome/145.0.0.0 Safari/537.36 (compatible; meta-externalagent/1.1 (+https://developers.facebook.com/docs/sharing/webmasters/crawler))" 111 **0/111484**
74.7.243.247 - - [05/Aug/2026:01:42:42 -0700] "GET /?path=//proc/719607/cwd/proc/irq/65 HTTP/2.0" 200 2567 "https://focbs.com/?path=//proc/719607/cwd/proc/irq" "Mozilla/5.0 AppleWebKit/537.36 (KHTML, like Gecko; compatible; GPTBot/1.4; +https://openai.com/gptbot)" 110 **0/110563**
74.7.243.247 - - [05/Aug/2026:01:42:42 -0700] "GET /?path=//proc/719607/cwd/proc/irq/36 HTTP/2.0" 200 2567 "https://focbs.com/?path=//proc/719607/cwd/proc/irq" "Mozilla/5.0 AppleWebKit/537.36 (KHTML, like Gecko; compatible; GPTBot/1.4; +https://openai.com/gptbot)" 107 **0/107615**
57.141.18.42 - - [05/Aug/2026:01:42:43 -0700] "GET /2026/07/19/jak-aktywowac-voucher-free-spins-w-mostbet-dla-doswiadczonych-graczy/?fileloc=//lib64/libsoftokn3.so&path=//lib64 HTTP/2.0" 200 2479 "-" "Mozilla/5.0 (Windows NT 10.0; Win64; x64) AppleWebKit/537.36 (KHTML, like Gecko) Chrome/145.0.0.0 Safari/537.36 (compatible; meta-externalagent/1.1 (+https://developers.facebook.com/docs/sharing/webmasters/crawler))" 136 **0/136281**
74.7.243.247 - - [05/Aug/2026:01:42:43 -0700] "GET /?path=//proc/719607/cwd/proc/irq/10 HTTP/2.0" 200 2567 "https://focbs.com/?path=//proc/719607/cwd/proc/irq" "Mozilla/5.0 AppleWebKit/537.36 (KHTML, like Gecko; compatible; GPTBot/1.4; +https://openai.com/gptbot)" 107 **0/107357**
57.141.18.102 - - [05/Aug/2026:01:42:43 -0700] "GET /2026/07/19/utmaningar-for-casino-utan-svensk-licens-med-10-euro-insattningar-en-vaxande-oro/?fileloc=/home/l2pbkn5l6xav/mail/new/1695791318.M898205P3756812.a2plcpnl0805.prod.iad2.secureserver.net,S=3387,W=3449&path=/home/l2pbkn5l6xav/mail/new HTTP/2.0" 200 3926 "-" "Mozilla/5.0 (Windows NT 10.0; Win64; x64) AppleWebKit/537.36 (KHTML, like Gecko) Chrome/145.0.0.0 Safari/537.36 (compatible; meta-externalagent/1.1 (+https://developers.facebook.com/docs/sharing/webmasters/crawler))" 119 **0/119864**
216.73.216.114 - - [05/Aug/2026:01:42:43 -0700] "GET /?fileloc=%2F%2Fbin%2Ftset&path=%2F%2Fbin HTTP/2.0" 200 2471 "-" "Mozilla/5.0 AppleWebKit/537.36 (KHTML, like Gecko; compatible; ClaudeBot/1.0; +claudebot@anthropic.com)" 116 **0/116374**
57.141.18.120 - - [05/Aug/2026:01:42:43 -0700] "GET /2026/07/19/utmaningar-for-casino-utan-svensk-licens-med-10-euro-insattningar-en-vaxande-oro/?fileloc=/home/l2pbkn5l6xav/mail/new/1625714320.M931614P3440349.a2plcpnl0805.prod.iad2.secureserver.net,S=5206,W=5294&path=/home/l2pbkn5l6xav/mail/new HTTP/2.0" 200 4455 "-" "Mozilla/5.0 (Windows NT 10.0; Win64; x64) AppleWebKit/537.36 (KHTML, like Gecko) Chrome/145.0.0.0 Safari/537.36 (compatible; meta-externalagent/1.1 (+https://developers.facebook.com/docs/sharing/webmasters/crawler))" 117 **0/117140**
74.7.243.247 - - [05/Aug/2026:01:42:43 -0700] "GET /?path=//proc/719607/cwd/proc/irq/62 HTTP/2.0" 200 2567 "https://focbs.com/?path=//proc/719607/cwd/proc/irq" "Mozilla/5.0 AppleWebKit/537.36 (KHTML, like Gecko; compatible; GPTBot/1.4; +https://openai.com/gptbot)" 114 **0/114245**
74.7.243.247 - - [05/Aug/2026:01:42:44 -0700] "GET /?path=//proc/719607/cwd/proc/irq/13 HTTP/2.0" 200 2567 "https://focbs.com/?path=//proc/719607/cwd/proc/irq" "Mozilla/5.0 AppleWebKit/537.36 (KHTML, like Gecko; compatible; GPTBot/1.4; +https://openai.com/gptbot)" 134 **0/134412**
74.7.243.247 - - [05/Aug/2026:01:42:44 -0700] "GET /?path=//proc/719607/cwd/proc/irq/84 HTTP/2.0" 200 2567 "https://focbs.com/?path=//proc/719607/cwd/proc/irq" "Mozilla/5.0 AppleWebKit/537.36 (KHTML, like Gecko; compatible; GPTBot/1.4; +https://openai.com/gptbot)" 107 **0/107601**
74.7.243.247 - - [05/Aug/2026:01:42:45 -0700] "GET /?path=//proc/719607/cwd/proc/irq/81 HTTP/2.0" 200 2567 "https://focbs.com/?path=//proc/719607/cwd/proc/irq" "Mozilla/5.0 AppleWebKit/537.36 (KHTML, like Gecko; compatible; GPTBot/1.4; +https://openai.com/gptbot)" 110 **0/110537**
57.141.18.122 - - [05/Aug/2026:01:42:45 -0700] "GET /?path=//opt/alt/php73/usr HTTP/2.0" 200 2937 "-" "Mozilla/5.0 (X11; Linux x86_64) AppleWebKit/537.36 (KHTML, like Gecko) Chrome/145.0.0.0 Safari/537.36 (compatible; meta-externalagent/1.1 (+https://developers.facebook.com/docs/sharing/webmasters/crawler))" 104 **0/104973**
74.7.243.247 - - [05/Aug/2026:01:42:45 -0700] "GET /?path=//proc/719607/cwd/proc/irq/48 HTTP/2.0" 200 2567 "https://focbs.com/?path=//proc/719607/cwd/proc/irq" "Mozilla/5.0 AppleWebKit/537.36 (KHTML, like Gecko; compatible; GPTBot/1.4; +https://openai.com/gptbot)" 109 **0/109958**
83.217.213.120 - - [05/Aug/2026:01:42:46 -0700] "GET /2019/03/24/inauguration/?unapproved=3578&moderation-hash=5c26e0407525ca2094c2f1cc782fee39 HTTP/1.0" 200 7179 "https://focbs.com/2019/03/24/inauguration/?unapproved=3578&moderation-hash=5c26e0407525ca2094c2f1cc782fee39#comment-3578" "Mozilla/5.0 (Windows NT 10.0; Win64; x64) AppleWebKit/537.36 (KHTML, like Gecko) Chrome/131.0.0.0 Safari/537.36 Avast/131.0.0.0" 3 **0/3601**
57.141.18.35 - - [05/Aug/2026:01:42:46 -0700] "GET /2026/07/18/exploring-the-appeal-of-mostbet-oferuje-bogaty-wybor-gier-in-2023/?fileloc=/home/l2pbkn5l6xav/tmp/webalizer/usage_202504.html&path=/home/l2pbkn5l6xav/tmp/webalizer HTTP/2.0" 200 11857 "-" "Mozilla/5.0 (Windows NT 10.0; Win64; x64) AppleWebKit/537.36 (KHTML, like Gecko) Chrome/145.0.0.0 Safari/537.36 (compatible; meta-externalagent/1.1 (+https://developers.facebook.com/docs/sharing/webmasters/crawler))" 106 **0/106585**
74.7.243.247 - - [05/Aug/2026:01:42:46 -0700] "GET /?path=//proc/719607/cwd/proc/irq/78 HTTP/2.0" 200 2567 "https://focbs.com/?path=//proc/719607/cwd/proc/irq" "Mozilla/5.0 AppleWebKit/537.36 (KHTML, like Gecko; compatible; GPTBot/1.4; +https://openai.com/gptbot)" 107 **0/107195**
74.7.243.247 - - [05/Aug/2026:01:42:47 -0700] "GET /?path=//proc/719607/cwd/proc/irq/14 HTTP/2.0" 200 2567 "https://focbs.com/?path=//proc/719607/cwd/proc/irq" "Mozilla/5.0 AppleWebKit/537.36 (KHTML, like Gecko; compatible; GPTBot/1.4; +https://openai.com/gptbot)" 109 **0/109660**
57.141.18.28 - - [05/Aug/2026:01:42:47 -0700] "GET /2026/07/19/utmaningar-for-casino-utan-svensk-licens-med-10-euro-insattningar-en-vaxande-oro/?fileloc=/home/l2pbkn5l6xav/mail/new/1736060405.M674992P1685725.p3plzcpnl504740.prod.phx3.secureserver.net,S=4857,W=4948&path=/home/l2pbkn5l6xav/mail/new HTTP/2.0" 200 4343 "-" "Mozilla/5.0 (Windows NT 10.0; Win64; x64) AppleWebKit/537.36 (KHTML, like Gecko) Chrome/145.0.0.0 Safari/537.36 (compatible; meta-externalagent/1.1 (+https://developers.facebook.com/docs/sharing/webmasters/crawler))" 119 **0/119894**
74.7.243.247 - - [05/Aug/2026:01:42:47 -0700] "GET /?path=//proc/719607/cwd/proc/irq/56 HTTP/2.0" 200 2567 "https://focbs.com/?path=//proc/719607/cwd/proc/irq" "Mozilla/5.0 AppleWebKit/537.36 (KHTML, like Gecko; compatible; GPTBot/1.4; +https://openai.com/gptbot)" 114 **0/114344**
74.7.243.247 - - [05/Aug/2026:01:42:48 -0700] "GET /?path=//proc/719607/cwd/proc/irq/47 HTTP/2.0" 200 2566 "https://focbs.com/?path=//proc/719607/cwd/proc/irq" "Mozilla/5.0 AppleWebKit/537.36 (KHTML, like Gecko; compatible; GPTBot/1.4; +https://openai.com/gptbot)" 112 **0/112688**
74.7.243.247 - - [05/Aug/2026:01:42:48 -0700] "GET /?path=//proc/719607/cwd/proc/irq/85 HTTP/2.0" 200 2567 "https://focbs.com/?path=//proc/719607/cwd/proc/irq" "Mozilla/5.0 AppleWebKit/537.36 (KHTML, like Gecko; compatible; GPTBot/1.4; +https://openai.com/gptbot)" 111 **0/111289**
216.73.216.114 - - [05/Aug/2026:01:42:48 -0700] "GET /?fileloc=%2F%2Fusr%2Flib64%2Fpython3.6%2Flib2to3%2Fpgen2%2Fdriver.py&path=%2F%2Fusr%2Flib64%2Fpython3.6%2Flib2to3%2Fpgen2 HTTP/2.0" 200 4559 "-" "Mozilla/5.0 AppleWebKit/537.36 (KHTML, like Gecko; compatible; ClaudeBot/1.0; +claudebot@anthropic.com)" 139 **0/139354**
74.7.243.247 - - [05/Aug/2026:01:42:49 -0700] "GET /?path=//proc/719607/cwd/proc/irq/88 HTTP/2.0" 200 2567 "https://focbs.com/?path=//proc/719607/cwd/proc/irq" "Mozilla/5.0 AppleWebKit/537.36 (KHTML, like Gecko; compatible; GPTBot/1.4; +https://openai.com/gptbot)" 120 **0/120436**
57.141.18.29 - - [05/Aug/2026:01:42:49 -0700] "GET /2026/07/19/utmaningar-for-casino-utan-svensk-licens-med-10-euro-insattningar-en-vaxande-oro/?fileloc=/home/l2pbkn5l6xav/mail/new/1697645261.M636386P2058012.a2plcpnl0805.prod.iad2.secureserver.net,S=5423,W=5516&path=/home/l2pbkn5l6xav/mail/new HTTP/2.0" 200 4600 "-" "Mozilla/5.0 (Macintosh; Intel Mac OS X 10_15_7) AppleWebKit/537.36 (KHTML, like Gecko) Chrome/145.0.0.0 Safari/537.36 (compatible; meta-externalagent/1.1 (+https://developers.facebook.com/docs/sharing/webmasters/crawler))" 113 **0/113724**
74.7.243.247 - - [05/Aug/2026:01:42:49 -0700] "GET /?path=//proc/719607/cwd/proc/irq/25 HTTP/2.0" 200 2567 "https://focbs.com/?path=//proc/719607/cwd/proc/irq" "Mozilla/5.0 AppleWebKit/537.36 (KHTML, like Gecko; compatible; GPTBot/1.4; +https://openai.com/gptbot)" 114 **0/114535**
57.141.18.62 - - [05/Aug/2026:01:42:50 -0700] "GET /2026/07/19/utmaningar-for-casino-utan-svensk-licens-med-10-euro-insattningar-en-vaxande-oro/?fileloc=/home/l2pbkn5l6xav/mail/new/1750204702.M550719P2681781.p3plzcpnl504740.prod.phx3.secureserver.net,S=4683,W=4773&path=/home/l2pbkn5l6xav/mail/new HTTP/2.0" 200 4321 "-" "Mozilla/5.0 (Windows NT 10.0; Win64; x64) AppleWebKit/537.36 (KHTML, like Gecko) Chrome/145.0.0.0 Safari/537.36 (compatible; meta-externalagent/1.1 (+https://developers.facebook.com/docs/sharing/webmasters/crawler))" 120 **0/120341**
74.7.243.247 - - [05/Aug/2026:01:42:50 -0700] "GET /?path=//proc/719607/cwd/proc/irq/63 HTTP/2.0" 200 2567 "https://focbs.com/?path=//proc/719607/cwd/proc/irq" "Mozilla/5.0 AppleWebKit/537.36 (KHTML, like Gecko; compatible; GPTBot/1.4; +https://openai.com/gptbot)" 105 **0/105273**
74.7.243.247 - - [05/Aug/2026:01:42:50 -0700] "GET /?path=//proc/719607/cwd/proc/irq/69 HTTP/2.0" 200 2568 "https://focbs.com/?path=//proc/719607/cwd/proc/irq" "Mozilla/5.0 AppleWebKit/537.36 (KHTML, like Gecko; compatible; GPTBot/1.4; +https://openai.com/gptbot)" 109 **0/109855**
74.7.243.247 - - [05/Aug/2026:01:42:51 -0700] "GET /?path=//proc/719607/cwd/proc/irq/45 HTTP/2.0" 200 2567 "https://focbs.com/?path=//proc/719607/cwd/proc/irq" "Mozilla/5.0 AppleWebKit/537.36 (KHTML, like Gecko; compatible; GPTBot/1.4; +https://openai.com/gptbot)" 105 **0/105668**
57.141.18.88 - - [05/Aug/2026:01:42:51 -0700] "GET /2026/07/19/utmaningar-for-casino-utan-svensk-licens-med-10-euro-insattningar-en-vaxande-oro/?fileloc=/home/l2pbkn5l6xav/mail/new/1710880357.M598544P3819626.a2plcpnl0805.prod.iad2.secureserver.net,S=5343,W=5437&path=/home/l2pbkn5l6xav/mail/new HTTP/2.0" 200 4565 "-" "Mozilla/5.0 (Windows NT 10.0; Win64; x64) AppleWebKit/537.36 (KHTML, like Gecko) Chrome/145.0.0.0 Safari/537.36 (compatible; meta-externalagent/1.1 (+https://developers.facebook.com/docs/sharing/webmasters/crawler))" 118 **0/118563**
57.141.18.99 - - [05/Aug/2026:01:42:51 -0700] "GET /2026/07/19/utmaningar-for-casino-utan-svensk-licens-med-10-euro-insattningar-en-vaxande-oro/?fileloc=/home/l2pbkn5l6xav/mail/new/1730837887.M111037P4142381.p3plzcpnl504740.prod.phx3.secureserver.net,S=5514,W=5612&path=/home/l2pbkn5l6xav/mail/new HTTP/2.0" 200 4663 "-" "Mozilla/5.0 (Macintosh; Intel Mac OS X 10_15_7) AppleWebKit/537.36 (KHTML, like Gecko) Chrome/145.0.0.0 Safari/537.36 (compatible; meta-externalagent/1.1 (+https://developers.facebook.com/docs/sharing/webmasters/crawler))" 121 **0/121403**
74.7.243.247 - - [05/Aug/2026:01:42:51 -0700] "GET /?path=//proc/719607/cwd/proc/irq/57 HTTP/2.0" 200 2566 "https://focbs.com/?path=//proc/719607/cwd/proc/irq" "Mozilla/5.0 AppleWebKit/537.36 (KHTML, like Gecko; compatible; GPTBot/1.4; +https://openai.com/gptbot)" 117 **0/117289**
74.7.243.247 - - [05/Aug/2026:01:42:52 -0700] "GET /?path=//proc/719607/cwd/proc/irq/49 HTTP/2.0" 200 2568 "https://focbs.com/?path=//proc/719607/cwd/proc/irq" "Mozilla/5.0 AppleWebKit/537.36 (KHTML, like Gecko; compatible; GPTBot/1.4; +https://openai.com/gptbot)" 126 **0/126603**
74.7.243.247 - - [05/Aug/2026:01:42:52 -0700] "GET /?path=//proc/719607/cwd/proc/irq/64 HTTP/2.0" 200 2568 "https://focbs.com/?path=//proc/719607/cwd/proc/irq" "Mozilla/5.0 AppleWebKit/537.36 (KHTML, like Gecko; compatible; GPTBot/1.4; +https://openai.com/gptbot)" 111 **0/111171**
74.7.243.247 - - [05/Aug/2026:01:42:53 -0700] "GET /?path=//proc/719607/cwd/proc/irq/12 HTTP/2.0" 200 2567 "https://focbs.com/?path=//proc/719607/cwd/proc/irq" "Mozilla/5.0 AppleWebKit/537.36 (KHTML, like Gecko; compatible; GPTBot/1.4; +https://openai.com/gptbot)" 119 **0/119768**
57.141.18.93 - - [05/Aug/2026:01:42:53 -0700] "GET /2026/07/19/utmaningar-for-casino-utan-svensk-licens-med-10-euro-insattningar-en-vaxande-oro/?fileloc=/home/l2pbkn5l6xav/mail/new/1742143444.M63496P62803.p3plzcpnl504740.prod.phx3.secureserver.net,S=6594,W=6705&path=/home/l2pbkn5l6xav/mail/new HTTP/2.0" 200 4999 "-" "Mozilla/5.0 (Windows NT 10.0; Win64; x64) AppleWebKit/537.36 (KHTML, like Gecko) Chrome/145.0.0.0 Safari/537.36 (compatible; meta-externalagent/1.1 (+https://developers.facebook.com/docs/sharing/webmasters/crawler))" 124 **0/124746**
216.73.216.114 - - [05/Aug/2026:01:42:53 -0700] "GET /?fileloc=%2F%2Fproc%2Fself%2Fcwd%2Fwp-admin%2Fsite-editor.php&path=%2F%2Fproc%2Fself%2Fcwd%2Fwp-admin HTTP/2.0" 200 4132 "-" "Mozilla/5.0 AppleWebKit/537.36 (KHTML, like Gecko; compatible; ClaudeBot/1.0; +claudebot@anthropic.com)" 117 **0/117908**
57.141.18.40 - - [05/Aug/2026:01:42:53 -0700] "GET /2026/07/19/utmaningar-for-casino-utan-svensk-licens-med-10-euro-insattningar-en-vaxande-oro/?fileloc=/home/l2pbkn5l6xav/mail/new/1693786556.M958491P2090088.a2plcpnl0805.prod.iad2.secureserver.net,S=5392,W=5490&path=/home/l2pbkn5l6xav/mail/new HTTP/2.0" 200 4570 "-" "Mozilla/5.0 (Windows NT 10.0; Win64; x64) AppleWebKit/537.36 (KHTML, like Gecko) Chrome/145.0.0.0 Safari/537.36 (compatible; meta-externalagent/1.1 (+https://developers.facebook.com/docs/sharing/webmasters/crawler))" 120 **0/120850**
74.7.243.247 - - [05/Aug/2026:01:42:53 -0700] "GET /?path=//proc/719607/cwd/proc/irq/40 HTTP/2.0" 200 2567 "https://focbs.com/?path=//proc/719607/cwd/proc/irq" "Mozilla/5.0 AppleWebKit/537.36 (KHTML, like Gecko; compatible; GPTBot/1.4; +https://openai.com/gptbot)" 113 **0/113439**
74.7.243.247 - - [05/Aug/2026:01:42:54 -0700] "GET /?path=//proc/719607/cwd/proc/irq/89 HTTP/2.0" 200 2568 "https://focbs.com/?path=//proc/719607/cwd/proc/irq" "Mozilla/5.0 AppleWebKit/537.36 (KHTML, like Gecko; compatible; GPTBot/1.4; +https://openai.com/gptbot)" 113 **0/113677**
57.141.18.5 - - [05/Aug/2026:01:42:54 -0700] "GET /2026/07/18/exploring-the-appeal-of-mostbet-oferuje-bogaty-wybor-gier-in-2023/?fileloc=/home/l2pbkn5l6xav/www/wp-includes/class-wp-block-type.php&path=/home/l2pbkn5l6xav/www/wp-includes HTTP/2.0" 200 4832 "-" "Mozilla/5.0 (Macintosh; Intel Mac OS X 10_15_7) AppleWebKit/537.36 (KHTML, like Gecko) Chrome/145.0.0.0 Safari/537.36 (compatible; meta-externalagent/1.1 (+https://developers.facebook.com/docs/sharing/webmasters/crawler))" 122 **0/122240**
74.7.243.247 - - [05/Aug/2026:01:42:54 -0700] "GET /?path=//proc/719607/cwd/proc/irq/72 HTTP/2.0" 200 2567 "https://focbs.com/?path=//proc/719607/cwd/proc/irq" "Mozilla/5.0 AppleWebKit/537.36 (KHTML, like Gecko; compatible; GPTBot/1.4; +https://openai.com/gptbot)" 122 **0/122118**
57.141.18.123 - - [05/Aug/2026:01:42:54 -0700] "GET /2026/07/19/utmaningar-for-casino-utan-svensk-licens-med-10-euro-insattningar-en-vaxande-oro/?path=/home/l2pbkn5l6xav/mail/.Sent/new HTTP/2.0" 200 2548 "-" "Mozilla/5.0 (X11; Linux x86_64) AppleWebKit/537.36 (KHTML, like Gecko) Chrome/145.0.0.0 Safari/537.36 (compatible; meta-externalagent/1.1 (+https://developers.facebook.com/docs/sharing/webmasters/crawler))" 105 **0/105398**
74.7.243.247 - - [05/Aug/2026:01:42:55 -0700] "GET /?path=//proc/719607/cwd/proc/irq/26 HTTP/2.0" 200 2567 "https://focbs.com/?path=//proc/719607/cwd/proc/irq" "Mozilla/5.0 AppleWebKit/537.36 (KHTML, like Gecko; compatible; GPTBot/1.4; +https://openai.com/gptbot)" 134 **0/134460**
74.7.243.247 - - [05/Aug/2026:01:42:55 -0700] "GET /?path=//proc/719607/cwd/proc/irq/41 HTTP/2.0" 200 2567 "https://focbs.com/?path=//proc/719607/cwd/proc/irq" "Mozilla/5.0 AppleWebKit/537.36 (KHTML, like Gecko; compatible; GPTBot/1.4; +https://openai.com/gptbot)" 119 **0/119403**
74.7.243.247 - - [05/Aug/2026:01:42:56 -0700] "GET /?path=//proc/719607/cwd/proc/irq/68 HTTP/2.0" 200 2567 "https://focbs.com/?path=//proc/719607/cwd/proc/irq" "Mozilla/5.0 AppleWebKit/537.36 (KHTML, like Gecko; compatible; GPTBot/1.4; +https://openai.com/gptbot)" 120 **0/120269**
57.141.18.89 - - [05/Aug/2026:01:42:56 -0700] "GET /2026/07/19/jak-aktywowac-voucher-free-spins-w-mostbet-dla-doswiadczonych-graczy/?fileloc=//lib64/liblve.so.0&path=//lib64 HTTP/2.0" 200 2477 "-" "Mozilla/5.0 (Macintosh; Intel Mac OS X 10_15_7) AppleWebKit/537.36 (KHTML, like Gecko) Chrome/145.0.0.0 Safari/537.36 (compatible; meta-externalagent/1.1 (+https://developers.facebook.com/docs/sharing/webmasters/crawler))" 106 **0/106968**
57.141.18.41 - - [05/Aug/2026:01:42:57 -0700] "GET /2026/07/19/jak-aktywowac-voucher-free-spins-w-mostbet-dla-doswiadczonych-graczy/?fileloc=//lib64/libevent_openssl.so&path=//lib64 HTTP/2.0" 200 2486 "-" "Mozilla/5.0 (Windows NT 10.0; Win64; x64) AppleWebKit/537.36 (KHTML, like Gecko) Chrome/145.0.0.0 Safari/537.36 (compatible; meta-externalagent/1.1 (+https://developers.facebook.com/docs/sharing/webmasters/crawler))" 124 **0/124058**
74.7.243.247 - - [05/Aug/2026:01:42:57 -0700] "GET /?path=//proc/719607/cwd/proc/irq/52 HTTP/2.0" 200 2567 "https://focbs.com/?path=//proc/719607/cwd/proc/irq" "Mozilla/5.0 AppleWebKit/537.36 (KHTML, like Gecko; compatible; GPTBot/1.4; +https://openai.com/gptbot)" 131 **0/131089**
74.7.243.247 - - [05/Aug/2026:01:42:57 -0700] "GET /?path=//proc/719607/cwd/proc/irq/50 HTTP/2.0" 200 2567 "https://focbs.com/?path=//proc/719607/cwd/proc/irq" "Mozilla/5.0 AppleWebKit/537.36 (KHTML, like Gecko; compatible; GPTBot/1.4; +https://openai.com/gptbot)" 117 **0/117059**
74.7.243.247 - - [05/Aug/2026:01:42:58 -0700] "GET /?path=//proc/719607/cwd/proc/irq/90 HTTP/2.0" 200 2567 "https://focbs.com/?path=//proc/719607/cwd/proc/irq" "Mozilla/5.0 AppleWebKit/537.36 (KHTML, like Gecko; compatible; GPTBot/1.4; +https://openai.com/gptbot)" 122 **0/122200**
74.7.243.247 - - [05/Aug/2026:01:42:58 -0700] "GET /?path=//proc/719607/cwd/proc/irq/28 HTTP/2.0" 200 2567 "https://focbs.com/?path=//proc/719607/cwd/proc/irq" "Mozilla/5.0 AppleWebKit/537.36 (KHTML, like Gecko; compatible; GPTBot/1.4; +https://openai.com/gptbot)" 108 **0/108567**
216.73.216.114 - - [05/Aug/2026:01:42:58 -0700] "GET /?fileloc=%2F%2Fproc%2Fthread-self%2Fnet%2Fdev_snmp6%2Flo&path=%2F%2Fproc%2Fthread-self%2Fnet%2Fdev_snmp6 HTTP/2.0" 200 3030 "-" "Mozilla/5.0 AppleWebKit/537.36 (KHTML, like Gecko; compatible; ClaudeBot/1.0; +claudebot@anthropic.com)" 124 **0/124280**
57.141.18.112 - - [05/Aug/2026:01:42:58 -0700] "GET /2026/07/19/jak-aktywowac-voucher-free-spins-w-mostbet-dla-doswiadczonych-graczy/?fileloc=//lib64/libGLX_mesa.so.0&path=//lib64 HTTP/2.0" 200 2482 "-" "Mozilla/5.0 (Windows NT 10.0; Win64; x64) AppleWebKit/537.36 (KHTML, like Gecko) Chrome/145.0.0.0 Safari/537.36 (compatible; meta-externalagent/1.1 (+https://developers.facebook.com/docs/sharing/webmasters/crawler))" 109 **0/109254**
74.7.243.247 - - [05/Aug/2026:01:42:59 -0700] "GET /?path=//proc/719607/cwd/proc/irq/42 HTTP/2.0" 200 2567 "https://focbs.com/?path=//proc/719607/cwd/proc/irq" "Mozilla/5.0 AppleWebKit/537.36 (KHTML, like Gecko; compatible; GPTBot/1.4; +https://openai.com/gptbot)" 114 **0/114412**
57.141.18.59 - - [05/Aug/2026:01:42:59 -0700] "GET /2026/07/19/utmaningar-for-casino-utan-svensk-licens-med-10-euro-insattningar-en-vaxande-oro/?fileloc=/home/l2pbkn5l6xav/mail/new/1561480999.M719623P3629021.a2plcpnl0805.prod.iad2.secureserver.net,S=4901,W=4987&path=/home/l2pbkn5l6xav/mail/new HTTP/2.0" 200 4298 "-" "Mozilla/5.0 (Macintosh; Intel Mac OS X 10_15_7) AppleWebKit/537.36 (KHTML, like Gecko) Chrome/145.0.0.0 Safari/537.36 (compatible; meta-externalagent/1.1 (+https://developers.facebook.com/docs/sharing/webmasters/crawler))" 116 **0/116895**
74.7.243.247 - - [05/Aug/2026:01:42:59 -0700] "GET /?path=//proc/719607/cwd/proc/irq/59 HTTP/2.0" 200 2568 "https://focbs.com/?path=//proc/719607/cwd/proc/irq" "Mozilla/5.0 AppleWebKit/537.36 (KHTML, like Gecko; compatible; GPTBot/1.4; +https://openai.com/gptbot)" 119 **0/119822**
57.141.18.61 - - [05/Aug/2026:01:42:59 -0700] "GET /2026/07/19/jak-aktywowac-voucher-free-spins-w-mostbet-dla-doswiadczonych-graczy/?fileloc=//lib64/libmysqlclient_r.a&path=//lib64 HTTP/2.0" 200 2487 "-" "Mozilla/5.0 (X11; Linux x86_64) AppleWebKit/537.36 (KHTML, like Gecko) Chrome/145.0.0.0 Safari/537.36 (compatible; meta-externalagent/1.1 (+https://developers.facebook.com/docs/sharing/webmasters/crawler))" 111 **0/111285**
74.7.243.247 - - [05/Aug/2026:01:43:00 -0700] "GET /?path=//proc/719607/cwd/proc/irq/39 HTTP/2.0" 200 2568 "https://focbs.com/?path=//proc/719607/cwd/proc/irq" "Mozilla/5.0 AppleWebKit/537.36 (KHTML, like Gecko; compatible; GPTBot/1.4; +https://openai.com/gptbot)" 124 **0/124761**
74.7.243.247 - - [05/Aug/2026:01:43:00 -0700] "GET /?path=//proc/719607/cwd/proc/irq/46 HTTP/2.0" 200 2567 "https://focbs.com/?path=//proc/719607/cwd/proc/irq" "Mozilla/5.0 AppleWebKit/537.36 (KHTML, like Gecko; compatible; GPTBot/1.4; +https://openai.com/gptbot)" 110 **0/110381**
74.7.243.247 - - [05/Aug/2026:01:43:01 -0700] "GET /?path=//proc/719607/cwd/proc/irq/27 HTTP/2.0" 200 2566 "https://focbs.com/?path=//proc/719607/cwd/proc/irq" "Mozilla/5.0 AppleWebKit/537.36 (KHTML, like Gecko; compatible; GPTBot/1.4; +https://openai.com/gptbot)" 133 **0/133291**
57.141.18.106 - - [05/Aug/2026:01:43:01 -0700] "GET /2026/07/19/jak-aktywowac-voucher-free-spins-w-mostbet-dla-doswiadczonych-graczy/?fileloc=//lib64/libmodulemd.so.2&path=//lib64 HTTP/2.0" 200 2481 "-" "Mozilla/5.0 (Windows NT 10.0; Win64; x64) AppleWebKit/537.36 (KHTML, like Gecko) Chrome/145.0.0.0 Safari/537.36 (compatible; meta-externalagent/1.1 (+https://developers.facebook.com/docs/sharing/webmasters/crawler))" 144 **0/144377**
74.7.243.247 - - [05/Aug/2026:01:43:01 -0700] "GET /?path=//proc/719607/cwd/proc/irq/29 HTTP/2.0" 200 2568 "https://focbs.com/?path=//proc/719607/cwd/proc/irq" "Mozilla/5.0 AppleWebKit/537.36 (KHTML, like Gecko; compatible; GPTBot/1.4; +https://openai.com/gptbot)" 119 **0/119882**
74.7.243.247 - - [05/Aug/2026:01:43:02 -0700] "GET /?path=//proc/719607/cwd/proc/irq/58 HTTP/2.0" 200 2567 "https://focbs.com/?path=//proc/719607/cwd/proc/irq" "Mozilla/5.0 AppleWebKit/537.36 (KHTML, like Gecko; compatible; GPTBot/1.4; +https://openai.com/gptbot)" 129 **0/129790**
74.7.243.247 - - [05/Aug/2026:01:43:02 -0700] "GET /?path=//proc/719607/cwd/proc/irq/61 HTTP/2.0" 200 2567 "https://focbs.com/?path=//proc/719607/cwd/proc/irq" "Mozilla/5.0 AppleWebKit/537.36 (KHTML, like Gecko; compatible; GPTBot/1.4; +https://openai.com/gptbot)" 124 **0/124459**
57.141.18.117 - - [05/Aug/2026:01:43:02 -0700] "GET /2026/07/19/jak-aktywowac-voucher-free-spins-w-mostbet-dla-doswiadczonych-graczy/?fileloc=//lib64/libmana.so.1&path=//lib64 HTTP/2.0" 200 2478 "-" "Mozilla/5.0 (Windows NT 10.0; Win64; x64) AppleWebKit/537.36 (KHTML, like Gecko) Chrome/145.0.0.0 Safari/537.36 (compatible; meta-externalagent/1.1 (+https://developers.facebook.com/docs/sharing/webmasters/crawler))" 139 **0/139033**
74.7.243.247 - - [05/Aug/2026:01:43:03 -0700] "GET /?path=//proc/719607/cwd/proc/irq/32 HTTP/2.0" 200 2567 "https://focbs.com/?path=//proc/719607/cwd/proc/irq" "Mozilla/5.0 AppleWebKit/537.36 (KHTML, like Gecko; compatible; GPTBot/1.4; +https://openai.com/gptbot)" 123 **0/123470**
216.73.216.114 - - [05/Aug/2026:01:43:03 -0700] "GET /?fileloc=%2F%2Fproc%2Fthread-self%2Fcwd%2Fwp-includes%2Fkses.php&path=%2F%2Fproc%2Fthread-self%2Fcwd%2Fwp-includes HTTP/2.0" 200 19527 "-" "Mozilla/5.0 AppleWebKit/537.36 (KHTML, like Gecko; compatible; ClaudeBot/1.0; +claudebot@anthropic.com)" 132 **0/132815**
57.141.18.95 - - [05/Aug/2026:01:43:03 -0700] "GET /2026/07/19/jak-aktywowac-voucher-free-spins-w-mostbet-dla-doswiadczonych-graczy/?fileloc=//lib64/libkadm5srv.so&path=//lib64 HTTP/2.0" 200 2480 "-" "Mozilla/5.0 (Windows NT 10.0; Win64; x64) AppleWebKit/537.36 (KHTML, like Gecko) Chrome/145.0.0.0 Safari/537.36 (compatible; meta-externalagent/1.1 (+https://developers.facebook.com/docs/sharing/webmasters/crawler))" 119 **0/119947**
74.7.243.247 - - [05/Aug/2026:01:43:03 -0700] "GET /?path=//proc/719607/cwd/proc/irq/83 HTTP/2.0" 200 2567 "https://focbs.com/?path=//proc/719607/cwd/proc/irq" "Mozilla/5.0 AppleWebKit/537.36 (KHTML, like Gecko; compatible; GPTBot/1.4; +https://openai.com/gptbot)" 117 **0/117407**
57.141.18.10 - - [05/Aug/2026:01:43:04 -0700] "GET /2026/07/19/jak-aktywowac-voucher-free-spins-w-mostbet-dla-doswiadczonych-graczy/?fileloc=//lib64/libgnutls.so.30.28.2&path=//lib64 HTTP/2.0" 200 2484 "-" "Mozilla/5.0 (Windows NT 10.0; Win64; x64) AppleWebKit/537.36 (KHTML, like Gecko) Chrome/145.0.0.0 Safari/537.36 (compatible; meta-externalagent/1.1 (+https://developers.facebook.com/docs/sharing/webmasters/crawler))" 114 **0/114787**
74.7.243.247 - - [05/Aug/2026:01:43:04 -0700] "GET /?path=//proc/719607/cwd/proc/irq/35 HTTP/2.0" 200 2567 "https://focbs.com/?path=//proc/719607/cwd/proc/irq" "Mozilla/5.0 AppleWebKit/537.36 (KHTML, like Gecko; compatible; GPTBot/1.4; +https://openai.com/gptbot)" 118 **0/118924**
74.7.243.247 - - [05/Aug/2026:01:43:04 -0700] "GET /?path=//proc/719607/cwd/proc/irq/60 HTTP/2.0" 200 2567 "https://focbs.com/?path=//proc/719607/cwd/proc/irq" "Mozilla/5.0 AppleWebKit/537.36 (KHTML, like Gecko; compatible; GPTBot/1.4; +https://openai.com/gptbot)" 116 **0/116317**
74.7.243.247 - - [05/Aug/2026:01:43:05 -0700] "GET /?path=//proc/719607/cwd/proc/irq/33 HTTP/2.0" 200 2567 "https://focbs.com/?path=//proc/719607/cwd/proc/irq" "Mozilla/5.0 AppleWebKit/537.36 (KHTML, like Gecko; compatible; GPTBot/1.4; +https://openai.com/gptbot)" 110 **0/110657**
57.141.18.71 - - [05/Aug/2026:01:43:05 -0700] "GET /2026/07/19/jak-aktywowac-voucher-free-spins-w-mostbet-dla-doswiadczonych-graczy/?fileloc=//lib64/libgailutil.so.18.0.1&path=//lib64 HTTP/2.0" 200 2483 "-" "Mozilla/5.0 (Windows NT 10.0; Win64; x64) AppleWebKit/537.36 (KHTML, like Gecko) Chrome/145.0.0.0 Safari/537.36 (compatible; meta-externalagent/1.1 (+https://developers.facebook.com/docs/sharing/webmasters/crawler))" 108 **0/108913**
57.141.18.95 - - [05/Aug/2026:01:43:05 -0700] "GET /2026/07/19/jak-aktywowac-voucher-free-spins-w-mostbet-dla-doswiadczonych-graczy/?fileloc=//lib64/libdbus-glib-1.so.2&path=//lib64 HTTP/2.0" 200 2483 "-" "Mozilla/5.0 (Windows NT 10.0; Win64; x64) AppleWebKit/537.36 (KHTML, like Gecko) Chrome/145.0.0.0 Safari/537.36 (compatible; meta-externalagent/1.1 (+https://developers.facebook.com/docs/sharing/webmasters/crawler))" 216 **0/216350**
74.7.243.247 - - [05/Aug/2026:01:43:05 -0700] "GET /?path=//proc/719607/cwd/proc/irq/74 HTTP/2.0" 200 2567 "https://focbs.com/?path=//proc/719607/cwd/proc/irq" "Mozilla/5.0 AppleWebKit/537.36 (KHTML, like Gecko; compatible; GPTBot/1.4; +https://openai.com/gptbot)" 115 **0/115118**
74.7.243.247 - - [05/Aug/2026:01:43:06 -0700] "GET /?path=//proc/719607/cwd/proc/irq/75 HTTP/2.0" 200 2567 "https://focbs.com/?path=//proc/719607/cwd/proc/irq" "Mozilla/5.0 AppleWebKit/537.36 (KHTML, like Gecko; compatible; GPTBot/1.4; +https://openai.com/gptbot)" 118 **0/118995**
57.141.18.0 - - [05/Aug/2026:01:43:06 -0700] "GET /2026/07/18/wie-fange-ich-an-bei-sportwetten-ohne-oasis-fur-maximale-gewinne/?fileloc=//proc/thread-self/net/unix&path=//proc/thread-self/net HTTP/2.0" 200 14599 "-" "Mozilla/5.0 (X11; Linux x86_64) AppleWebKit/537.36 (KHTML, like Gecko) Chrome/145.0.0.0 Safari/537.36 (compatible; meta-externalagent/1.1 (+https://developers.facebook.com/docs/sharing/webmasters/crawler))" 119 **0/119627**
74.7.243.247 - - [05/Aug/2026:01:43:06 -0700] "GET /?path=//proc/719607/cwd/proc/irq/82 HTTP/2.0" 200 2567 "https://focbs.com/?path=//proc/719607/cwd/proc/irq" "Mozilla/5.0 AppleWebKit/537.36 (KHTML, like Gecko; compatible; GPTBot/1.4; +https://openai.com/gptbot)" 134 **0/134348**
57.141.18.38 - - [05/Aug/2026:01:43:07 -0700] "GET /2026/07/18/exploring-the-appeal-of-mostbet-oferuje-bogaty-wybor-gier-in-2023/?fileloc=//lib64/libgraphite2.so.3.0.1&path=//lib64 HTTP/2.0" 200 2485 "-" "Mozilla/5.0 (X11; Linux x86_64) AppleWebKit/537.36 (KHTML, like Gecko) Chrome/145.0.0.0 Safari/537.36 (compatible; meta-externalagent/1.1 (+https://developers.facebook.com/docs/sharing/webmasters/crawler))" 127 **0/127146**
74.7.243.247 - - [05/Aug/2026:01:43:07 -0700] "GET /?path=//proc/719607/cwd/proc/irq/31 HTTP/2.0" 200 2567 "https://focbs.com/?path=//proc/719607/cwd/proc/irq" "Mozilla/5.0 AppleWebKit/537.36 (KHTML, like Gecko; compatible; GPTBot/1.4; +https://openai.com/gptbot)" 109 **0/109276**
57.141.18.71 - - [05/Aug/2026:01:43:07 -0700] "GET /2026/07/19/utmaningar-for-casino-utan-svensk-licens-med-10-euro-insattningar-en-vaxande-oro/?fileloc=/home/l2pbkn5l6xav/mail/new/1607447242.M424874P4016138.a2plcpnl0805.prod.iad2.secureserver.net,S=5516,W=5605&path=/home/l2pbkn5l6xav/mail/new HTTP/2.0" 200 4566 "-" "Mozilla/5.0 (Windows NT 10.0; Win64; x64) AppleWebKit/537.36 (KHTML, like Gecko) Chrome/145.0.0.0 Safari/537.36 (compatible; meta-externalagent/1.1 (+https://developers.facebook.com/docs/sharing/webmasters/crawler))" 112 **0/112634**
74.7.243.247 - - [05/Aug/2026:01:43:08 -0700] "GET /?path=//proc/719607/cwd/proc/irq/54 HTTP/2.0" 200 2567 "https://focbs.com/?path=//proc/719607/cwd/proc/irq" "Mozilla/5.0 AppleWebKit/537.36 (KHTML, like Gecko; compatible; GPTBot/1.4; +https://openai.com/gptbot)" 103 **0/103796**
74.7.243.247 - - [05/Aug/2026:01:43:08 -0700] "GET /?path=//proc/719607/cwd/proc/irq/53 HTTP/2.0" 200 2567 "https://focbs.com/?path=//proc/719607/cwd/proc/irq" "Mozilla/5.0 AppleWebKit/537.36 (KHTML, like Gecko; compatible; GPTBot/1.4; +https://openai.com/gptbot)" 115 **0/115182**
216.73.216.114 - - [05/Aug/2026:01:43:08 -0700] "GET /?fileloc=%2F%2Fproc%2Fthread-self%2Fcwd%2Fwp-includes%2Fjs%2Fwp-pointer.min.js&path=%2F%2Fproc%2Fthread-self%2Fcwd%2Fwp-includes%2Fjs HTTP/2.0" 200 3863 "-" "Mozilla/5.0 AppleWebKit/537.36 (KHTML, like Gecko; compatible; ClaudeBot/1.0; +claudebot@anthropic.com)" 124 **0/124097**
57.141.18.96 - - [05/Aug/2026:01:43:08 -0700] "GET /2026/07/19/utmaningar-for-casino-utan-svensk-licens-med-10-euro-insattningar-en-vaxande-oro/?fileloc=/home/l2pbkn5l6xav/mail/new/1565134180.M611884P3578240.a2plcpnl0805.prod.iad2.secureserver.net,S=5391,W=5478&path=/home/l2pbkn5l6xav/mail/new HTTP/2.0" 200 4527 "-" "Mozilla/5.0 (Windows NT 10.0; Win64; x64) AppleWebKit/537.36 (KHTML, like Gecko) Chrome/145.0.0.0 Safari/537.36 (compatible; meta-externalagent/1.1 (+https://developers.facebook.com/docs/sharing/webmasters/crawler))" 120 **0/120619**
74.7.243.247 - - [05/Aug/2026:01:43:09 -0700] "GET /?path=//proc/719607/cwd/proc/irq/30 HTTP/2.0" 200 2567 "https://focbs.com/?path=//proc/719607/cwd/proc/irq" "Mozilla/5.0 AppleWebKit/537.36 (KHTML, like Gecko; compatible; GPTBot/1.4; +https://openai.com/gptbot)" 124 **0/124522**
74.7.243.247 - - [05/Aug/2026:01:43:09 -0700] "GET /?path=//proc/719607/cwd/proc/irq/55 HTTP/2.0" 200 2567 "https://focbs.com/?path=//proc/719607/cwd/proc/irq" "Mozilla/5.0 AppleWebKit/537.36 (KHTML, like Gecko; compatible; GPTBot/1.4; +https://openai.com/gptbot)" 102 **0/102142**
74.7.243.247 - - [05/Aug/2026:01:43:10 -0700] "GET /?path=//proc/719607/cwd/proc/irq/87 HTTP/2.0" 200 2566 "https://focbs.com/?path=//proc/719607/cwd/proc/irq" "Mozilla/5.0 AppleWebKit/537.36 (KHTML, like Gecko; compatible; GPTBot/1.4; +https://openai.com/gptbot)" 109 **0/109846**
57.141.18.90 - - [05/Aug/2026:01:43:10 -0700] "GET /2026/07/19/utmaningar-for-casino-utan-svensk-licens-med-10-euro-insattningar-en-vaxande-oro/?fileloc=/home/l2pbkn5l6xav/mail/new/1663591675.M952103P3525922.a2plcpnl0805.prod.iad2.secureserver.net,S=5550,W=5638&path=/home/l2pbkn5l6xav/mail/new HTTP/2.0" 200 4694 "-" "Mozilla/5.0 (Windows NT 10.0; Win64; x64) AppleWebKit/537.36 (KHTML, like Gecko) Chrome/145.0.0.0 Safari/537.36 (compatible; meta-externalagent/1.1 (+https://developers.facebook.com/docs/sharing/webmasters/crawler))" 222 **0/222294**
74.7.243.247 - - [05/Aug/2026:01:43:10 -0700] "GET /?path=//proc/719607/cwd/proc/irq/22 HTTP/2.0" 200 2567 "https://focbs.com/?path=//proc/719607/cwd/proc/irq" "Mozilla/5.0 AppleWebKit/537.36 (KHTML, like Gecko; compatible; GPTBot/1.4; +https://openai.com/gptbot)" 104 **0/104107**
57.141.18.7 - - [05/Aug/2026:01:43:10 -0700] "GET /2026/07/19/utmaningar-for-casino-utan-svensk-licens-med-10-euro-insattningar-en-vaxande-oro/?fileloc=/home/l2pbkn5l6xav/mail/new/1660344909.M225522P872955.a2plcpnl0805.prod.iad2.secureserver.net,S=9412,W=9551&path=/home/l2pbkn5l6xav/mail/new HTTP/2.0" 200 6712 "-" "Mozilla/5.0 (Windows NT 10.0; Win64; x64) AppleWebKit/537.36 (KHTML, like Gecko) Chrome/145.0.0.0 Safari/537.36 (compatible; meta-externalagent/1.1 (+https://developers.facebook.com/docs/sharing/webmasters/crawler))" 129 **0/129409**
74.7.243.247 - - [05/Aug/2026:01:43:11 -0700] "GET /?path=//proc/719607/cwd/proc/irq/44 HTTP/2.0" 200 2567 "https://focbs.com/?path=//proc/719607/cwd/proc/irq" "Mozilla/5.0 AppleWebKit/537.36 (KHTML, like Gecko; compatible; GPTBot/1.4; +https://openai.com/gptbot)" 109 **0/109815**
74.7.243.247 - - [05/Aug/2026:01:43:11 -0700] "GET /?path=//proc/719607/cwd/proc/irq/15 HTTP/2.0" 200 2567 "https://focbs.com/?path=//proc/719607/cwd/proc/irq" "Mozilla/5.0 AppleWebKit/537.36 (KHTML, like Gecko; compatible; GPTBot/1.4; +https://openai.com/gptbot)" 110 **0/110544**
74.7.243.247 - - [05/Aug/2026:01:43:12 -0700] "GET /?path=//proc/719607/cwd/proc/irq/37 HTTP/2.0" 200 2566 "https://focbs.com/?path=//proc/719607/cwd/proc/irq" "Mozilla/5.0 AppleWebKit/537.36 (KHTML, like Gecko; compatible; GPTBot/1.4; +https://openai.com/gptbot)" 113 **0/113842**
57.141.18.79 - - [05/Aug/2026:01:43:12 -0700] "GET /2026/07/19/utmaningar-for-casino-utan-svensk-licens-med-10-euro-insattningar-en-vaxande-oro/?fileloc=/home/l2pbkn5l6xav/mail/new/1740020778.M161618P2222453.p3plzcpnl504740.prod.phx3.secureserver.net,S=4820,W=4911&path=/home/l2pbkn5l6xav/mail/new HTTP/2.0" 200 4311 "-" "Mozilla/5.0 (Windows NT 10.0; Win64; x64) AppleWebKit/537.36 (KHTML, like Gecko) Chrome/145.0.0.0 Safari/537.36 (compatible; meta-externalagent/1.1 (+https://developers.facebook.com/docs/sharing/webmasters/crawler))" 120 **0/120773**
57.141.18.123 - - [05/Aug/2026:01:43:12 -0700] "GET /2026/07/18/wie-fange-ich-an-bei-sportwetten-ohne-oasis-fur-maximale-gewinne/?fileloc=//lib/locale/en_US.utf8/LC_NUMERIC&path=//lib/locale/en_US.utf8 HTTP/2.0" 200 2557 "-" "Mozilla/5.0 (Windows NT 10.0; Win64; x64) AppleWebKit/537.36 (KHTML, like Gecko) Chrome/145.0.0.0 Safari/537.36 Edg/145.0.0.0 (compatible; meta-externalagent/1.1 (+https://developers.facebook.com/docs/sharing/webmasters/crawler))" 106 **0/106260**
74.7.243.247 - - [05/Aug/2026:01:43:12 -0700] "GET /?path=//proc/719607/cwd/proc/irq/80 HTTP/2.0" 200 2568 "https://focbs.com/?path=//proc/719607/cwd/proc/irq" "Mozilla/5.0 AppleWebKit/537.36 (KHTML, like Gecko; compatible; GPTBot/1.4; +https://openai.com/gptbot)" 114 **0/114054**
57.141.18.116 - - [05/Aug/2026:01:43:12 -0700] "GET /2026/07/19/utmaningar-for-casino-utan-svensk-licens-med-10-euro-insattningar-en-vaxande-oro/?fileloc=/home/l2pbkn5l6xav/mail/new/1706335237.M638P2023326.a2plcpnl0805.prod.iad2.secureserver.net,S=10447,W=10568&path=/home/l2pbkn5l6xav/mail/new HTTP/2.0" 200 7144 "-" "Mozilla/5.0 (Macintosh; Intel Mac OS X 10_15_7) AppleWebKit/537.36 (KHTML, like Gecko) Chrome/145.0.0.0 Safari/537.36 (compatible; meta-externalagent/1.1 (+https://developers.facebook.com/docs/sharing/webmasters/crawler))" 115 **0/115966**
74.7.243.247 - - [05/Aug/2026:01:43:13 -0700] "GET /?path=//proc/719607/cwd/proc/irq/34 HTTP/2.0" 200 2568 "https://focbs.com/?path=//proc/719607/cwd/proc/irq" "Mozilla/5.0 AppleWebKit/537.36 (KHTML, like Gecko; compatible; GPTBot/1.4; +https://openai.com/gptbot)" 120 **0/120221**
66.249.72.227 - - [05/Aug/2026:01:43:13 -0700] "GET /?p=39539352671100 HTTP/1.1" 200 18222 "-" "Mozilla/5.0 (Linux; Android 6.0.1; Nexus 5X Build/MMB29P) AppleWebKit/537.36 (KHTML, like Gecko) Chrome/150.0.7871.186 Mobile Safari/537.36 (compatible; Googlebot/2.1; +http://www.google.com/bot.html)" 310 **0/310696**
216.73.216.114 - - [05/Aug/2026:01:43:13 -0700] "GET /?fileloc=%2F%2Fusr%2Flib64%2Fpython3.12%2Flib2to3%2Ffixes%2F__pycache__%2Ffix_numliterals.cpython-312.opt-1.pyc&path=%2F%2Fusr%2Flib64%2Fpython3.12%2Flib2to3%2Ffixes%2F__pycache__ HTTP/2.0" 200 2555 "-" "Mozilla/5.0 AppleWebKit/537.36 (KHTML, like Gecko; compatible; ClaudeBot/1.0; +claudebot@anthropic.com)" 112 **0/112507**
74.7.243.247 - - [05/Aug/2026:01:43:13 -0700] "GET /?path=//proc/719607/cwd/proc/irq/51 HTTP/2.0" 200 2567 "https://focbs.com/?path=//proc/719607/cwd/proc/irq" "Mozilla/5.0 AppleWebKit/537.36 (KHTML, like Gecko; compatible; GPTBot/1.4; +https://openai.com/gptbot)" 119 **0/119263**
74.7.243.247 - - [05/Aug/2026:01:43:14 -0700] "GET /?path=//proc/719607/cwd/proc/irq/73 HTTP/2.0" 200 2567 "https://focbs.com/?path=//proc/719607/cwd/proc/irq" "Mozilla/5.0 AppleWebKit/537.36 (KHTML, like Gecko; compatible; GPTBot/1.4; +https://openai.com/gptbot)" 113 **0/113896**
57.141.18.19 - - [05/Aug/2026:01:43:14 -0700] "GET /2026/07/19/utmaningar-for-casino-utan-svensk-licens-med-10-euro-insattningar-en-vaxande-oro/?fileloc=/home/l2pbkn5l6xav/mail/new/1689970093.M396666P4016595.a2plcpnl0805.prod.iad2.secureserver.net,S=3342,W=3404&path=/home/l2pbkn5l6xav/mail/new HTTP/2.0" 200 3882 "-" "Mozilla/5.0 (Macintosh; Intel Mac OS X 10_15_7) AppleWebKit/537.36 (KHTML, like Gecko) Chrome/145.0.0.0 Safari/537.36 (compatible; meta-externalagent/1.1 (+https://developers.facebook.com/docs/sharing/webmasters/crawler))" 113 **0/113196**
57.141.18.45 - - [05/Aug/2026:01:43:14 -0700] "GET /2026/07/19/utmaningar-for-casino-utan-svensk-licens-med-10-euro-insattningar-en-vaxande-oro/?fileloc=/home/l2pbkn5l6xav/mail/new/1613278809.M3775P1729510.a2plcpnl0805.prod.iad2.secureserver.net,S=5235,W=5322&path=/home/l2pbkn5l6xav/mail/new HTTP/2.0" 200 4483 "-" "Mozilla/5.0 (Windows NT 10.0; Win64; x64) AppleWebKit/537.36 (KHTML, like Gecko) Chrome/145.0.0.0 Safari/537.36 (compatible; meta-externalagent/1.1 (+https://developers.facebook.com/docs/sharing/webmasters/crawler))" 116 **0/116402**
74.7.243.247 - - [05/Aug/2026:01:43:14 -0700] "GET /?path=//proc/719607/cwd/proc/irq/16 HTTP/2.0" 200 2567 "https://focbs.com/?path=//proc/719607/cwd/proc/irq" "Mozilla/5.0 AppleWebKit/537.36 (KHTML, like Gecko; compatible; GPTBot/1.4; +https://openai.com/gptbot)" 120 **0/120285**
57.141.18.32 - - [05/Aug/2026:01:43:14 -0700] "GET /2026/07/18/wie-fange-ich-an-bei-sportwetten-ohne-oasis-fur-maximale-gewinne/?fileloc=/home/l2pbkn5l6xav/mail/new/1664915110.M210697P995504.a2plcpnl0805.prod.iad2.secureserver.net,S=5350,W=5438&path=/home/l2pbkn5l6xav/mail/new HTTP/2.0" 200 4565 "-" "Mozilla/5.0 (Windows NT 10.0; Win64; x64) AppleWebKit/537.36 (KHTML, like Gecko) Chrome/145.0.0.0 Safari/537.36 (compatible; meta-externalagent/1.1 (+https://developers.facebook.com/docs/sharing/webmasters/crawler))" 132 **0/132150**
74.7.243.247 - - [05/Aug/2026:01:43:15 -0700] "GET /?path=//proc/719607/cwd/proc/irq/86 HTTP/2.0" 200 2567 "https://focbs.com/?path=//proc/719607/cwd/proc/irq" "Mozilla/5.0 AppleWebKit/537.36 (KHTML, like Gecko; compatible; GPTBot/1.4; +https://openai.com/gptbot)" 109 **0/109449**
74.7.243.247 - - [05/Aug/2026:01:43:15 -0700] "GET /?path=//proc/719607/cwd/proc/irq/43 HTTP/2.0" 200 2567 "https://focbs.com/?path=//proc/719607/cwd/proc/irq" "Mozilla/5.0 AppleWebKit/537.36 (KHTML, like Gecko; compatible; GPTBot/1.4; +https://openai.com/gptbot)" 107 **0/107214**
57.141.18.43 - - [05/Aug/2026:01:43:16 -0700] "GET /2026/07/18/exploring-the-appeal-of-mostbet-oferuje-bogaty-wybor-gier-in-2023/?fileloc=/home/l2pbkn5l6xav/public_html/wp-includes/sodium_compat/src/Core32/Salsa20.php&path=/home/l2pbkn5l6xav/public_html/wp-includes/sodium_compat/src/Core32 HTTP/2.0" 200 4471 "-" "Mozilla/5.0 (Windows NT 10.0; Win64; x64) AppleWebKit/537.36 (KHTML, like Gecko) Chrome/145.0.0.0 Safari/537.36 (compatible; meta-externalagent/1.1 (+https://developers.facebook.com/docs/sharing/webmasters/crawler))" 119 **0/119108**
74.7.243.247 - - [05/Aug/2026:01:43:16 -0700] "GET /?path=//proc/719607/cwd/proc/irq/24 HTTP/2.0" 200 2567 "https://focbs.com/?path=//proc/719607/cwd/proc/irq" "Mozilla/5.0 AppleWebKit/537.36 (KHTML, like Gecko; compatible; GPTBot/1.4; +https://openai.com/gptbot)" 106 **0/106806**
74.7.243.247 - - [05/Aug/2026:01:43:16 -0700] "GET /?path=//proc/719607/cwd/proc/irq/38 HTTP/2.0" 200 2567 "https://focbs.com/?path=//proc/719607/cwd/proc/irq" "Mozilla/5.0 AppleWebKit/537.36 (KHTML, like Gecko; compatible; GPTBot/1.4; +https://openai.com/gptbot)" 115 **0/115621**
57.141.18.71 - - [05/Aug/2026:01:43:17 -0700] "GET /2026/07/19/wskazowki-dla-poczatkujacych-w-pokerze-jak-czytac-graczy/?fileloc=/home/l2pbkn5l6xav/public_html/wp-includes/rest-api/fields/class-wp-rest-post-meta-fields.php&path=/home/l2pbkn5l6xav/public_html/wp-includes/rest-api/fields HTTP/2.0" 200 2948 "-" "Mozilla/5.0 (Windows NT 10.0; Win64; x64) AppleWebKit/537.36 (KHTML, like Gecko) Chrome/145.0.0.0 Safari/537.36 (compatible; meta-externalagent/1.1 (+https://developers.facebook.com/docs/sharing/webmasters/crawler))" 106 **0/106647**
74.7.243.247 - - [05/Aug/2026:01:43:17 -0700] "GET /?path=//proc/719607/root/proc/self/root/lib/firmware/HP HTTP/2.0" 200 2596 "https://focbs.com/?path=//proc/719607/root/proc/self/root/lib/firmware" "Mozilla/5.0 AppleWebKit/537.36 (KHTML, like Gecko; compatible; GPTBot/1.4; +https://openai.com/gptbot)" 108 **0/108975**
74.7.243.247 - - [05/Aug/2026:01:43:18 -0700] "GET /?path=//proc/irq/7 HTTP/2.0" 200 3035 "https://focbs.com/?path=//proc/irq" "Mozilla/5.0 AppleWebKit/537.36 (KHTML, like Gecko; compatible; GPTBot/1.4; +https://openai.com/gptbot)" 108 **0/108482**
